Last updated on 2024-04-08 08:55:59 CEST.
Flavor | Version | Tinstall | Tcheck | Ttotal | Status | Flags |
---|---|---|---|---|---|---|
r-devel-linux-x86_64-debian-clang | 3.9.1 | 7.79 | 221.97 | 229.76 | OK | |
r-devel-linux-x86_64-debian-gcc | 3.9.1 | 5.12 | 164.57 | 169.69 | OK | |
r-devel-linux-x86_64-fedora-clang | 3.9.1 | 263.41 | NOTE | |||
r-devel-linux-x86_64-fedora-gcc | 3.9.1 | 279.78 | NOTE | |||
r-devel-windows-x86_64 | 3.9.1 | 9.00 | 234.00 | 243.00 | OK | |
r-patched-linux-x86_64 | 3.9.1 | 6.24 | 208.15 | 214.39 | OK | |
r-release-linux-x86_64 | 3.9.1 | 4.57 | 200.31 | 204.88 | OK | |
r-release-macos-arm64 | 3.9.1 | 136.00 | OK | |||
r-release-macos-x86_64 | 3.9.1 | 221.00 | OK | |||
r-release-windows-x86_64 | 3.9.1 | 10.00 | 292.00 | 302.00 | OK | |
r-oldrel-macos-arm64 | 3.9.1 | 118.00 | OK | |||
r-oldrel-windows-x86_64 | 3.9.1 | 10.00 | 277.00 | 287.00 | OK |
Version: 3.9.1
Check: dependencies in R code
Result: NOTE
Namespace in Imports field not imported from: ‘tidyr’
All declared Imports should be used.
Flavors: r-devel-linux-x86_64-fedora-clang, r-devel-linux-x86_64-fedora-gcc