Last updated on 2024-04-12 12:53:22 CEST.
Flavor | Version | Tinstall | Tcheck | Ttotal | Status | Flags |
---|---|---|---|---|---|---|
r-devel-linux-x86_64-debian-clang | 0.0-2 | 2.34 | 24.61 | 26.95 | NOTE | |
r-devel-linux-x86_64-debian-gcc | 0.0-2 | 1.74 | 19.35 | 21.09 | NOTE | |
r-devel-linux-x86_64-fedora-clang | 0.0-2 | 34.08 | NOTE | |||
r-devel-linux-x86_64-fedora-gcc | 0.0-2 | 33.07 | NOTE | |||
r-devel-windows-x86_64 | 0.0-2 | 3.00 | 41.00 | 44.00 | NOTE | |
r-patched-linux-x86_64 | 0.0-2 | 1.66 | 25.03 | 26.69 | NOTE | |
r-release-linux-x86_64 | 0.0-2 | 1.94 | 23.48 | 25.42 | NOTE | |
r-release-macos-arm64 | 0.0-2 | 16.00 | NOTE | |||
r-release-macos-x86_64 | 0.0-2 | 20.00 | NOTE | |||
r-release-windows-x86_64 | 0.0-2 | 3.00 | 40.00 | 43.00 | NOTE | |
r-oldrel-macos-arm64 | 0.0-2 | 17.00 | NOTE | |||
r-oldrel-windows-x86_64 | 0.0-2 | 4.00 | 44.00 | 48.00 | NOTE |
Version: 0.0-2
Check: LazyData
Result: NOTE
'LazyData' is specified without a 'data' directory
Flavors: r-devel-linux-x86_64-debian-clang, r-devel-linux-x86_64-debian-gcc, r-devel-linux-x86_64-fedora-clang, r-devel-linux-x86_64-fedora-gcc, r-devel-windows-x86_64, r-patched-linux-x86_64, r-release-linux-x86_64, r-release-macos-arm64, r-release-macos-x86_64, r-release-windows-x86_64, r-oldrel-macos-arm64, r-oldrel-windows-x86_64