Last updated on 2024-04-20 09:56:05 CEST.
| Flavor | Version | Tinstall | Tcheck | Ttotal | Status | Flags | 
|---|---|---|---|---|---|---|
| r-devel-linux-x86_64-debian-clang | 1.19 | 11.43 | 106.08 | 117.51 | NOTE | |
| r-devel-linux-x86_64-debian-gcc | 1.19 | 10.71 | 70.61 | 81.32 | NOTE | |
| r-devel-linux-x86_64-fedora-clang | 1.19 | 141.25 | NOTE | |||
| r-devel-linux-x86_64-fedora-gcc | 1.19 | 140.47 | NOTE | |||
| r-prerel-macos-arm64 | 1.19 | 32.00 | NOTE | |||
| r-prerel-windows-x86_64 | 1.19 | 11.00 | 87.00 | 98.00 | NOTE | |
| r-patched-linux-x86_64 | 1.19 | 15.77 | 98.08 | 113.85 | NOTE | |
| r-release-linux-x86_64 | 1.19 | 12.27 | 100.49 | 112.76 | OK | |
| r-release-macos-arm64 | 1.19 | 35.00 | OK | |||
| r-release-macos-x86_64 | 1.19 | 63.00 | OK | |||
| r-release-windows-x86_64 | 1.19 | 11.00 | 104.00 | 115.00 | OK | |
| r-oldrel-macos-arm64 | 1.19 | 34.00 | OK | |||
| r-oldrel-windows-x86_64 | 1.19 | 16.00 | 105.00 | 121.00 | OK | 
Version: 1.19
Check: Rd files
Result: NOTE
  checkRd: (-1) init.theta.MSAR.Rd:56: Lost braces
      56 | with \eqn{Z} the covariate and eqn{d_Z} its dimension (number of covariates)
         |                                   ^
  checkRd: (-1) test.model.MSAR.Rd:47: Lost braces
      47 |         Marginal distribution: {\deqn{ S = \int_{-\infty}^{\infty} \left| F_n(x)-F(x) \right| dx} } 
         |                                ^
  checkRd: (-1) test.model.MSAR.Rd:49: Lost braces
      49 |         Marginal distribution, based on Anderson Darling statistic: {\deqn{ S = \int_{-\infty}^{\infty} \left| \frac{F_n(x)-F(x)}{F(x)(1-F(x))} \right| dx} } 
         |                                                                     ^
  checkRd: (-1) test.model.MSAR.Rd:51: Lost braces
      51 |                 Correlation function: {\deqn{ S = \int_0^L\left|C_n(l)-C(l)\right|dl} } 
         |                                       ^
Flavors: r-devel-linux-x86_64-debian-clang, r-devel-linux-x86_64-debian-gcc, r-devel-linux-x86_64-fedora-clang, r-devel-linux-x86_64-fedora-gcc, r-prerel-macos-arm64, r-prerel-windows-x86_64, r-patched-linux-x86_64
Version: 1.19
Check: Rd metadata
Result: NOTE
  Invalid package aliases in Rd file 'NH-MSAR-package.Rd':
    ‘NH-MSAR-package’
Flavors: r-devel-linux-x86_64-debian-clang, r-devel-linux-x86_64-debian-gcc, r-devel-linux-x86_64-fedora-clang, r-devel-linux-x86_64-fedora-gcc, r-prerel-macos-arm64, r-prerel-windows-x86_64, r-patched-linux-x86_64
Version: 1.19
Check: Rd contents
Result: NOTE
  Argument items with no description in Rd file 'ENu_graph.Rd':
    ‘N.s.data’
  Argument items with no description in Rd file 'Estep.MSAR.VM.Rd':
    ‘verbose’
  Auto-generated content requiring editing in Rd file 'NH-MSAR-package.Rd':
    \details: ‘...the package, including the most important ~~ ~~ functions ~~’
  Argument items with no description in Rd file 'init.theta.MSAR.Rd':
    ‘\dots’
  Argument items with no description in Rd file 'init.theta.MSAR.VM.Rd':
    ‘\dots’
Flavors: r-devel-linux-x86_64-debian-clang, r-devel-linux-x86_64-debian-gcc, r-devel-linux-x86_64-fedora-clang, r-devel-linux-x86_64-fedora-gcc, r-prerel-macos-arm64, r-prerel-windows-x86_64, r-patched-linux-x86_64