Last updated on 2024-04-20 10:52:46 CEST.
Flavor | Version | Tinstall | Tcheck | Ttotal | Status | Flags |
---|---|---|---|---|---|---|
r-devel-linux-x86_64-debian-clang | 0.1.1 | 10.04 | 99.38 | 109.42 | NOTE | |
r-devel-linux-x86_64-debian-gcc | 0.1.1 | 8.45 | 74.71 | 83.16 | NOTE | |
r-devel-linux-x86_64-fedora-clang | 0.1.1 | 142.76 | NOTE | |||
r-devel-linux-x86_64-fedora-gcc | 0.1.1 | 132.99 | NOTE | |||
r-prerel-macos-arm64 | 0.1.1 | 41.00 | NOTE | |||
r-prerel-windows-x86_64 | 0.1.1 | 10.00 | 89.00 | 99.00 | NOTE | |
r-patched-linux-x86_64 | 0.1.1 | 9.76 | 95.44 | 105.20 | NOTE | |
r-release-linux-x86_64 | 0.1.1 | 11.84 | 96.82 | 108.66 | OK | |
r-release-macos-arm64 | 0.1.1 | 51.00 | OK | |||
r-release-macos-x86_64 | 0.1.1 | 76.00 | OK | |||
r-release-windows-x86_64 | 0.1.1 | 12.00 | 110.00 | 122.00 | OK | |
r-oldrel-macos-arm64 | 0.1.1 | 42.00 | OK | |||
r-oldrel-windows-x86_64 | 0.1.1 | 13.00 | 114.00 | 127.00 | OK |
Version: 0.1.1
Check: Rd \usage sections
Result: NOTE
Documented arguments not in \usage in Rd file 'lagm.Rd':
‘x’
Functions with \usage entries need to have the appropriate \alias
entries, and all their arguments documented.
The \usage entries must correspond to syntactically valid R code.
See chapter ‘Writing R documentation files’ in the ‘Writing R
Extensions’ manual.
Flavors: r-devel-linux-x86_64-debian-clang, r-devel-linux-x86_64-debian-gcc, r-devel-linux-x86_64-fedora-clang, r-devel-linux-x86_64-fedora-gcc, r-prerel-macos-arm64, r-prerel-windows-x86_64, r-patched-linux-x86_64