Last updated on 2024-04-20 10:52:48 CEST.
Flavor | Version | Tinstall | Tcheck | Ttotal | Status | Flags |
---|---|---|---|---|---|---|
r-devel-linux-x86_64-debian-clang | 0.8.2 | 2.21 | 25.65 | 27.86 | NOTE | |
r-devel-linux-x86_64-debian-gcc | 0.8.2 | 1.77 | 19.68 | 21.45 | NOTE | |
r-devel-linux-x86_64-fedora-clang | 0.8.2 | 35.24 | NOTE | |||
r-devel-linux-x86_64-fedora-gcc | 0.8.2 | 270.98 | NOTE | |||
r-prerel-macos-arm64 | 0.8.2 | 342.00 | NOTE | |||
r-prerel-windows-x86_64 | 0.8.2 | 4.00 | 41.00 | 45.00 | NOTE | |
r-patched-linux-x86_64 | 0.8.2 | 2.38 | 24.45 | 26.83 | NOTE | |
r-release-linux-x86_64 | 0.8.2 | 1.44 | 24.71 | 26.15 | OK | |
r-release-macos-arm64 | 0.8.2 | 160.00 | OK | |||
r-release-macos-x86_64 | 0.8.2 | 747.00 | OK | |||
r-release-windows-x86_64 | 0.8.2 | 3.00 | 43.00 | 46.00 | OK | |
r-oldrel-macos-arm64 | 0.8.2 | 239.00 | OK | |||
r-oldrel-windows-x86_64 | 0.8.2 | 4.00 | 48.00 | 52.00 | OK |
Version: 0.8.2
Check: Rd contents
Result: NOTE
Auto-generated content requiring editing in Rd file 'RDocumentation-package.Rd':
\details: ‘...o use the package, including the most important functions ~~’
Flavors: r-devel-linux-x86_64-debian-clang, r-devel-linux-x86_64-debian-gcc, r-devel-linux-x86_64-fedora-clang, r-devel-linux-x86_64-fedora-gcc, r-prerel-macos-arm64, r-prerel-windows-x86_64, r-patched-linux-x86_64