Last updated on 2024-04-20 11:50:34 CEST.
| Flavor | Version | Tinstall | Tcheck | Ttotal | Status | Flags | 
|---|---|---|---|---|---|---|
| r-devel-linux-x86_64-debian-clang | 1.19.52 | 73.37 | 207.32 | 280.69 | OK | |
| r-devel-linux-x86_64-debian-gcc | 1.19.52 | 63.99 | 153.34 | 217.33 | OK | |
| r-devel-linux-x86_64-fedora-clang | 1.19.52 | 354.93 | OK | |||
| r-devel-linux-x86_64-fedora-gcc | 1.19.52 | 354.71 | OK | |||
| r-prerel-macos-arm64 | 1.19.52 | 112.00 | NOTE | |||
| r-prerel-windows-x86_64 | 1.19.52 | 64.00 | 178.00 | 242.00 | OK | |
| r-patched-linux-x86_64 | 1.19.52 | 76.99 | 190.44 | 267.43 | OK | |
| r-release-linux-x86_64 | 1.19.52 | 62.77 | 198.81 | 261.58 | OK | |
| r-release-macos-arm64 | 1.19.52 | 123.00 | OK | |||
| r-release-macos-x86_64 | 1.19.52 | 188.00 | NOTE | |||
| r-release-windows-x86_64 | 1.19.52 | 87.00 | 230.00 | 317.00 | OK | |
| r-oldrel-macos-arm64 | 1.19.52 | 123.00 | OK | |||
| r-oldrel-windows-x86_64 | 1.19.52 | 90.00 | 224.00 | 314.00 | OK | 
Version: 1.19.52
Check: installed package size
Result: NOTE
    installed size is  5.3Mb
    sub-directories of 1Mb or more:
      data   4.7Mb
Flavors: r-prerel-macos-arm64, r-release-macos-x86_64