Last updated on 2024-04-20 10:52:33 CEST.
| Flavor | Version | Tinstall | Tcheck | Ttotal | Status | Flags | 
|---|---|---|---|---|---|---|
| r-devel-linux-x86_64-debian-clang | 1.1 | 17.48 | 92.88 | 110.36 | NOTE | |
| r-devel-linux-x86_64-debian-gcc | 1.1 | 13.38 | 68.94 | 82.32 | NOTE | |
| r-devel-linux-x86_64-fedora-clang | 1.1 | 141.96 | NOTE | |||
| r-devel-linux-x86_64-fedora-gcc | 1.1 | 132.28 | NOTE | |||
| r-prerel-macos-arm64 | 1.1 | 35.00 | NOTE | |||
| r-prerel-windows-x86_64 | 1.1 | 15.00 | 89.00 | 104.00 | NOTE | |
| r-patched-linux-x86_64 | 1.1 | 18.18 | 89.48 | 107.66 | NOTE | |
| r-release-linux-x86_64 | 1.1 | 9.58 | 91.09 | 100.67 | NOTE | |
| r-release-macos-arm64 | 1.1 | 36.00 | NOTE | |||
| r-release-macos-x86_64 | 1.1 | 59.00 | NOTE | |||
| r-release-windows-x86_64 | 1.1 | 19.00 | 99.00 | 118.00 | NOTE | |
| r-oldrel-macos-arm64 | 1.1 | 31.00 | NOTE | |||
| r-oldrel-windows-x86_64 | 1.1 | 19.00 | 102.00 | 121.00 | NOTE | 
Version: 1.1
Check: Rd files
Result: NOTE
  checkRd: (-1) colBoxplot4.Rd:14: Lost braces; missing escapes or markup?
      14 | \item{id}{Internal parameters for {shiny}.}
         |                                   ^
  checkRd: (-1) elaborator_server.Rd:10: Lost braces; missing escapes or markup?
      10 | \item{id, input, output, session}{Internal parameters for {shiny}.}
         |                                                           ^
Flavors: r-devel-linux-x86_64-debian-clang, r-devel-linux-x86_64-debian-gcc, r-devel-linux-x86_64-fedora-clang, r-devel-linux-x86_64-fedora-gcc, r-prerel-macos-arm64, r-prerel-windows-x86_64, r-patched-linux-x86_64
Version: 1.1
Check: Rd \usage sections
Result: NOTE
  Documented arguments not in \usage in Rd file 'colBoxplot4.Rd':
    ‘id’
  
  Documented arguments not in \usage in Rd file 'elaborator_server.Rd':
    ‘id’
  
  Functions with \usage entries need to have the appropriate \alias
  entries, and all their arguments documented.
  The \usage entries must correspond to syntactically valid R code.
  See chapter ‘Writing R documentation files’ in the ‘Writing R
  Extensions’ manual.
Flavors: r-devel-linux-x86_64-debian-clang, r-devel-linux-x86_64-debian-gcc, r-devel-linux-x86_64-fedora-clang, r-devel-linux-x86_64-fedora-gcc, r-prerel-macos-arm64, r-prerel-windows-x86_64, r-patched-linux-x86_64
Version: 1.1
Check: LazyData
Result: NOTE
    'LazyData' is specified without a 'data' directory
Flavors: r-devel-linux-x86_64-debian-clang, r-devel-linux-x86_64-debian-gcc, r-devel-linux-x86_64-fedora-clang, r-devel-linux-x86_64-fedora-gcc, r-prerel-macos-arm64, r-prerel-windows-x86_64, r-patched-linux-x86_64, r-release-linux-x86_64, r-release-macos-arm64, r-release-macos-x86_64, r-release-windows-x86_64, r-oldrel-macos-arm64, r-oldrel-windows-x86_64