Last updated on 2024-04-20 10:52:40 CEST.
| Flavor | Version | Tinstall | Tcheck | Ttotal | Status | Flags | 
|---|---|---|---|---|---|---|
| r-devel-linux-x86_64-debian-clang | 1.0.8 | 41.59 | 304.37 | 345.96 | NOTE | |
| r-devel-linux-x86_64-debian-gcc | 1.0.8 | 33.47 | 223.62 | 257.09 | NOTE | |
| r-devel-linux-x86_64-fedora-clang | 1.0.8 | 488.93 | NOTE | |||
| r-devel-linux-x86_64-fedora-gcc | 1.0.8 | 481.12 | NOTE | |||
| r-prerel-macos-arm64 | 1.0.8 | 108.00 | NOTE | |||
| r-prerel-windows-x86_64 | 1.0.8 | 37.00 | 242.00 | 279.00 | NOTE | |
| r-patched-linux-x86_64 | 1.0.8 | 30.65 | 308.25 | 338.90 | NOTE | |
| r-release-linux-x86_64 | 1.0.8 | 30.29 | 305.21 | 335.50 | NOTE | |
| r-release-macos-arm64 | 1.0.8 | 113.00 | NOTE | |||
| r-release-macos-x86_64 | 1.0.8 | 196.00 | NOTE | |||
| r-release-windows-x86_64 | 1.0.8 | 46.00 | 322.00 | 368.00 | NOTE | |
| r-oldrel-macos-arm64 | 1.0.8 | 100.00 | OK | |||
| r-oldrel-windows-x86_64 | 1.0.8 | 48.00 | 311.00 | 359.00 | OK | 
Version: 1.0.8
Check: C++ specification
Result: NOTE
    Specified C++11: please drop specification unless essential
Flavors: r-devel-linux-x86_64-debian-clang, r-devel-linux-x86_64-debian-gcc, r-devel-linux-x86_64-fedora-clang, r-devel-linux-x86_64-fedora-gcc, r-prerel-macos-arm64, r-prerel-windows-x86_64, r-patched-linux-x86_64, r-release-linux-x86_64, r-release-macos-arm64, r-release-macos-x86_64, r-release-windows-x86_64
Version: 1.0.8
Check: Rd files
Result: NOTE
  checkRd: (-1) addSchemes.Rd:13: Lost braces
      13 | \item{extraSchemes}{array of schemes to add, see code{\link{SetOfSchemes-class}}}
         |                                                      ^
  checkRd: (-1) pkCurveStat.Rd:30: Lost braces in \itemize; meant \describe ?
  checkRd: (-1) pkCurveStat.Rd:31: Lost braces in \itemize; meant \describe ?
  checkRd: (-1) pkCurveStat.Rd:32: Lost braces in \itemize; meant \describe ?
  checkRd: (-1) rankObject.Rd:33-36: Lost braces in \itemize; meant \describe ?
  checkRd: (-1) rankObject.Rd:37: Lost braces in \itemize; meant \describe ?
Flavors: r-devel-linux-x86_64-debian-clang, r-devel-linux-x86_64-debian-gcc, r-devel-linux-x86_64-fedora-clang, r-devel-linux-x86_64-fedora-gcc, r-prerel-macos-arm64, r-prerel-windows-x86_64, r-patched-linux-x86_64
Version: 1.0.8
Check: Rd \usage sections
Result: NOTE
  Documented arguments not in \usage in Rd file 'changeDevSettings.Rd':
    ‘defaultsSettings’
  
  Documented arguments not in \usage in Rd file 'getResultPerScheme.Rd':
    ‘criteria’
  
  Functions with \usage entries need to have the appropriate \alias
  entries, and all their arguments documented.
  The \usage entries must correspond to syntactically valid R code.
  See chapter ‘Writing R documentation files’ in the ‘Writing R
  Extensions’ manual.
Flavors: r-devel-linux-x86_64-debian-clang, r-devel-linux-x86_64-debian-gcc, r-devel-linux-x86_64-fedora-clang, r-devel-linux-x86_64-fedora-gcc, r-prerel-macos-arm64, r-prerel-windows-x86_64, r-patched-linux-x86_64