Last updated on 2024-04-20 10:52:51 CEST.
Flavor | Version | Tinstall | Tcheck | Ttotal | Status | Flags |
---|---|---|---|---|---|---|
r-devel-linux-x86_64-debian-clang | 0.4.0 | 4.01 | 44.98 | 48.99 | NOTE | |
r-devel-linux-x86_64-debian-gcc | 0.4.0 | 3.57 | 34.02 | 37.59 | NOTE | |
r-devel-linux-x86_64-fedora-clang | 0.4.0 | 61.39 | NOTE | |||
r-devel-linux-x86_64-fedora-gcc | 0.4.0 | 72.87 | NOTE | |||
r-prerel-macos-arm64 | 0.4.0 | 27.00 | NOTE | |||
r-prerel-windows-x86_64 | 0.4.0 | 6.00 | 62.00 | 68.00 | NOTE | |
r-patched-linux-x86_64 | 0.4.0 | 4.86 | 42.43 | 47.29 | NOTE | |
r-release-linux-x86_64 | 0.4.0 | 3.49 | 42.53 | 46.02 | NOTE | |
r-release-macos-arm64 | 0.4.0 | 30.00 | NOTE | |||
r-release-macos-x86_64 | 0.4.0 | 46.00 | NOTE | |||
r-release-windows-x86_64 | 0.4.0 | 7.00 | 65.00 | 72.00 | NOTE | |
r-oldrel-macos-arm64 | 0.4.0 | 23.00 | NOTE | |||
r-oldrel-windows-x86_64 | 0.4.0 | 8.00 | 59.00 | 67.00 | NOTE |
Version: 0.4.0
Check: Rd \usage sections
Result: NOTE
Documented arguments not in \usage in Rd file 'parse_search_analytics.Rd':
‘pn’
Functions with \usage entries need to have the appropriate \alias
entries, and all their arguments documented.
The \usage entries must correspond to syntactically valid R code.
See chapter ‘Writing R documentation files’ in the ‘Writing R
Extensions’ manual.
Flavors: r-devel-linux-x86_64-debian-clang, r-devel-linux-x86_64-debian-gcc, r-devel-linux-x86_64-fedora-clang, r-devel-linux-x86_64-fedora-gcc, r-prerel-macos-arm64, r-prerel-windows-x86_64, r-patched-linux-x86_64
Version: 0.4.0
Check: LazyData
Result: NOTE
'LazyData' is specified without a 'data' directory
Flavors: r-devel-linux-x86_64-debian-clang, r-devel-linux-x86_64-debian-gcc, r-devel-linux-x86_64-fedora-clang, r-devel-linux-x86_64-fedora-gcc, r-prerel-macos-arm64, r-prerel-windows-x86_64, r-patched-linux-x86_64, r-release-linux-x86_64, r-release-macos-arm64, r-release-macos-x86_64, r-release-windows-x86_64, r-oldrel-macos-arm64, r-oldrel-windows-x86_64