Last updated on 2024-04-20 10:52:57 CEST.
| Flavor | Version | Tinstall | Tcheck | Ttotal | Status | Flags | 
|---|---|---|---|---|---|---|
| r-devel-linux-x86_64-debian-clang | 0.1.0 | 3.62 | 47.15 | 50.77 | NOTE | |
| r-devel-linux-x86_64-debian-gcc | 0.1.0 | 2.78 | 33.54 | 36.32 | NOTE | |
| r-devel-linux-x86_64-fedora-clang | 0.1.0 | 59.69 | NOTE | |||
| r-devel-linux-x86_64-fedora-gcc | 0.1.0 | 56.29 | NOTE | |||
| r-prerel-macos-arm64 | 0.1.0 | 19.00 | NOTE | |||
| r-prerel-windows-x86_64 | 0.1.0 | 3.00 | 55.00 | 58.00 | NOTE | |
| r-patched-linux-x86_64 | 0.1.0 | 3.63 | 44.63 | 48.26 | NOTE | |
| r-release-linux-x86_64 | 0.1.0 | 2.57 | 43.01 | 45.58 | OK | |
| r-release-macos-arm64 | 0.1.0 | 21.00 | OK | |||
| r-release-macos-x86_64 | 0.1.0 | 32.00 | OK | |||
| r-release-windows-x86_64 | 0.1.0 | 5.00 | 60.00 | 65.00 | OK | |
| r-oldrel-macos-arm64 | 0.1.0 | 21.00 | OK | |||
| r-oldrel-windows-x86_64 | 0.1.0 | 9.00 | 66.00 | 75.00 | OK | 
Version: 0.1.0
Check: Rd contents
Result: NOTE
  Argument items with no description in Rd file 'zdifference_ordinal.Rd':
    ‘na.rm’
Flavors: r-devel-linux-x86_64-debian-clang, r-devel-linux-x86_64-debian-gcc, r-devel-linux-x86_64-fedora-clang, r-devel-linux-x86_64-fedora-gcc, r-prerel-macos-arm64, r-prerel-windows-x86_64, r-patched-linux-x86_64