Last updated on 2024-05-14 09:54:06 CEST.
| Flavor | Version | Tinstall | Tcheck | Ttotal | Status | Flags | 
|---|---|---|---|---|---|---|
| r-devel-linux-x86_64-debian-clang | 1.5 | 12.47 | 127.81 | 140.28 | NOTE | |
| r-devel-linux-x86_64-debian-gcc | 1.5 | 11.56 | 91.93 | 103.49 | NOTE | |
| r-devel-linux-x86_64-fedora-clang | 1.5 | 173.26 | NOTE | |||
| r-devel-linux-x86_64-fedora-gcc | 1.5 | 220.34 | NOTE | |||
| r-devel-windows-x86_64 | 1.5 | 13.00 | 102.00 | 115.00 | NOTE | |
| r-patched-linux-x86_64 | 1.5 | 9.36 | 119.19 | 128.55 | NOTE | |
| r-release-linux-x86_64 | 1.5 | 9.53 | 119.93 | 129.46 | NOTE | |
| r-release-macos-arm64 | 1.5 | 42.00 | NOTE | |||
| r-release-windows-x86_64 | 1.5 | 13.00 | 102.00 | 115.00 | NOTE | |
| r-oldrel-macos-arm64 | 1.5 | 47.00 | NOTE | |||
| r-oldrel-macos-x86_64 | 1.5 | 80.00 | NOTE | |||
| r-oldrel-windows-x86_64 | 1.5 | 16.00 | 124.00 | 140.00 | NOTE | 
Version: 1.5
Check: Rd \usage sections
Result: NOTE
  S3 methods shown with full name in Rd file 'QIC.gee.Rd':
    ‘QIC.gee’
  
  The \usage entries for S3 methods should use the \method markup and not
  their full name.
  See chapter ‘Writing R documentation files’ in the ‘Writing R
  Extensions’ manual.
Flavors: r-devel-linux-x86_64-debian-clang, r-devel-linux-x86_64-debian-gcc, r-devel-linux-x86_64-fedora-clang, r-devel-linux-x86_64-fedora-gcc, r-devel-windows-x86_64, r-patched-linux-x86_64, r-release-linux-x86_64, r-release-macos-arm64, r-release-windows-x86_64
Version: 1.5
Check: Rd \usage sections
Result: NOTE
  S3 methods shown with full name in documentation object 'QIC.gee':
    ‘QIC.gee’
  
  The \usage entries for S3 methods should use the \method markup and not
  their full name.
  See chapter ‘Writing R documentation files’ in the ‘Writing R
  Extensions’ manual.
Flavors: r-oldrel-macos-arm64, r-oldrel-macos-x86_64, r-oldrel-windows-x86_64