Last updated on 2024-06-13 07:50:22 CEST.
| Flavor | Version | Tinstall | Tcheck | Ttotal | Status | Flags | 
|---|---|---|---|---|---|---|
| r-devel-linux-x86_64-debian-clang | 0.9-2 | 5.10 | 34.29 | 39.39 | OK | |
| r-devel-linux-x86_64-debian-gcc | 0.9-2 | 3.31 | 26.74 | 30.05 | WARN | |
| r-devel-linux-x86_64-fedora-clang | 0.9-2 | 49.84 | WARN | |||
| r-devel-linux-x86_64-fedora-gcc | 0.9-2 | 47.17 | WARN | |||
| r-devel-windows-x86_64 | 0.9-2 | 6.00 | 46.00 | 52.00 | WARN | |
| r-patched-linux-x86_64 | 0.9-2 | 5.02 | 33.94 | 38.96 | WARN | |
| r-release-linux-x86_64 | 0.9-2 | 4.30 | 34.09 | 38.39 | OK | |
| r-release-macos-arm64 | 0.9-2 | 19.00 | OK | |||
| r-release-macos-x86_64 | 0.9-2 | 46.00 | OK | |||
| r-release-windows-x86_64 | 0.9-2 | 8.00 | 47.00 | 55.00 | OK | |
| r-oldrel-macos-arm64 | 0.9-2 | 22.00 | OK | |||
| r-oldrel-macos-x86_64 | 0.9-2 | 26.00 | NOTE | |||
| r-oldrel-windows-x86_64 | 0.9-2 | 8.00 | 51.00 | 59.00 | OK | 
Version: 0.9-2
Check: package dependencies
Result: NOTE
  Package suggested but not available for checking: ‘RSQLite’
Flavor: r-devel-linux-x86_64-debian-gcc
Version: 0.9-2
Check: whether package can be installed
Result: WARN
  Found the following significant warnings:
    Warning: Fortran 2018 deleted feature: DO termination statement which is not END DO or CONTINUE with label 10 at (1)
  See ‘/home/hornik/tmp/R.check/r-devel-gcc/Work/PKGS/biglmm.Rcheck/00install.out’ for details.
  * used C compiler: ‘gcc-13 (Debian 13.2.0-25) 13.2.0’
  * used Fortran compiler: ‘GNU Fortran (Debian 13.2.0-25) 13.2.0’
Flavor: r-devel-linux-x86_64-debian-gcc
Version: 0.9-2
Check: whether package can be installed
Result: WARN
  Found the following significant warnings:
    ./boundedQRf.f:106:7: portability: A DO loop should terminate with an END DO or CONTINUE
    ./boundedQRf.f:152:7: portability: A DO loop should terminate with an END DO or CONTINUE
  See ‘/data/gannet/ripley/R/packages/tests-clang/biglmm.Rcheck/00install.out’ for details.
  * used C compiler: ‘clang version 18.1.6’
  * used Fortran compiler: ‘flang-new version 18.1.6’
Flavor: r-devel-linux-x86_64-fedora-clang
Version: 0.9-2
Check: whether package can be installed
Result: WARN
  Found the following significant warnings:
    Warning: Fortran 2018 deleted feature: DO termination statement which is not END DO or CONTINUE with label 10 at (1)
  See ‘/data/gannet/ripley/R/packages/tests-devel/biglmm.Rcheck/00install.out’ for details.
  * used C compiler: ‘gcc-14 (GCC) 14.1.0’
  * used Fortran compiler: ‘GNU Fortran (GCC) 14.1.0’
Flavor: r-devel-linux-x86_64-fedora-gcc
Version: 0.9-2
Check: whether package can be installed
Result: WARN
  Found the following significant warnings:
    Warning: Fortran 2018 deleted feature: DO termination statement which is not END DO or CONTINUE with label 10 at (1)
  See 'd:/Rcompile/CRANpkg/local/4.5/biglmm.Rcheck/00install.out' for details.
  * used C compiler: 'gcc.exe (GCC) 13.2.0'
  * used Fortran compiler: 'GNU Fortran (GCC) 13.2.0'
Flavor: r-devel-windows-x86_64
Version: 0.9-2
Check: whether package can be installed
Result: WARN
  Found the following significant warnings:
    Warning: Fortran 2018 deleted feature: DO termination statement which is not END DO or CONTINUE with label 10 at (1)
  See ‘/home/hornik/tmp/R.check/r-patched-gcc/Work/PKGS/biglmm.Rcheck/00install.out’ for details.
  * used C compiler: ‘gcc-13 (Debian 13.2.0-25) 13.2.0’
  * used Fortran compiler: ‘GNU Fortran (Debian 13.2.0-25) 13.2.0’
Flavor: r-patched-linux-x86_64
Version: 0.9-2
Check: package dependencies
Result: NOTE
  Package suggested but not available for checking: ‘RODBC’
Flavor: r-oldrel-macos-x86_64