Last updated on 2024-06-16 09:56:16 CEST.
| Flavor | Version | Tinstall | Tcheck | Ttotal | Status | Flags | 
|---|---|---|---|---|---|---|
| r-devel-linux-x86_64-debian-clang | 1.0.8 | 116.73 | 36.06 | 152.79 | NOTE | |
| r-devel-linux-x86_64-debian-gcc | 1.0.8 | 80.96 | 28.81 | 109.77 | ERROR | |
| r-devel-linux-x86_64-fedora-clang | 1.0.8 | 157.34 | ERROR | |||
| r-devel-linux-x86_64-fedora-gcc | 1.0.8 | 219.60 | NOTE | |||
| r-devel-windows-x86_64 | 1.0.8 | 82.00 | 67.00 | 149.00 | NOTE | |
| r-patched-linux-x86_64 | 1.0.8 | 96.78 | 35.10 | 131.88 | NOTE | |
| r-release-linux-x86_64 | 1.0.8 | 94.32 | 34.98 | 129.30 | NOTE | |
| r-release-macos-arm64 | 1.0.8 | 41.00 | NOTE | |||
| r-release-macos-x86_64 | 1.0.8 | 45.00 | NOTE | |||
| r-release-windows-x86_64 | 1.0.8 | 81.00 | 68.00 | 149.00 | NOTE | |
| r-oldrel-macos-arm64 | 1.0.8 | 54.00 | NOTE | |||
| r-oldrel-macos-x86_64 | 1.0.8 | 89.00 | NOTE | |||
| r-oldrel-windows-x86_64 | 1.0.8 | 84.00 | 77.00 | 161.00 | NOTE | 
Version: 1.0.8
Check: C++ specification
Result: NOTE
    Specified C++11: please drop specification unless essential
Flavors: r-devel-linux-x86_64-debian-clang, r-devel-linux-x86_64-debian-gcc, r-devel-linux-x86_64-fedora-clang, r-devel-linux-x86_64-fedora-gcc, r-devel-windows-x86_64, r-patched-linux-x86_64, r-release-linux-x86_64, r-release-macos-arm64, r-release-macos-x86_64, r-release-windows-x86_64, r-oldrel-macos-arm64, r-oldrel-macos-x86_64, r-oldrel-windows-x86_64
Version: 1.0.8
Check: examples
Result: ERROR
  Running examples in ‘SimilaR-Ex.R’ failed
  The error most likely occurred in:
  
  > base::assign(".ptime", proc.time(), pos = "CheckExEnv")
  > ### Name: SimilaR_fromDirectory
  > ### Title: Quantify the Similarity of Pairs of R Functions
  > ### Aliases: SimilaR_fromDirectory SimilaR_fromTwoFunctions
  > 
  > ### ** Examples
  > 
  > f1 <- function(x) {x*x}
  > f2 <- function(x,y) {x+y}
  > 
  > ## A data frame is returned: 1 row, 4 columns
  > SimilaR_fromTwoFunctions(f1,
  +                          f2,
  +                          returnType = "data.frame",
  +                          aggregation = "tnorm")
  Error in checkPlagiarism_gplag_cpp_list_kernel2_test(parsess, h = 2, sums) : 
    argument of type LANGSXP is not a symbol or NULL
  Calls: SimilaR_fromTwoFunctions ... SimilaR_general -> checkPlagiarism_gplag_cpp_list_kernel2_test
  Execution halted
Flavor: r-devel-linux-x86_64-debian-gcc
Version: 1.0.8
Check: tests
Result: ERROR
    Running ‘testthat.R’ [5s/8s]
  Running the tests in ‘tests/testthat.R’ failed.
  Complete output:
    > library("testthat")
    > library("SimilaR")
    > test_check("SimilaR")
    [ FAIL 63 | WARN 0 | SKIP 0 | PASS 8 ]
    
    ══ Failed tests ════════════════════════════════════════════════════════════════
    ── Error ('test-SimilaR_fromDirectory.R:24:3'): simple_file ────────────────────
    Error in `checkPlagiarism_gplag_cpp_list_kernel2_test(parsess, h = 2, sums)`: argument of type LANGSXP is not a symbol or NULL
    Backtrace:
        ▆
     1. └─SimilaR::SimilaR_fromDirectory(...) at test-SimilaR_fromDirectory.R:24:3
     2.   └─SimilaR:::SimilaR_general(...)
     3.     └─SimilaR:::checkPlagiarism_gplag_cpp_list_kernel2_test(...)
    ── Error ('test-SimilaR_fromDirectory.R:37:3'): simple_file_data2 ──────────────
    Error in `checkPlagiarism_gplag_cpp_list_kernel2_test(parsess, h = 2, sums)`: argument of type LANGSXP is not a symbol or NULL
    Backtrace:
        ▆
     1. └─SimilaR::SimilaR_fromDirectory(...) at test-SimilaR_fromDirectory.R:37:3
     2.   └─SimilaR:::SimilaR_general(...)
     3.     └─SimilaR:::checkPlagiarism_gplag_cpp_list_kernel2_test(...)
    ── Error ('test-SimilaR_fromDirectory.R:50:3'): simple_function_data2 ──────────
    Error in `checkPlagiarism_gplag_cpp_list_kernel2_test(parsess, h = 2, sums)`: argument of type LANGSXP is not a symbol or NULL
    Backtrace:
        ▆
     1. └─SimilaR::SimilaR_fromDirectory(...) at test-SimilaR_fromDirectory.R:50:3
     2.   └─SimilaR:::SimilaR_general(...)
     3.     └─SimilaR:::checkPlagiarism_gplag_cpp_list_kernel2_test(...)
    ── Error ('test-SimilaR_fromDirectory.R:64:3'): simple_function ────────────────
    Error in `checkPlagiarism_gplag_cpp_list_kernel2_test(parsess, h = 2, sums)`: argument of type LANGSXP is not a symbol or NULL
    Backtrace:
        ▆
     1. └─SimilaR::SimilaR_fromDirectory(...) at test-SimilaR_fromDirectory.R:64:3
     2.   └─SimilaR:::SimilaR_general(...)
     3.     └─SimilaR:::checkPlagiarism_gplag_cpp_list_kernel2_test(...)
    ── Error ('test-SimilaR_fromDirectory.R:77:3'): match_arg_returnType ───────────
    Error in `checkPlagiarism_gplag_cpp_list_kernel2_test(parsess, h = 2, sums)`: argument of type LANGSXP is not a symbol or NULL
    Backtrace:
        ▆
     1. └─SimilaR::SimilaR_fromDirectory(dirname, fileTypes = "file", aggregation = "sym") at test-SimilaR_fromDirectory.R:77:3
     2.   └─SimilaR:::SimilaR_general(...)
     3.     └─SimilaR:::checkPlagiarism_gplag_cpp_list_kernel2_test(...)
    ── Error ('test-SimilaR_fromDirectory.R:89:3'): match_arg_fileTypes ────────────
    Error in `checkPlagiarism_gplag_cpp_list_kernel2_test(parsess, h = 2, sums)`: argument of type LANGSXP is not a symbol or NULL
    Backtrace:
        ▆
     1. └─SimilaR::SimilaR_fromDirectory(...) at test-SimilaR_fromDirectory.R:89:3
     2.   └─SimilaR:::SimilaR_general(...)
     3.     └─SimilaR:::checkPlagiarism_gplag_cpp_list_kernel2_test(...)
    ── Error ('test-SimilaR_fromDirectory.R:101:3'): match_arg_aggregation ─────────
    Error in `checkPlagiarism_gplag_cpp_list_kernel2_test(parsess, h = 2, sums)`: argument of type LANGSXP is not a symbol or NULL
    Backtrace:
        ▆
     1. └─SimilaR::SimilaR_fromDirectory(dirname, fileTypes = "file", returnType = "data.frame") at test-SimilaR_fromDirectory.R:101:3
     2.   └─SimilaR:::SimilaR_general(...)
     3.     └─SimilaR:::checkPlagiarism_gplag_cpp_list_kernel2_test(...)
    ── Error ('test-SimilaR_fromDirectory.R:113:3'): match_arg ─────────────────────
    Error in `checkPlagiarism_gplag_cpp_list_kernel2_test(parsess, h = 2, sums)`: argument of type LANGSXP is not a symbol or NULL
    Backtrace:
        ▆
     1. └─SimilaR::SimilaR_fromDirectory(dirname) at test-SimilaR_fromDirectory.R:113:3
     2.   └─SimilaR:::SimilaR_general(...)
     3.     └─SimilaR:::checkPlagiarism_gplag_cpp_list_kernel2_test(...)
    ── Error ('test-SimilaR_fromDirectory.R:153:3'): oneFile_function ──────────────
    Error in `checkPlagiarism_gplag_cpp_list_kernel2_test(parsess, h = 2, sums)`: argument of type LANGSXP is not a symbol or NULL
    Backtrace:
        ▆
     1. └─SimilaR::SimilaR_fromDirectory(...) at test-SimilaR_fromDirectory.R:153:3
     2.   └─SimilaR:::SimilaR_general(...)
     3.     └─SimilaR:::checkPlagiarism_gplag_cpp_list_kernel2_test(...)
    ── Error ('test-SimilaR_fromDirectory.R:179:3'): sym_dataframe ─────────────────
    Error in `checkPlagiarism_gplag_cpp_list_kernel2_test(parsess, h = 2, sums)`: argument of type LANGSXP is not a symbol or NULL
    Backtrace:
        ▆
     1. └─SimilaR::SimilaR_fromDirectory(...) at test-SimilaR_fromDirectory.R:179:3
     2.   └─SimilaR:::SimilaR_general(...)
     3.     └─SimilaR:::checkPlagiarism_gplag_cpp_list_kernel2_test(...)
    ── Error ('test-SimilaR_fromDirectory.R:192:3'): tnorm_dataframe ───────────────
    Error in `checkPlagiarism_gplag_cpp_list_kernel2_test(parsess, h = 2, sums)`: argument of type LANGSXP is not a symbol or NULL
    Backtrace:
        ▆
     1. └─SimilaR::SimilaR_fromDirectory(...) at test-SimilaR_fromDirectory.R:192:3
     2.   └─SimilaR:::SimilaR_general(...)
     3.     └─SimilaR:::checkPlagiarism_gplag_cpp_list_kernel2_test(...)
    ── Error ('test-SimilaR_fromDirectory.R:205:3'): both_dataframe ────────────────
    Error in `checkPlagiarism_gplag_cpp_list_kernel2_test(parsess, h = 2, sums)`: argument of type LANGSXP is not a symbol or NULL
    Backtrace:
        ▆
     1. └─SimilaR::SimilaR_fromDirectory(...) at test-SimilaR_fromDirectory.R:205:3
     2.   └─SimilaR:::SimilaR_general(...)
     3.     └─SimilaR:::checkPlagiarism_gplag_cpp_list_kernel2_test(...)
    ── Error ('test-SimilaR_fromDirectory.R:222:3'): sym_matrix ────────────────────
    Error in `checkPlagiarism_gplag_cpp_list_kernel2_test(parsess, h = 2, sums)`: argument of type LANGSXP is not a symbol or NULL
    Backtrace:
        ▆
     1. └─SimilaR::SimilaR_fromDirectory(...) at test-SimilaR_fromDirectory.R:222:3
     2.   └─SimilaR:::SimilaR_general(...)
     3.     └─SimilaR:::checkPlagiarism_gplag_cpp_list_kernel2_test(...)
    ── Error ('test-SimilaR_fromDirectory.R:238:3'): tnorm_matrix ──────────────────
    Error in `checkPlagiarism_gplag_cpp_list_kernel2_test(parsess, h = 2, sums)`: argument of type LANGSXP is not a symbol or NULL
    Backtrace:
        ▆
     1. └─SimilaR::SimilaR_fromDirectory(...) at test-SimilaR_fromDirectory.R:238:3
     2.   └─SimilaR:::SimilaR_general(...)
     3.     └─SimilaR:::checkPlagiarism_gplag_cpp_list_kernel2_test(...)
    ── Error ('test-SimilaR_fromDirectory.R:254:3'): both_matrix ───────────────────
    Error in `checkPlagiarism_gplag_cpp_list_kernel2_test(parsess, h = 2, sums)`: argument of type LANGSXP is not a symbol or NULL
    Backtrace:
        ▆
     1. └─SimilaR::SimilaR_fromDirectory(...) at test-SimilaR_fromDirectory.R:254:3
     2.   └─SimilaR:::SimilaR_general(...)
     3.     └─SimilaR:::checkPlagiarism_gplag_cpp_list_kernel2_test(...)
    ── Error ('test-SimilaR_fromTwoFunctions.R:26:3'): simple_f1f2 ─────────────────
    Error in `checkPlagiarism_gplag_cpp_list_kernel2_test(parsess, h = 2, sums)`: argument of type LANGSXP is not a symbol or NULL
    Backtrace:
        ▆
     1. └─SimilaR::SimilaR_fromTwoFunctions(...) at test-SimilaR_fromTwoFunctions.R:26:3
     2.   └─SimilaR:::SimilaR_general(...)
     3.     └─SimilaR:::checkPlagiarism_gplag_cpp_list_kernel2_test(...)
    ── Error ('test-SimilaR_fromTwoFunctions.R:65:3'): sym_dataframe ───────────────
    Error in `checkPlagiarism_gplag_cpp_list_kernel2_test(parsess, h = 2, sums)`: argument of type LANGSXP is not a symbol or NULL
    Backtrace:
        ▆
     1. └─SimilaR::SimilaR_fromTwoFunctions(...) at test-SimilaR_fromTwoFunctions.R:65:3
     2.   └─SimilaR:::SimilaR_general(...)
     3.     └─SimilaR:::checkPlagiarism_gplag_cpp_list_kernel2_test(...)
    ── Error ('test-SimilaR_fromTwoFunctions.R:79:3'): tnorm_dataframe ─────────────
    Error in `checkPlagiarism_gplag_cpp_list_kernel2_test(parsess, h = 2, sums)`: argument of type LANGSXP is not a symbol or NULL
    Backtrace:
        ▆
     1. └─SimilaR::SimilaR_fromTwoFunctions(...) at test-SimilaR_fromTwoFunctions.R:79:3
     2.   └─SimilaR:::SimilaR_general(...)
     3.     └─SimilaR:::checkPlagiarism_gplag_cpp_list_kernel2_test(...)
    ── Error ('test-SimilaR_fromTwoFunctions.R:93:3'): both_dataframe ──────────────
    Error in `checkPlagiarism_gplag_cpp_list_kernel2_test(parsess, h = 2, sums)`: argument of type LANGSXP is not a symbol or NULL
    Backtrace:
        ▆
     1. └─SimilaR::SimilaR_fromTwoFunctions(...) at test-SimilaR_fromTwoFunctions.R:93:3
     2.   └─SimilaR:::SimilaR_general(...)
     3.     └─SimilaR:::checkPlagiarism_gplag_cpp_list_kernel2_test(...)
    ── Error ('test-SimilaR_fromTwoFunctions.R:108:3'): match_arg_aggregation ──────
    Error in `checkPlagiarism_gplag_cpp_list_kernel2_test(parsess, h = 2, sums)`: argument of type LANGSXP is not a symbol or NULL
    Backtrace:
        ▆
     1. └─SimilaR::SimilaR_fromTwoFunctions(f1, f2, returnType = "data.frame") at test-SimilaR_fromTwoFunctions.R:108:3
     2.   └─SimilaR:::SimilaR_general(...)
     3.     └─SimilaR:::checkPlagiarism_gplag_cpp_list_kernel2_test(...)
    ── Error ('test-SimilaR_fromTwoFunctions.R:123:3'): match_arg_returnType ───────
    Error in `checkPlagiarism_gplag_cpp_list_kernel2_test(parsess, h = 2, sums)`: argument of type LANGSXP is not a symbol or NULL
    Backtrace:
        ▆
     1. └─SimilaR::SimilaR_fromTwoFunctions(f1, f2, aggregation = "both") at test-SimilaR_fromTwoFunctions.R:123:3
     2.   └─SimilaR:::SimilaR_general(...)
     3.     └─SimilaR:::checkPlagiarism_gplag_cpp_list_kernel2_test(...)
    ── Error ('test-SimilaR_fromTwoFunctions.R:138:3'): match_arg ──────────────────
    Error in `checkPlagiarism_gplag_cpp_list_kernel2_test(parsess, h = 2, sums)`: argument of type LANGSXP is not a symbol or NULL
    Backtrace:
        ▆
     1. └─SimilaR::SimilaR_fromTwoFunctions(f1, f2) at test-SimilaR_fromTwoFunctions.R:138:3
     2.   └─SimilaR:::SimilaR_general(...)
     3.     └─SimilaR:::checkPlagiarism_gplag_cpp_list_kernel2_test(...)
    ── Error ('test-SimilaR_fromTwoFunctions.R:154:3'): functionNames1 ─────────────
    Error in `checkPlagiarism_gplag_cpp_list_kernel2_test(parsess, h = 2, sums)`: argument of type LANGSXP is not a symbol or NULL
    Backtrace:
        ▆
     1. └─SimilaR::SimilaR_fromTwoFunctions(funs[[1]], funs[[2]]) at test-SimilaR_fromTwoFunctions.R:154:3
     2.   └─SimilaR:::SimilaR_general(...)
     3.     └─SimilaR:::checkPlagiarism_gplag_cpp_list_kernel2_test(...)
    ── Error ('test-SimilaR_fromTwoFunctions.R:166:3'): functionNames2 ─────────────
    Error in `checkPlagiarism_gplag_cpp_list_kernel2_test(parsess, h = 2, sums)`: argument of type LANGSXP is not a symbol or NULL
    Backtrace:
        ▆
     1. └─SimilaR::SimilaR_fromTwoFunctions(f1, `name<-`) at test-SimilaR_fromTwoFunctions.R:166:3
     2.   └─SimilaR:::SimilaR_general(...)
     3.     └─SimilaR:::checkPlagiarism_gplag_cpp_list_kernel2_test(...)
    ── Error ('test-SimilaR_fromTwoFunctions.R:178:3'): functionNames3 ─────────────
    Error in `checkPlagiarism_gplag_cpp_list_kernel2_test(parsess, h = 2, sums)`: argument of type LANGSXP is not a symbol or NULL
    Backtrace:
        ▆
     1. └─SimilaR::SimilaR_fromTwoFunctions(...) at test-SimilaR_fromTwoFunctions.R:178:3
     2.   └─SimilaR:::SimilaR_general(...)
     3.     └─SimilaR:::checkPlagiarism_gplag_cpp_list_kernel2_test(...)
    ── Error ('test-SimilaR_fromTwoFunctions.R:211:3'): sym_matrix ─────────────────
    Error in `checkPlagiarism_gplag_cpp_list_kernel2_test(parsess, h = 2, sums)`: argument of type LANGSXP is not a symbol or NULL
    Backtrace:
        ▆
     1. └─SimilaR::SimilaR_fromTwoFunctions(...) at test-SimilaR_fromTwoFunctions.R:211:3
     2.   └─SimilaR:::SimilaR_general(...)
     3.     └─SimilaR:::checkPlagiarism_gplag_cpp_list_kernel2_test(...)
    ── Error ('test-SimilaR_fromTwoFunctions.R:228:3'): tnorm_matrix ───────────────
    Error in `checkPlagiarism_gplag_cpp_list_kernel2_test(parsess, h = 2, sums)`: argument of type LANGSXP is not a symbol or NULL
    Backtrace:
        ▆
     1. └─SimilaR::SimilaR_fromTwoFunctions(...) at test-SimilaR_fromTwoFunctions.R:228:3
     2.   └─SimilaR:::SimilaR_general(...)
     3.     └─SimilaR:::checkPlagiarism_gplag_cpp_list_kernel2_test(...)
    ── Error ('test-SimilaR_fromTwoFunctions.R:245:3'): both_matrix ────────────────
    Error in `checkPlagiarism_gplag_cpp_list_kernel2_test(parsess, h = 2, sums)`: argument of type LANGSXP is not a symbol or NULL
    Backtrace:
        ▆
     1. └─SimilaR::SimilaR_fromTwoFunctions(...) at test-SimilaR_fromTwoFunctions.R:245:3
     2.   └─SimilaR:::SimilaR_general(...)
     3.     └─SimilaR:::checkPlagiarism_gplag_cpp_list_kernel2_test(...)
    ── Error ('test-algorithm.R:50:3'): return ─────────────────────────────────────
    Error in `checkPlagiarism_gplag_cpp_list_kernel2_test(parsess, h = 2, sums)`: argument of type LANGSXP is not a symbol or NULL
    Backtrace:
        ▆
     1. └─SimilaR::SimilaR_fromTwoFunctions(...) at test-algorithm.R:50:3
     2.   └─SimilaR:::SimilaR_general(...)
     3.     └─SimilaR:::checkPlagiarism_gplag_cpp_list_kernel2_test(...)
    ── Error ('test-algorithm.R:90:3'): aliases ────────────────────────────────────
    Error in `checkPlagiarism_gplag_cpp_list_kernel2_test(parsess, h = 2, sums)`: argument of type LANGSXP is not a symbol or NULL
    Backtrace:
        ▆
     1. └─SimilaR::SimilaR_fromTwoFunctions(...) at test-algorithm.R:90:3
     2.   └─SimilaR:::SimilaR_general(...)
     3.     └─SimilaR:::checkPlagiarism_gplag_cpp_list_kernel2_test(...)
    ── Error ('test-algorithm.R:135:3'): function_combining ────────────────────────
    Error in `checkPlagiarism_gplag_cpp_list_kernel2_test(parsess, h = 2, sums)`: argument of type LANGSXP is not a symbol or NULL
    Backtrace:
        ▆
     1. └─SimilaR::SimilaR_fromTwoFunctions(...) at test-algorithm.R:135:3
     2.   └─SimilaR:::SimilaR_general(...)
     3.     └─SimilaR:::checkPlagiarism_gplag_cpp_list_kernel2_test(...)
    ── Error ('test-algorithm.R:178:3'): multiple_calls ────────────────────────────
    Error in `checkPlagiarism_gplag_cpp_list_kernel2_test(parsess, h = 2, sums)`: argument of type LANGSXP is not a symbol or NULL
    Backtrace:
        ▆
     1. └─SimilaR::SimilaR_fromTwoFunctions(...) at test-algorithm.R:178:3
     2.   └─SimilaR:::SimilaR_general(...)
     3.     └─SimilaR:::checkPlagiarism_gplag_cpp_list_kernel2_test(...)
    ── Error ('test-algorithm.R:228:3'): stopifnot ─────────────────────────────────
    Error in `checkPlagiarism_gplag_cpp_list_kernel2_test(parsess, h = 2, sums)`: argument of type LANGSXP is not a symbol or NULL
    Backtrace:
        ▆
     1. ├─base::rbind(...) at test-algorithm.R:228:3
     2. └─SimilaR::SimilaR_fromTwoFunctions(...)
     3.   └─SimilaR:::SimilaR_general(...)
     4.     └─SimilaR:::checkPlagiarism_gplag_cpp_list_kernel2_test(...)
    ── Error ('test-algorithm.R:277:3'): order ─────────────────────────────────────
    Error in `checkPlagiarism_gplag_cpp_list_kernel2_test(parsess, h = 2, sums)`: argument of type LANGSXP is not a symbol or NULL
    Backtrace:
        ▆
     1. └─SimilaR::SimilaR_fromTwoFunctions(...) at test-algorithm.R:277:3
     2.   └─SimilaR:::SimilaR_general(...)
     3.     └─SimilaR:::checkPlagiarism_gplag_cpp_list_kernel2_test(...)
    ── Error ('test-algorithm.R:323:3'): dead_code ─────────────────────────────────
    Error in `checkPlagiarism_gplag_cpp_list_kernel2_test(parsess, h = 2, sums)`: argument of type LANGSXP is not a symbol or NULL
    Backtrace:
        ▆
     1. └─SimilaR::SimilaR_fromTwoFunctions(...) at test-algorithm.R:323:3
     2.   └─SimilaR:::SimilaR_general(...)
     3.     └─SimilaR:::checkPlagiarism_gplag_cpp_list_kernel2_test(...)
    ── Error ('test-algorithm.R:345:3'): magrittr1 ─────────────────────────────────
    Error in `checkPlagiarism_gplag_cpp_list_kernel2_test(parsess, h = 2, sums)`: argument of type LANGSXP is not a symbol or NULL
    Backtrace:
        ▆
     1. └─SimilaR::SimilaR_fromTwoFunctions(...) at test-algorithm.R:345:3
     2.   └─SimilaR:::SimilaR_general(...)
     3.     └─SimilaR:::checkPlagiarism_gplag_cpp_list_kernel2_test(...)
    ── Error ('test-algorithm.R:366:3'): magrittr2 ─────────────────────────────────
    Error in `checkPlagiarism_gplag_cpp_list_kernel2_test(parsess, h = 2, sums)`: argument of type LANGSXP is not a symbol or NULL
    Backtrace:
        ▆
     1. └─SimilaR::SimilaR_fromTwoFunctions(...) at test-algorithm.R:366:3
     2.   └─SimilaR:::SimilaR_general(...)
     3.     └─SimilaR:::checkPlagiarism_gplag_cpp_list_kernel2_test(...)
    ── Error ('test-algorithm.R:396:3'): magrittr3 ─────────────────────────────────
    Error in `checkPlagiarism_gplag_cpp_list_kernel2_test(parsess, h = 2, sums)`: argument of type LANGSXP is not a symbol or NULL
    Backtrace:
        ▆
     1. └─SimilaR::SimilaR_fromTwoFunctions(...) at test-algorithm.R:396:3
     2.   └─SimilaR:::SimilaR_general(...)
     3.     └─SimilaR:::checkPlagiarism_gplag_cpp_list_kernel2_test(...)
    ── Error ('test-algorithm.R:444:3'): stopifnot1 ────────────────────────────────
    Error in `checkPlagiarism_gplag_cpp_list_kernel2_test(parsess, h = 2, sums)`: argument of type LANGSXP is not a symbol or NULL
    Backtrace:
        ▆
     1. └─SimilaR::SimilaR_fromTwoFunctions(...) at test-algorithm.R:444:3
     2.   └─SimilaR:::SimilaR_general(...)
     3.     └─SimilaR:::checkPlagiarism_gplag_cpp_list_kernel2_test(...)
    ── Error ('test-algorithm.R:484:3'): magrittr4 ─────────────────────────────────
    Error in `checkPlagiarism_gplag_cpp_list_kernel2_test(parsess, h = 2, sums)`: argument of type LANGSXP is not a symbol or NULL
    Backtrace:
        ▆
     1. └─SimilaR::SimilaR_fromTwoFunctions(...) at test-algorithm.R:484:3
     2.   └─SimilaR:::SimilaR_general(...)
     3.     └─SimilaR:::checkPlagiarism_gplag_cpp_list_kernel2_test(...)
    ── Error ('test-algorithm.R:511:3'): magrittr5 ─────────────────────────────────
    Error in `checkPlagiarism_gplag_cpp_list_kernel2_test(parsess, h = 2, sums)`: argument of type LANGSXP is not a symbol or NULL
    Backtrace:
        ▆
     1. └─SimilaR::SimilaR_fromTwoFunctions(...) at test-algorithm.R:511:3
     2.   └─SimilaR:::SimilaR_general(...)
     3.     └─SimilaR:::checkPlagiarism_gplag_cpp_list_kernel2_test(...)
    ── Error ('test-algorithm.R:557:3'): return1 ───────────────────────────────────
    Error in `checkPlagiarism_gplag_cpp_list_kernel2_test(parsess, h = 2, sums)`: argument of type LANGSXP is not a symbol or NULL
    Backtrace:
        ▆
     1. └─SimilaR::SimilaR_fromTwoFunctions(...) at test-algorithm.R:557:3
     2.   └─SimilaR:::SimilaR_general(...)
     3.     └─SimilaR:::checkPlagiarism_gplag_cpp_list_kernel2_test(...)
    ── Error ('test-algorithm.R:618:3'): return2 ───────────────────────────────────
    Error in `checkPlagiarism_gplag_cpp_list_kernel2_test(parsess, h = 2, sums)`: argument of type LANGSXP is not a symbol or NULL
    Backtrace:
        ▆
     1. └─SimilaR::SimilaR_fromTwoFunctions(...) at test-algorithm.R:618:3
     2.   └─SimilaR:::SimilaR_general(...)
     3.     └─SimilaR:::checkPlagiarism_gplag_cpp_list_kernel2_test(...)
    ── Error ('test-algorithm.R:664:3'): return3 ───────────────────────────────────
    Error in `checkPlagiarism_gplag_cpp_list_kernel2_test(parsess, h = 2, sums)`: argument of type LANGSXP is not a symbol or NULL
    Backtrace:
        ▆
     1. └─SimilaR::SimilaR_fromTwoFunctions(...) at test-algorithm.R:664:3
     2.   └─SimilaR:::SimilaR_general(...)
     3.     └─SimilaR:::checkPlagiarism_gplag_cpp_list_kernel2_test(...)
    ── Error ('test-algorithm.R:719:3'): negation1 ─────────────────────────────────
    Error in `checkPlagiarism_gplag_cpp_list_kernel2_test(parsess, h = 2, sums)`: argument of type LANGSXP is not a symbol or NULL
    Backtrace:
        ▆
     1. └─SimilaR::SimilaR_fromTwoFunctions(...) at test-algorithm.R:719:3
     2.   └─SimilaR:::SimilaR_general(...)
     3.     └─SimilaR:::checkPlagiarism_gplag_cpp_list_kernel2_test(...)
    ── Error ('test-algorithm.R:774:3'): negation2 ─────────────────────────────────
    Error in `checkPlagiarism_gplag_cpp_list_kernel2_test(parsess, h = 2, sums)`: argument of type LANGSXP is not a symbol or NULL
    Backtrace:
        ▆
     1. └─SimilaR::SimilaR_fromTwoFunctions(...) at test-algorithm.R:774:3
     2.   └─SimilaR:::SimilaR_general(...)
     3.     └─SimilaR:::checkPlagiarism_gplag_cpp_list_kernel2_test(...)
    ── Error ('test-algorithm.R:830:3'): negation3 ─────────────────────────────────
    Error in `checkPlagiarism_gplag_cpp_list_kernel2_test(parsess, h = 2, sums)`: argument of type LANGSXP is not a symbol or NULL
    Backtrace:
        ▆
     1. └─SimilaR::SimilaR_fromTwoFunctions(...) at test-algorithm.R:830:3
     2.   └─SimilaR:::SimilaR_general(...)
     3.     └─SimilaR:::checkPlagiarism_gplag_cpp_list_kernel2_test(...)
    ── Error ('test-algorithm.R:876:3'): negation4 ─────────────────────────────────
    Error in `checkPlagiarism_gplag_cpp_list_kernel2_test(parsess, h = 2, sums)`: argument of type LANGSXP is not a symbol or NULL
    Backtrace:
        ▆
     1. └─SimilaR::SimilaR_fromTwoFunctions(...) at test-algorithm.R:876:3
     2.   └─SimilaR:::SimilaR_general(...)
     3.     └─SimilaR:::checkPlagiarism_gplag_cpp_list_kernel2_test(...)
    ── Error ('test-algorithm.R:935:7'): ifs1 ──────────────────────────────────────
    Error in `checkPlagiarism_gplag_cpp_list_kernel2_test(parsess, h = 2, sums)`: argument of type LANGSXP is not a symbol or NULL
    Backtrace:
        ▆
     1. ├─base::rbind(...) at test-algorithm.R:935:7
     2. └─SimilaR::SimilaR_fromTwoFunctions(...)
     3.   └─SimilaR:::SimilaR_general(...)
     4.     └─SimilaR:::checkPlagiarism_gplag_cpp_list_kernel2_test(...)
    ── Error ('test-algorithm.R:1030:3'): ifs2 ─────────────────────────────────────
    Error in `checkPlagiarism_gplag_cpp_list_kernel2_test(parsess, h = 2, sums)`: argument of type LANGSXP is not a symbol or NULL
    Backtrace:
        ▆
     1. └─SimilaR::SimilaR_fromTwoFunctions(...) at test-algorithm.R:1030:3
     2.   └─SimilaR:::SimilaR_general(...)
     3.     └─SimilaR:::checkPlagiarism_gplag_cpp_list_kernel2_test(...)
    ── Error ('test-algorithm.R:1126:7'): ifs3 ─────────────────────────────────────
    Error in `checkPlagiarism_gplag_cpp_list_kernel2_test(parsess, h = 2, sums)`: argument of type LANGSXP is not a symbol or NULL
    Backtrace:
        ▆
     1. ├─base::rbind(...) at test-algorithm.R:1126:7
     2. └─SimilaR::SimilaR_fromTwoFunctions(...)
     3.   └─SimilaR:::SimilaR_general(...)
     4.     └─SimilaR:::checkPlagiarism_gplag_cpp_list_kernel2_test(...)
    ── Error ('test-algorithm.R:1196:7'): ifs4 ─────────────────────────────────────
    Error in `checkPlagiarism_gplag_cpp_list_kernel2_test(parsess, h = 2, sums)`: argument of type LANGSXP is not a symbol or NULL
    Backtrace:
        ▆
     1. ├─base::rbind(...) at test-algorithm.R:1196:7
     2. └─SimilaR::SimilaR_fromTwoFunctions(...)
     3.   └─SimilaR:::SimilaR_general(...)
     4.     └─SimilaR:::checkPlagiarism_gplag_cpp_list_kernel2_test(...)
    ── Error ('test-algorithm.R:1266:7'): ifs5 ─────────────────────────────────────
    Error in `checkPlagiarism_gplag_cpp_list_kernel2_test(parsess, h = 2, sums)`: argument of type LANGSXP is not a symbol or NULL
    Backtrace:
        ▆
     1. ├─base::rbind(...) at test-algorithm.R:1266:7
     2. └─SimilaR::SimilaR_fromTwoFunctions(...)
     3.   └─SimilaR:::SimilaR_general(...)
     4.     └─SimilaR:::checkPlagiarism_gplag_cpp_list_kernel2_test(...)
    ── Error ('test-algorithm.R:1311:7'): loops1 ───────────────────────────────────
    Error in `checkPlagiarism_gplag_cpp_list_kernel2_test(parsess, h = 2, sums)`: argument of type LANGSXP is not a symbol or NULL
    Backtrace:
        ▆
     1. ├─base::rbind(...) at test-algorithm.R:1311:7
     2. └─SimilaR::SimilaR_fromTwoFunctions(...)
     3.   └─SimilaR:::SimilaR_general(...)
     4.     └─SimilaR:::checkPlagiarism_gplag_cpp_list_kernel2_test(...)
    ── Error ('test-algorithm.R:1349:3'): loops2 ───────────────────────────────────
    Error in `checkPlagiarism_gplag_cpp_list_kernel2_test(parsess, h = 2, sums)`: argument of type LANGSXP is not a symbol or NULL
    Backtrace:
        ▆
     1. └─SimilaR::SimilaR_fromTwoFunctions(...) at test-algorithm.R:1349:3
     2.   └─SimilaR:::SimilaR_general(...)
     3.     └─SimilaR:::checkPlagiarism_gplag_cpp_list_kernel2_test(...)
    ── Error ('test-algorithm.R:1393:7'): loops3 ───────────────────────────────────
    Error in `checkPlagiarism_gplag_cpp_list_kernel2_test(parsess, h = 2, sums)`: argument of type LANGSXP is not a symbol or NULL
    Backtrace:
        ▆
     1. ├─base::rbind(...) at test-algorithm.R:1393:7
     2. └─SimilaR::SimilaR_fromTwoFunctions(...)
     3.   └─SimilaR:::SimilaR_general(...)
     4.     └─SimilaR:::checkPlagiarism_gplag_cpp_list_kernel2_test(...)
    ── Error ('test-algorithm.R:1469:7'): loops4 ───────────────────────────────────
    Error in `checkPlagiarism_gplag_cpp_list_kernel2_test(parsess, h = 2, sums)`: argument of type LANGSXP is not a symbol or NULL
    Backtrace:
        ▆
     1. ├─base::rbind(...) at test-algorithm.R:1469:7
     2. └─SimilaR::SimilaR_fromTwoFunctions(...)
     3.   └─SimilaR:::SimilaR_general(...)
     4.     └─SimilaR:::checkPlagiarism_gplag_cpp_list_kernel2_test(...)
    ── Error ('test-algorithm.R:1510:7'): loops5 ───────────────────────────────────
    Error in `checkPlagiarism_gplag_cpp_list_kernel2_test(parsess, h = 2, sums)`: argument of type LANGSXP is not a symbol or NULL
    Backtrace:
        ▆
     1. ├─base::rbind(...) at test-algorithm.R:1510:7
     2. └─SimilaR::SimilaR_fromTwoFunctions(...)
     3.   └─SimilaR:::SimilaR_general(...)
     4.     └─SimilaR:::checkPlagiarism_gplag_cpp_list_kernel2_test(...)
    ── Error ('test-algorithm.R:1561:7'): loops6 ───────────────────────────────────
    Error in `checkPlagiarism_gplag_cpp_list_kernel2_test(parsess, h = 2, sums)`: argument of type LANGSXP is not a symbol or NULL
    Backtrace:
        ▆
     1. ├─base::rbind(...) at test-algorithm.R:1561:7
     2. └─SimilaR::SimilaR_fromTwoFunctions(...)
     3.   └─SimilaR:::SimilaR_general(...)
     4.     └─SimilaR:::checkPlagiarism_gplag_cpp_list_kernel2_test(...)
    ── Error ('test-algorithm.R:1626:7'): loops7 ───────────────────────────────────
    Error in `checkPlagiarism_gplag_cpp_list_kernel2_test(parsess, h = 2, sums)`: argument of type LANGSXP is not a symbol or NULL
    Backtrace:
        ▆
     1. ├─base::rbind(...) at test-algorithm.R:1626:7
     2. └─SimilaR::SimilaR_fromTwoFunctions(...)
     3.   └─SimilaR:::SimilaR_general(...)
     4.     └─SimilaR:::checkPlagiarism_gplag_cpp_list_kernel2_test(...)
    ── Error ('test-algorithm.R:1659:7'): loops8 ───────────────────────────────────
    Error in `checkPlagiarism_gplag_cpp_list_kernel2_test(parsess, h = 2, sums)`: argument of type LANGSXP is not a symbol or NULL
    Backtrace:
        ▆
     1. ├─base::rbind(...) at test-algorithm.R:1659:7
     2. └─SimilaR::SimilaR_fromTwoFunctions(...)
     3.   └─SimilaR:::SimilaR_general(...)
     4.     └─SimilaR:::checkPlagiarism_gplag_cpp_list_kernel2_test(...)
    ── Error ('test-algorithm.R:1692:3'): dplyr-apply ──────────────────────────────
    Error in `checkPlagiarism_gplag_cpp_list_kernel2_test(parsess, h = 2, sums)`: argument of type LANGSXP is not a symbol or NULL
    Backtrace:
        ▆
     1. └─SimilaR::SimilaR_fromTwoFunctions(...) at test-algorithm.R:1692:3
     2.   └─SimilaR:::SimilaR_general(...)
     3.     └─SimilaR:::checkPlagiarism_gplag_cpp_list_kernel2_test(...)
    ── Error ('test-algorithm.R:1730:7'): braces-dead code ─────────────────────────
    Error in `checkPlagiarism_gplag_cpp_list_kernel2_test(parsess, h = 2, sums)`: argument of type LANGSXP is not a symbol or NULL
    Backtrace:
        ▆
     1. ├─base::rbind(...) at test-algorithm.R:1730:7
     2. └─SimilaR::SimilaR_fromTwoFunctions(...)
     3.   └─SimilaR:::SimilaR_general(...)
     4.     └─SimilaR:::checkPlagiarism_gplag_cpp_list_kernel2_test(...)
    
    [ FAIL 63 | WARN 0 | SKIP 0 | PASS 8 ]
    Error: Test failures
    Execution halted
Flavor: r-devel-linux-x86_64-debian-gcc
Version: 1.0.8
Check: examples
Result: ERROR
  Running examples in ‘SimilaR-Ex.R’ failed
  The error most likely occurred in:
  
  > ### Name: SimilaR_fromDirectory
  > ### Title: Quantify the Similarity of Pairs of R Functions
  > ### Aliases: SimilaR_fromDirectory SimilaR_fromTwoFunctions
  > 
  > ### ** Examples
  > 
  > f1 <- function(x) {x*x}
  > f2 <- function(x,y) {x+y}
  > 
  > ## A data frame is returned: 1 row, 4 columns
  > SimilaR_fromTwoFunctions(f1,
  +                          f2,
  +                          returnType = "data.frame",
  +                          aggregation = "tnorm")
  Error in checkPlagiarism_gplag_cpp_list_kernel2_test(parsess, h = 2, sums) : 
    argument of type LANGSXP is not a symbol or NULL
  Calls: SimilaR_fromTwoFunctions ... SimilaR_general -> checkPlagiarism_gplag_cpp_list_kernel2_test
  Execution halted
Flavor: r-devel-linux-x86_64-fedora-clang
Version: 1.0.8
Check: tests
Result: ERROR
    Running ‘testthat.R’
  Running the tests in ‘tests/testthat.R’ failed.
  Complete output:
    > library("testthat")
    > library("SimilaR")
    > test_check("SimilaR")
    [ FAIL 63 | WARN 0 | SKIP 0 | PASS 8 ]
    
    ══ Failed tests ════════════════════════════════════════════════════════════════
    ── Error ('test-SimilaR_fromDirectory.R:24:3'): simple_file ────────────────────
    Error in `checkPlagiarism_gplag_cpp_list_kernel2_test(parsess, h = 2, sums)`: argument of type LANGSXP is not a symbol or NULL
    Backtrace:
        ▆
     1. └─SimilaR::SimilaR_fromDirectory(...) at test-SimilaR_fromDirectory.R:24:3
     2.   └─SimilaR:::SimilaR_general(...)
     3.     └─SimilaR:::checkPlagiarism_gplag_cpp_list_kernel2_test(...)
    ── Error ('test-SimilaR_fromDirectory.R:37:3'): simple_file_data2 ──────────────
    Error in `checkPlagiarism_gplag_cpp_list_kernel2_test(parsess, h = 2, sums)`: argument of type LANGSXP is not a symbol or NULL
    Backtrace:
        ▆
     1. └─SimilaR::SimilaR_fromDirectory(...) at test-SimilaR_fromDirectory.R:37:3
     2.   └─SimilaR:::SimilaR_general(...)
     3.     └─SimilaR:::checkPlagiarism_gplag_cpp_list_kernel2_test(...)
    ── Error ('test-SimilaR_fromDirectory.R:50:3'): simple_function_data2 ──────────
    Error in `checkPlagiarism_gplag_cpp_list_kernel2_test(parsess, h = 2, sums)`: argument of type LANGSXP is not a symbol or NULL
    Backtrace:
        ▆
     1. └─SimilaR::SimilaR_fromDirectory(...) at test-SimilaR_fromDirectory.R:50:3
     2.   └─SimilaR:::SimilaR_general(...)
     3.     └─SimilaR:::checkPlagiarism_gplag_cpp_list_kernel2_test(...)
    ── Error ('test-SimilaR_fromDirectory.R:64:3'): simple_function ────────────────
    Error in `checkPlagiarism_gplag_cpp_list_kernel2_test(parsess, h = 2, sums)`: argument of type LANGSXP is not a symbol or NULL
    Backtrace:
        ▆
     1. └─SimilaR::SimilaR_fromDirectory(...) at test-SimilaR_fromDirectory.R:64:3
     2.   └─SimilaR:::SimilaR_general(...)
     3.     └─SimilaR:::checkPlagiarism_gplag_cpp_list_kernel2_test(...)
    ── Error ('test-SimilaR_fromDirectory.R:77:3'): match_arg_returnType ───────────
    Error in `checkPlagiarism_gplag_cpp_list_kernel2_test(parsess, h = 2, sums)`: argument of type LANGSXP is not a symbol or NULL
    Backtrace:
        ▆
     1. └─SimilaR::SimilaR_fromDirectory(dirname, fileTypes = "file", aggregation = "sym") at test-SimilaR_fromDirectory.R:77:3
     2.   └─SimilaR:::SimilaR_general(...)
     3.     └─SimilaR:::checkPlagiarism_gplag_cpp_list_kernel2_test(...)
    ── Error ('test-SimilaR_fromDirectory.R:89:3'): match_arg_fileTypes ────────────
    Error in `checkPlagiarism_gplag_cpp_list_kernel2_test(parsess, h = 2, sums)`: argument of type LANGSXP is not a symbol or NULL
    Backtrace:
        ▆
     1. └─SimilaR::SimilaR_fromDirectory(...) at test-SimilaR_fromDirectory.R:89:3
     2.   └─SimilaR:::SimilaR_general(...)
     3.     └─SimilaR:::checkPlagiarism_gplag_cpp_list_kernel2_test(...)
    ── Error ('test-SimilaR_fromDirectory.R:101:3'): match_arg_aggregation ─────────
    Error in `checkPlagiarism_gplag_cpp_list_kernel2_test(parsess, h = 2, sums)`: argument of type LANGSXP is not a symbol or NULL
    Backtrace:
        ▆
     1. └─SimilaR::SimilaR_fromDirectory(dirname, fileTypes = "file", returnType = "data.frame") at test-SimilaR_fromDirectory.R:101:3
     2.   └─SimilaR:::SimilaR_general(...)
     3.     └─SimilaR:::checkPlagiarism_gplag_cpp_list_kernel2_test(...)
    ── Error ('test-SimilaR_fromDirectory.R:113:3'): match_arg ─────────────────────
    Error in `checkPlagiarism_gplag_cpp_list_kernel2_test(parsess, h = 2, sums)`: argument of type LANGSXP is not a symbol or NULL
    Backtrace:
        ▆
     1. └─SimilaR::SimilaR_fromDirectory(dirname) at test-SimilaR_fromDirectory.R:113:3
     2.   └─SimilaR:::SimilaR_general(...)
     3.     └─SimilaR:::checkPlagiarism_gplag_cpp_list_kernel2_test(...)
    ── Error ('test-SimilaR_fromDirectory.R:153:3'): oneFile_function ──────────────
    Error in `checkPlagiarism_gplag_cpp_list_kernel2_test(parsess, h = 2, sums)`: argument of type LANGSXP is not a symbol or NULL
    Backtrace:
        ▆
     1. └─SimilaR::SimilaR_fromDirectory(...) at test-SimilaR_fromDirectory.R:153:3
     2.   └─SimilaR:::SimilaR_general(...)
     3.     └─SimilaR:::checkPlagiarism_gplag_cpp_list_kernel2_test(...)
    ── Error ('test-SimilaR_fromDirectory.R:179:3'): sym_dataframe ─────────────────
    Error in `checkPlagiarism_gplag_cpp_list_kernel2_test(parsess, h = 2, sums)`: argument of type LANGSXP is not a symbol or NULL
    Backtrace:
        ▆
     1. └─SimilaR::SimilaR_fromDirectory(...) at test-SimilaR_fromDirectory.R:179:3
     2.   └─SimilaR:::SimilaR_general(...)
     3.     └─SimilaR:::checkPlagiarism_gplag_cpp_list_kernel2_test(...)
    ── Error ('test-SimilaR_fromDirectory.R:192:3'): tnorm_dataframe ───────────────
    Error in `checkPlagiarism_gplag_cpp_list_kernel2_test(parsess, h = 2, sums)`: argument of type LANGSXP is not a symbol or NULL
    Backtrace:
        ▆
     1. └─SimilaR::SimilaR_fromDirectory(...) at test-SimilaR_fromDirectory.R:192:3
     2.   └─SimilaR:::SimilaR_general(...)
     3.     └─SimilaR:::checkPlagiarism_gplag_cpp_list_kernel2_test(...)
    ── Error ('test-SimilaR_fromDirectory.R:205:3'): both_dataframe ────────────────
    Error in `checkPlagiarism_gplag_cpp_list_kernel2_test(parsess, h = 2, sums)`: argument of type LANGSXP is not a symbol or NULL
    Backtrace:
        ▆
     1. └─SimilaR::SimilaR_fromDirectory(...) at test-SimilaR_fromDirectory.R:205:3
     2.   └─SimilaR:::SimilaR_general(...)
     3.     └─SimilaR:::checkPlagiarism_gplag_cpp_list_kernel2_test(...)
    ── Error ('test-SimilaR_fromDirectory.R:222:3'): sym_matrix ────────────────────
    Error in `checkPlagiarism_gplag_cpp_list_kernel2_test(parsess, h = 2, sums)`: argument of type LANGSXP is not a symbol or NULL
    Backtrace:
        ▆
     1. └─SimilaR::SimilaR_fromDirectory(...) at test-SimilaR_fromDirectory.R:222:3
     2.   └─SimilaR:::SimilaR_general(...)
     3.     └─SimilaR:::checkPlagiarism_gplag_cpp_list_kernel2_test(...)
    ── Error ('test-SimilaR_fromDirectory.R:238:3'): tnorm_matrix ──────────────────
    Error in `checkPlagiarism_gplag_cpp_list_kernel2_test(parsess, h = 2, sums)`: argument of type LANGSXP is not a symbol or NULL
    Backtrace:
        ▆
     1. └─SimilaR::SimilaR_fromDirectory(...) at test-SimilaR_fromDirectory.R:238:3
     2.   └─SimilaR:::SimilaR_general(...)
     3.     └─SimilaR:::checkPlagiarism_gplag_cpp_list_kernel2_test(...)
    ── Error ('test-SimilaR_fromDirectory.R:254:3'): both_matrix ───────────────────
    Error in `checkPlagiarism_gplag_cpp_list_kernel2_test(parsess, h = 2, sums)`: argument of type LANGSXP is not a symbol or NULL
    Backtrace:
        ▆
     1. └─SimilaR::SimilaR_fromDirectory(...) at test-SimilaR_fromDirectory.R:254:3
     2.   └─SimilaR:::SimilaR_general(...)
     3.     └─SimilaR:::checkPlagiarism_gplag_cpp_list_kernel2_test(...)
    ── Error ('test-SimilaR_fromTwoFunctions.R:26:3'): simple_f1f2 ─────────────────
    Error in `checkPlagiarism_gplag_cpp_list_kernel2_test(parsess, h = 2, sums)`: argument of type LANGSXP is not a symbol or NULL
    Backtrace:
        ▆
     1. └─SimilaR::SimilaR_fromTwoFunctions(...) at test-SimilaR_fromTwoFunctions.R:26:3
     2.   └─SimilaR:::SimilaR_general(...)
     3.     └─SimilaR:::checkPlagiarism_gplag_cpp_list_kernel2_test(...)
    ── Error ('test-SimilaR_fromTwoFunctions.R:65:3'): sym_dataframe ───────────────
    Error in `checkPlagiarism_gplag_cpp_list_kernel2_test(parsess, h = 2, sums)`: argument of type LANGSXP is not a symbol or NULL
    Backtrace:
        ▆
     1. └─SimilaR::SimilaR_fromTwoFunctions(...) at test-SimilaR_fromTwoFunctions.R:65:3
     2.   └─SimilaR:::SimilaR_general(...)
     3.     └─SimilaR:::checkPlagiarism_gplag_cpp_list_kernel2_test(...)
    ── Error ('test-SimilaR_fromTwoFunctions.R:79:3'): tnorm_dataframe ─────────────
    Error in `checkPlagiarism_gplag_cpp_list_kernel2_test(parsess, h = 2, sums)`: argument of type LANGSXP is not a symbol or NULL
    Backtrace:
        ▆
     1. └─SimilaR::SimilaR_fromTwoFunctions(...) at test-SimilaR_fromTwoFunctions.R:79:3
     2.   └─SimilaR:::SimilaR_general(...)
     3.     └─SimilaR:::checkPlagiarism_gplag_cpp_list_kernel2_test(...)
    ── Error ('test-SimilaR_fromTwoFunctions.R:93:3'): both_dataframe ──────────────
    Error in `checkPlagiarism_gplag_cpp_list_kernel2_test(parsess, h = 2, sums)`: argument of type LANGSXP is not a symbol or NULL
    Backtrace:
        ▆
     1. └─SimilaR::SimilaR_fromTwoFunctions(...) at test-SimilaR_fromTwoFunctions.R:93:3
     2.   └─SimilaR:::SimilaR_general(...)
     3.     └─SimilaR:::checkPlagiarism_gplag_cpp_list_kernel2_test(...)
    ── Error ('test-SimilaR_fromTwoFunctions.R:108:3'): match_arg_aggregation ──────
    Error in `checkPlagiarism_gplag_cpp_list_kernel2_test(parsess, h = 2, sums)`: argument of type LANGSXP is not a symbol or NULL
    Backtrace:
        ▆
     1. └─SimilaR::SimilaR_fromTwoFunctions(f1, f2, returnType = "data.frame") at test-SimilaR_fromTwoFunctions.R:108:3
     2.   └─SimilaR:::SimilaR_general(...)
     3.     └─SimilaR:::checkPlagiarism_gplag_cpp_list_kernel2_test(...)
    ── Error ('test-SimilaR_fromTwoFunctions.R:123:3'): match_arg_returnType ───────
    Error in `checkPlagiarism_gplag_cpp_list_kernel2_test(parsess, h = 2, sums)`: argument of type LANGSXP is not a symbol or NULL
    Backtrace:
        ▆
     1. └─SimilaR::SimilaR_fromTwoFunctions(f1, f2, aggregation = "both") at test-SimilaR_fromTwoFunctions.R:123:3
     2.   └─SimilaR:::SimilaR_general(...)
     3.     └─SimilaR:::checkPlagiarism_gplag_cpp_list_kernel2_test(...)
    ── Error ('test-SimilaR_fromTwoFunctions.R:138:3'): match_arg ──────────────────
    Error in `checkPlagiarism_gplag_cpp_list_kernel2_test(parsess, h = 2, sums)`: argument of type LANGSXP is not a symbol or NULL
    Backtrace:
        ▆
     1. └─SimilaR::SimilaR_fromTwoFunctions(f1, f2) at test-SimilaR_fromTwoFunctions.R:138:3
     2.   └─SimilaR:::SimilaR_general(...)
     3.     └─SimilaR:::checkPlagiarism_gplag_cpp_list_kernel2_test(...)
    ── Error ('test-SimilaR_fromTwoFunctions.R:154:3'): functionNames1 ─────────────
    Error in `checkPlagiarism_gplag_cpp_list_kernel2_test(parsess, h = 2, sums)`: argument of type LANGSXP is not a symbol or NULL
    Backtrace:
        ▆
     1. └─SimilaR::SimilaR_fromTwoFunctions(funs[[1]], funs[[2]]) at test-SimilaR_fromTwoFunctions.R:154:3
     2.   └─SimilaR:::SimilaR_general(...)
     3.     └─SimilaR:::checkPlagiarism_gplag_cpp_list_kernel2_test(...)
    ── Error ('test-SimilaR_fromTwoFunctions.R:166:3'): functionNames2 ─────────────
    Error in `checkPlagiarism_gplag_cpp_list_kernel2_test(parsess, h = 2, sums)`: argument of type LANGSXP is not a symbol or NULL
    Backtrace:
        ▆
     1. └─SimilaR::SimilaR_fromTwoFunctions(f1, `name<-`) at test-SimilaR_fromTwoFunctions.R:166:3
     2.   └─SimilaR:::SimilaR_general(...)
     3.     └─SimilaR:::checkPlagiarism_gplag_cpp_list_kernel2_test(...)
    ── Error ('test-SimilaR_fromTwoFunctions.R:178:3'): functionNames3 ─────────────
    Error in `checkPlagiarism_gplag_cpp_list_kernel2_test(parsess, h = 2, sums)`: argument of type LANGSXP is not a symbol or NULL
    Backtrace:
        ▆
     1. └─SimilaR::SimilaR_fromTwoFunctions(...) at test-SimilaR_fromTwoFunctions.R:178:3
     2.   └─SimilaR:::SimilaR_general(...)
     3.     └─SimilaR:::checkPlagiarism_gplag_cpp_list_kernel2_test(...)
    ── Error ('test-SimilaR_fromTwoFunctions.R:211:3'): sym_matrix ─────────────────
    Error in `checkPlagiarism_gplag_cpp_list_kernel2_test(parsess, h = 2, sums)`: argument of type LANGSXP is not a symbol or NULL
    Backtrace:
        ▆
     1. └─SimilaR::SimilaR_fromTwoFunctions(...) at test-SimilaR_fromTwoFunctions.R:211:3
     2.   └─SimilaR:::SimilaR_general(...)
     3.     └─SimilaR:::checkPlagiarism_gplag_cpp_list_kernel2_test(...)
    ── Error ('test-SimilaR_fromTwoFunctions.R:228:3'): tnorm_matrix ───────────────
    Error in `checkPlagiarism_gplag_cpp_list_kernel2_test(parsess, h = 2, sums)`: argument of type LANGSXP is not a symbol or NULL
    Backtrace:
        ▆
     1. └─SimilaR::SimilaR_fromTwoFunctions(...) at test-SimilaR_fromTwoFunctions.R:228:3
     2.   └─SimilaR:::SimilaR_general(...)
     3.     └─SimilaR:::checkPlagiarism_gplag_cpp_list_kernel2_test(...)
    ── Error ('test-SimilaR_fromTwoFunctions.R:245:3'): both_matrix ────────────────
    Error in `checkPlagiarism_gplag_cpp_list_kernel2_test(parsess, h = 2, sums)`: argument of type LANGSXP is not a symbol or NULL
    Backtrace:
        ▆
     1. └─SimilaR::SimilaR_fromTwoFunctions(...) at test-SimilaR_fromTwoFunctions.R:245:3
     2.   └─SimilaR:::SimilaR_general(...)
     3.     └─SimilaR:::checkPlagiarism_gplag_cpp_list_kernel2_test(...)
    ── Error ('test-algorithm.R:50:3'): return ─────────────────────────────────────
    Error in `checkPlagiarism_gplag_cpp_list_kernel2_test(parsess, h = 2, sums)`: argument of type LANGSXP is not a symbol or NULL
    Backtrace:
        ▆
     1. └─SimilaR::SimilaR_fromTwoFunctions(...) at test-algorithm.R:50:3
     2.   └─SimilaR:::SimilaR_general(...)
     3.     └─SimilaR:::checkPlagiarism_gplag_cpp_list_kernel2_test(...)
    ── Error ('test-algorithm.R:90:3'): aliases ────────────────────────────────────
    Error in `checkPlagiarism_gplag_cpp_list_kernel2_test(parsess, h = 2, sums)`: argument of type LANGSXP is not a symbol or NULL
    Backtrace:
        ▆
     1. └─SimilaR::SimilaR_fromTwoFunctions(...) at test-algorithm.R:90:3
     2.   └─SimilaR:::SimilaR_general(...)
     3.     └─SimilaR:::checkPlagiarism_gplag_cpp_list_kernel2_test(...)
    ── Error ('test-algorithm.R:135:3'): function_combining ────────────────────────
    Error in `checkPlagiarism_gplag_cpp_list_kernel2_test(parsess, h = 2, sums)`: argument of type LANGSXP is not a symbol or NULL
    Backtrace:
        ▆
     1. └─SimilaR::SimilaR_fromTwoFunctions(...) at test-algorithm.R:135:3
     2.   └─SimilaR:::SimilaR_general(...)
     3.     └─SimilaR:::checkPlagiarism_gplag_cpp_list_kernel2_test(...)
    ── Error ('test-algorithm.R:178:3'): multiple_calls ────────────────────────────
    Error in `checkPlagiarism_gplag_cpp_list_kernel2_test(parsess, h = 2, sums)`: argument of type LANGSXP is not a symbol or NULL
    Backtrace:
        ▆
     1. └─SimilaR::SimilaR_fromTwoFunctions(...) at test-algorithm.R:178:3
     2.   └─SimilaR:::SimilaR_general(...)
     3.     └─SimilaR:::checkPlagiarism_gplag_cpp_list_kernel2_test(...)
    ── Error ('test-algorithm.R:228:3'): stopifnot ─────────────────────────────────
    Error in `checkPlagiarism_gplag_cpp_list_kernel2_test(parsess, h = 2, sums)`: argument of type LANGSXP is not a symbol or NULL
    Backtrace:
        ▆
     1. ├─base::rbind(...) at test-algorithm.R:228:3
     2. └─SimilaR::SimilaR_fromTwoFunctions(...)
     3.   └─SimilaR:::SimilaR_general(...)
     4.     └─SimilaR:::checkPlagiarism_gplag_cpp_list_kernel2_test(...)
    ── Error ('test-algorithm.R:277:3'): order ─────────────────────────────────────
    Error in `checkPlagiarism_gplag_cpp_list_kernel2_test(parsess, h = 2, sums)`: argument of type LANGSXP is not a symbol or NULL
    Backtrace:
        ▆
     1. └─SimilaR::SimilaR_fromTwoFunctions(...) at test-algorithm.R:277:3
     2.   └─SimilaR:::SimilaR_general(...)
     3.     └─SimilaR:::checkPlagiarism_gplag_cpp_list_kernel2_test(...)
    ── Error ('test-algorithm.R:323:3'): dead_code ─────────────────────────────────
    Error in `checkPlagiarism_gplag_cpp_list_kernel2_test(parsess, h = 2, sums)`: argument of type LANGSXP is not a symbol or NULL
    Backtrace:
        ▆
     1. └─SimilaR::SimilaR_fromTwoFunctions(...) at test-algorithm.R:323:3
     2.   └─SimilaR:::SimilaR_general(...)
     3.     └─SimilaR:::checkPlagiarism_gplag_cpp_list_kernel2_test(...)
    ── Error ('test-algorithm.R:345:3'): magrittr1 ─────────────────────────────────
    Error in `checkPlagiarism_gplag_cpp_list_kernel2_test(parsess, h = 2, sums)`: argument of type LANGSXP is not a symbol or NULL
    Backtrace:
        ▆
     1. └─SimilaR::SimilaR_fromTwoFunctions(...) at test-algorithm.R:345:3
     2.   └─SimilaR:::SimilaR_general(...)
     3.     └─SimilaR:::checkPlagiarism_gplag_cpp_list_kernel2_test(...)
    ── Error ('test-algorithm.R:366:3'): magrittr2 ─────────────────────────────────
    Error in `checkPlagiarism_gplag_cpp_list_kernel2_test(parsess, h = 2, sums)`: argument of type LANGSXP is not a symbol or NULL
    Backtrace:
        ▆
     1. └─SimilaR::SimilaR_fromTwoFunctions(...) at test-algorithm.R:366:3
     2.   └─SimilaR:::SimilaR_general(...)
     3.     └─SimilaR:::checkPlagiarism_gplag_cpp_list_kernel2_test(...)
    ── Error ('test-algorithm.R:396:3'): magrittr3 ─────────────────────────────────
    Error in `checkPlagiarism_gplag_cpp_list_kernel2_test(parsess, h = 2, sums)`: argument of type LANGSXP is not a symbol or NULL
    Backtrace:
        ▆
     1. └─SimilaR::SimilaR_fromTwoFunctions(...) at test-algorithm.R:396:3
     2.   └─SimilaR:::SimilaR_general(...)
     3.     └─SimilaR:::checkPlagiarism_gplag_cpp_list_kernel2_test(...)
    ── Error ('test-algorithm.R:444:3'): stopifnot1 ────────────────────────────────
    Error in `checkPlagiarism_gplag_cpp_list_kernel2_test(parsess, h = 2, sums)`: argument of type LANGSXP is not a symbol or NULL
    Backtrace:
        ▆
     1. └─SimilaR::SimilaR_fromTwoFunctions(...) at test-algorithm.R:444:3
     2.   └─SimilaR:::SimilaR_general(...)
     3.     └─SimilaR:::checkPlagiarism_gplag_cpp_list_kernel2_test(...)
    ── Error ('test-algorithm.R:484:3'): magrittr4 ─────────────────────────────────
    Error in `checkPlagiarism_gplag_cpp_list_kernel2_test(parsess, h = 2, sums)`: argument of type LANGSXP is not a symbol or NULL
    Backtrace:
        ▆
     1. └─SimilaR::SimilaR_fromTwoFunctions(...) at test-algorithm.R:484:3
     2.   └─SimilaR:::SimilaR_general(...)
     3.     └─SimilaR:::checkPlagiarism_gplag_cpp_list_kernel2_test(...)
    ── Error ('test-algorithm.R:511:3'): magrittr5 ─────────────────────────────────
    Error in `checkPlagiarism_gplag_cpp_list_kernel2_test(parsess, h = 2, sums)`: argument of type LANGSXP is not a symbol or NULL
    Backtrace:
        ▆
     1. └─SimilaR::SimilaR_fromTwoFunctions(...) at test-algorithm.R:511:3
     2.   └─SimilaR:::SimilaR_general(...)
     3.     └─SimilaR:::checkPlagiarism_gplag_cpp_list_kernel2_test(...)
    ── Error ('test-algorithm.R:557:3'): return1 ───────────────────────────────────
    Error in `checkPlagiarism_gplag_cpp_list_kernel2_test(parsess, h = 2, sums)`: argument of type LANGSXP is not a symbol or NULL
    Backtrace:
        ▆
     1. └─SimilaR::SimilaR_fromTwoFunctions(...) at test-algorithm.R:557:3
     2.   └─SimilaR:::SimilaR_general(...)
     3.     └─SimilaR:::checkPlagiarism_gplag_cpp_list_kernel2_test(...)
    ── Error ('test-algorithm.R:618:3'): return2 ───────────────────────────────────
    Error in `checkPlagiarism_gplag_cpp_list_kernel2_test(parsess, h = 2, sums)`: argument of type LANGSXP is not a symbol or NULL
    Backtrace:
        ▆
     1. └─SimilaR::SimilaR_fromTwoFunctions(...) at test-algorithm.R:618:3
     2.   └─SimilaR:::SimilaR_general(...)
     3.     └─SimilaR:::checkPlagiarism_gplag_cpp_list_kernel2_test(...)
    ── Error ('test-algorithm.R:664:3'): return3 ───────────────────────────────────
    Error in `checkPlagiarism_gplag_cpp_list_kernel2_test(parsess, h = 2, sums)`: argument of type LANGSXP is not a symbol or NULL
    Backtrace:
        ▆
     1. └─SimilaR::SimilaR_fromTwoFunctions(...) at test-algorithm.R:664:3
     2.   └─SimilaR:::SimilaR_general(...)
     3.     └─SimilaR:::checkPlagiarism_gplag_cpp_list_kernel2_test(...)
    ── Error ('test-algorithm.R:719:3'): negation1 ─────────────────────────────────
    Error in `checkPlagiarism_gplag_cpp_list_kernel2_test(parsess, h = 2, sums)`: argument of type LANGSXP is not a symbol or NULL
    Backtrace:
        ▆
     1. └─SimilaR::SimilaR_fromTwoFunctions(...) at test-algorithm.R:719:3
     2.   └─SimilaR:::SimilaR_general(...)
     3.     └─SimilaR:::checkPlagiarism_gplag_cpp_list_kernel2_test(...)
    ── Error ('test-algorithm.R:774:3'): negation2 ─────────────────────────────────
    Error in `checkPlagiarism_gplag_cpp_list_kernel2_test(parsess, h = 2, sums)`: argument of type LANGSXP is not a symbol or NULL
    Backtrace:
        ▆
     1. └─SimilaR::SimilaR_fromTwoFunctions(...) at test-algorithm.R:774:3
     2.   └─SimilaR:::SimilaR_general(...)
     3.     └─SimilaR:::checkPlagiarism_gplag_cpp_list_kernel2_test(...)
    ── Error ('test-algorithm.R:830:3'): negation3 ─────────────────────────────────
    Error in `checkPlagiarism_gplag_cpp_list_kernel2_test(parsess, h = 2, sums)`: argument of type LANGSXP is not a symbol or NULL
    Backtrace:
        ▆
     1. └─SimilaR::SimilaR_fromTwoFunctions(...) at test-algorithm.R:830:3
     2.   └─SimilaR:::SimilaR_general(...)
     3.     └─SimilaR:::checkPlagiarism_gplag_cpp_list_kernel2_test(...)
    ── Error ('test-algorithm.R:876:3'): negation4 ─────────────────────────────────
    Error in `checkPlagiarism_gplag_cpp_list_kernel2_test(parsess, h = 2, sums)`: argument of type LANGSXP is not a symbol or NULL
    Backtrace:
        ▆
     1. └─SimilaR::SimilaR_fromTwoFunctions(...) at test-algorithm.R:876:3
     2.   └─SimilaR:::SimilaR_general(...)
     3.     └─SimilaR:::checkPlagiarism_gplag_cpp_list_kernel2_test(...)
    ── Error ('test-algorithm.R:935:7'): ifs1 ──────────────────────────────────────
    Error in `checkPlagiarism_gplag_cpp_list_kernel2_test(parsess, h = 2, sums)`: argument of type LANGSXP is not a symbol or NULL
    Backtrace:
        ▆
     1. ├─base::rbind(...) at test-algorithm.R:935:7
     2. └─SimilaR::SimilaR_fromTwoFunctions(...)
     3.   └─SimilaR:::SimilaR_general(...)
     4.     └─SimilaR:::checkPlagiarism_gplag_cpp_list_kernel2_test(...)
    ── Error ('test-algorithm.R:1030:3'): ifs2 ─────────────────────────────────────
    Error in `checkPlagiarism_gplag_cpp_list_kernel2_test(parsess, h = 2, sums)`: argument of type LANGSXP is not a symbol or NULL
    Backtrace:
        ▆
     1. └─SimilaR::SimilaR_fromTwoFunctions(...) at test-algorithm.R:1030:3
     2.   └─SimilaR:::SimilaR_general(...)
     3.     └─SimilaR:::checkPlagiarism_gplag_cpp_list_kernel2_test(...)
    ── Error ('test-algorithm.R:1126:7'): ifs3 ─────────────────────────────────────
    Error in `checkPlagiarism_gplag_cpp_list_kernel2_test(parsess, h = 2, sums)`: argument of type LANGSXP is not a symbol or NULL
    Backtrace:
        ▆
     1. ├─base::rbind(...) at test-algorithm.R:1126:7
     2. └─SimilaR::SimilaR_fromTwoFunctions(...)
     3.   └─SimilaR:::SimilaR_general(...)
     4.     └─SimilaR:::checkPlagiarism_gplag_cpp_list_kernel2_test(...)
    ── Error ('test-algorithm.R:1196:7'): ifs4 ─────────────────────────────────────
    Error in `checkPlagiarism_gplag_cpp_list_kernel2_test(parsess, h = 2, sums)`: argument of type LANGSXP is not a symbol or NULL
    Backtrace:
        ▆
     1. ├─base::rbind(...) at test-algorithm.R:1196:7
     2. └─SimilaR::SimilaR_fromTwoFunctions(...)
     3.   └─SimilaR:::SimilaR_general(...)
     4.     └─SimilaR:::checkPlagiarism_gplag_cpp_list_kernel2_test(...)
    ── Error ('test-algorithm.R:1266:7'): ifs5 ─────────────────────────────────────
    Error in `checkPlagiarism_gplag_cpp_list_kernel2_test(parsess, h = 2, sums)`: argument of type LANGSXP is not a symbol or NULL
    Backtrace:
        ▆
     1. ├─base::rbind(...) at test-algorithm.R:1266:7
     2. └─SimilaR::SimilaR_fromTwoFunctions(...)
     3.   └─SimilaR:::SimilaR_general(...)
     4.     └─SimilaR:::checkPlagiarism_gplag_cpp_list_kernel2_test(...)
    ── Error ('test-algorithm.R:1311:7'): loops1 ───────────────────────────────────
    Error in `checkPlagiarism_gplag_cpp_list_kernel2_test(parsess, h = 2, sums)`: argument of type LANGSXP is not a symbol or NULL
    Backtrace:
        ▆
     1. ├─base::rbind(...) at test-algorithm.R:1311:7
     2. └─SimilaR::SimilaR_fromTwoFunctions(...)
     3.   └─SimilaR:::SimilaR_general(...)
     4.     └─SimilaR:::checkPlagiarism_gplag_cpp_list_kernel2_test(...)
    ── Error ('test-algorithm.R:1349:3'): loops2 ───────────────────────────────────
    Error in `checkPlagiarism_gplag_cpp_list_kernel2_test(parsess, h = 2, sums)`: argument of type LANGSXP is not a symbol or NULL
    Backtrace:
        ▆
     1. └─SimilaR::SimilaR_fromTwoFunctions(...) at test-algorithm.R:1349:3
     2.   └─SimilaR:::SimilaR_general(...)
     3.     └─SimilaR:::checkPlagiarism_gplag_cpp_list_kernel2_test(...)
    ── Error ('test-algorithm.R:1393:7'): loops3 ───────────────────────────────────
    Error in `checkPlagiarism_gplag_cpp_list_kernel2_test(parsess, h = 2, sums)`: argument of type LANGSXP is not a symbol or NULL
    Backtrace:
        ▆
     1. ├─base::rbind(...) at test-algorithm.R:1393:7
     2. └─SimilaR::SimilaR_fromTwoFunctions(...)
     3.   └─SimilaR:::SimilaR_general(...)
     4.     └─SimilaR:::checkPlagiarism_gplag_cpp_list_kernel2_test(...)
    ── Error ('test-algorithm.R:1469:7'): loops4 ───────────────────────────────────
    Error in `checkPlagiarism_gplag_cpp_list_kernel2_test(parsess, h = 2, sums)`: argument of type LANGSXP is not a symbol or NULL
    Backtrace:
        ▆
     1. ├─base::rbind(...) at test-algorithm.R:1469:7
     2. └─SimilaR::SimilaR_fromTwoFunctions(...)
     3.   └─SimilaR:::SimilaR_general(...)
     4.     └─SimilaR:::checkPlagiarism_gplag_cpp_list_kernel2_test(...)
    ── Error ('test-algorithm.R:1510:7'): loops5 ───────────────────────────────────
    Error in `checkPlagiarism_gplag_cpp_list_kernel2_test(parsess, h = 2, sums)`: argument of type LANGSXP is not a symbol or NULL
    Backtrace:
        ▆
     1. ├─base::rbind(...) at test-algorithm.R:1510:7
     2. └─SimilaR::SimilaR_fromTwoFunctions(...)
     3.   └─SimilaR:::SimilaR_general(...)
     4.     └─SimilaR:::checkPlagiarism_gplag_cpp_list_kernel2_test(...)
    ── Error ('test-algorithm.R:1561:7'): loops6 ───────────────────────────────────
    Error in `checkPlagiarism_gplag_cpp_list_kernel2_test(parsess, h = 2, sums)`: argument of type LANGSXP is not a symbol or NULL
    Backtrace:
        ▆
     1. ├─base::rbind(...) at test-algorithm.R:1561:7
     2. └─SimilaR::SimilaR_fromTwoFunctions(...)
     3.   └─SimilaR:::SimilaR_general(...)
     4.     └─SimilaR:::checkPlagiarism_gplag_cpp_list_kernel2_test(...)
    ── Error ('test-algorithm.R:1626:7'): loops7 ───────────────────────────────────
    Error in `checkPlagiarism_gplag_cpp_list_kernel2_test(parsess, h = 2, sums)`: argument of type LANGSXP is not a symbol or NULL
    Backtrace:
        ▆
     1. ├─base::rbind(...) at test-algorithm.R:1626:7
     2. └─SimilaR::SimilaR_fromTwoFunctions(...)
     3.   └─SimilaR:::SimilaR_general(...)
     4.     └─SimilaR:::checkPlagiarism_gplag_cpp_list_kernel2_test(...)
    ── Error ('test-algorithm.R:1659:7'): loops8 ───────────────────────────────────
    Error in `checkPlagiarism_gplag_cpp_list_kernel2_test(parsess, h = 2, sums)`: argument of type LANGSXP is not a symbol or NULL
    Backtrace:
        ▆
     1. ├─base::rbind(...) at test-algorithm.R:1659:7
     2. └─SimilaR::SimilaR_fromTwoFunctions(...)
     3.   └─SimilaR:::SimilaR_general(...)
     4.     └─SimilaR:::checkPlagiarism_gplag_cpp_list_kernel2_test(...)
    ── Error ('test-algorithm.R:1692:3'): dplyr-apply ──────────────────────────────
    Error in `checkPlagiarism_gplag_cpp_list_kernel2_test(parsess, h = 2, sums)`: argument of type LANGSXP is not a symbol or NULL
    Backtrace:
        ▆
     1. └─SimilaR::SimilaR_fromTwoFunctions(...) at test-algorithm.R:1692:3
     2.   └─SimilaR:::SimilaR_general(...)
     3.     └─SimilaR:::checkPlagiarism_gplag_cpp_list_kernel2_test(...)
    ── Error ('test-algorithm.R:1730:7'): braces-dead code ─────────────────────────
    Error in `checkPlagiarism_gplag_cpp_list_kernel2_test(parsess, h = 2, sums)`: argument of type LANGSXP is not a symbol or NULL
    Backtrace:
        ▆
     1. ├─base::rbind(...) at test-algorithm.R:1730:7
     2. └─SimilaR::SimilaR_fromTwoFunctions(...)
     3.   └─SimilaR:::SimilaR_general(...)
     4.     └─SimilaR:::checkPlagiarism_gplag_cpp_list_kernel2_test(...)
    
    [ FAIL 63 | WARN 0 | SKIP 0 | PASS 8 ]
    Error: Test failures
    Execution halted
Flavor: r-devel-linux-x86_64-fedora-clang
Version: 1.0.8
Check: installed package size
Result: NOTE
    installed size is  5.2Mb
    sub-directories of 1Mb or more:
      libs   5.1Mb
Flavors: r-release-macos-arm64, r-release-macos-x86_64, r-oldrel-macos-arm64, r-oldrel-macos-x86_64