Last updated on 2024-07-19 09:57:16 CEST.
Flavor | Version | Tinstall | Tcheck | Ttotal | Status | Flags |
---|---|---|---|---|---|---|
r-devel-linux-x86_64-debian-clang | 0.2.1 | 3.27 | 72.06 | 75.33 | OK | |
r-devel-linux-x86_64-debian-gcc | 0.2.1 | 2.53 | 59.84 | 62.37 | OK | |
r-devel-linux-x86_64-fedora-clang | 0.2.1 | 93.20 | OK | |||
r-devel-linux-x86_64-fedora-gcc | 0.2.1 | 95.99 | OK | |||
r-devel-windows-x86_64 | 0.2.1 | 4.00 | 225.00 | 229.00 | NOTE | |
r-patched-linux-x86_64 | 0.2.1 | 10.09 | 69.71 | 79.80 | OK | |
r-release-linux-x86_64 | 0.2.1 | 2.02 | 72.08 | 74.10 | OK | |
r-release-macos-arm64 | 0.2.1 | 124.00 | OK | |||
r-release-macos-x86_64 | 0.2.1 | 204.00 | OK | |||
r-release-windows-x86_64 | 0.2.1 | 4.00 | 216.00 | 220.00 | OK | |
r-oldrel-macos-arm64 | 0.2.1 | 138.00 | OK | |||
r-oldrel-macos-x86_64 | 0.2.1 | 225.00 | OK | |||
r-oldrel-windows-x86_64 | 0.2.1 | 5.00 | 222.00 | 227.00 | OK |
Version: 0.2.1
Check: Rd cross-references
Result: NOTE
Found the following Rd file(s) with Rd \link{} targets missing package
anchors:
get_hvw_data.Rd: tibble
get_les.Rd: tibble
get_senate_cloture_votes.Rd: tibble
get_senate_sessions.Rd: tibble
get_voteview_member_votes.Rd: tibble
get_voteview_members.Rd: tibble
get_voteview_parties.Rd: tibble
get_voteview_rollcall_votes.Rd: tibble
Please provide package anchors for all Rd \link{} targets not in the
package itself and the base packages.
Flavor: r-devel-windows-x86_64