Last updated on 2024-07-31 04:49:06 CEST.
| Flavor | Version | Tinstall | Tcheck | Ttotal | Status | Flags | 
|---|---|---|---|---|---|---|
| r-devel-linux-x86_64-debian-clang | 0.2.0 | 1.84 | 20.17 | 22.01 | ERROR | |
| r-devel-linux-x86_64-debian-gcc | 0.2.0 | 1.52 | 15.56 | 17.08 | ERROR | |
| r-devel-linux-x86_64-fedora-clang | 0.2.0 | 28.58 | ERROR | |||
| r-devel-linux-x86_64-fedora-gcc | 0.2.0 | 26.31 | ERROR | |||
| r-devel-windows-x86_64 | 0.2.0 | 3.00 | 38.00 | 41.00 | ERROR | |
| r-patched-linux-x86_64 | 0.2.0 | ERROR | ||||
| r-release-linux-x86_64 | 0.2.0 | 1.70 | 19.47 | 21.17 | ERROR | |
| r-release-macos-arm64 | 0.2.0 | 19.00 | OK | |||
| r-release-macos-x86_64 | 0.2.0 | 26.00 | OK | |||
| r-release-windows-x86_64 | 0.2.0 | 2.00 | 38.00 | 40.00 | ERROR | |
| r-oldrel-macos-arm64 | 0.2.0 | 27.00 | OK | |||
| r-oldrel-macos-x86_64 | 0.2.0 | 32.00 | OK | |||
| r-oldrel-windows-x86_64 | 0.2.0 | 3.00 | 39.00 | 42.00 | ERROR | 
Version: 0.2.0
Check: examples
Result: ERROR
  Running examples in ‘easyWechat-Ex.R’ failed
  The error most likely occurred in:
  
  > base::assign(".ptime", proc.time(), pos = "CheckExEnv")
  > ### Name: WechatMsg
  > ### Title: WechatHelper
  > ### Aliases: WechatMsg
  > 
  > ### ** Examples
  > 
  > WechatMsg(userid = "123", msg = "test---SaveRds Success!")
  Error in WechatMsg(userid = "123", msg = "test---SaveRds Success!") : 
    Request failed with status code: 404
  Execution halted
Flavors: r-devel-linux-x86_64-debian-clang, r-devel-linux-x86_64-debian-gcc, r-patched-linux-x86_64, r-release-linux-x86_64
Version: 0.2.0
Check: examples
Result: ERROR
  Running examples in ‘easyWechat-Ex.R’ failed
  The error most likely occurred in:
  
  > ### Name: WechatMsg
  > ### Title: WechatHelper
  > ### Aliases: WechatMsg
  > 
  > ### ** Examples
  > 
  > WechatMsg(userid = "123", msg = "test---SaveRds Success!")
  Error in WechatMsg(userid = "123", msg = "test---SaveRds Success!") : 
    Request failed with status code: 404
  Execution halted
Flavors: r-devel-linux-x86_64-fedora-clang, r-devel-linux-x86_64-fedora-gcc, r-devel-windows-x86_64, r-release-windows-x86_64, r-oldrel-windows-x86_64