Last updated on 2024-08-19 09:52:33 CEST.
Flavor | Version | Tinstall | Tcheck | Ttotal | Status | Flags |
---|---|---|---|---|---|---|
r-devel-linux-x86_64-debian-clang | 0.5 | 10.85 | 186.82 | 197.67 | NOTE | |
r-devel-linux-x86_64-debian-gcc | 0.5 | 7.43 | 116.14 | 123.57 | NOTE | |
r-devel-linux-x86_64-fedora-clang | 0.5 | 317.33 | NOTE | |||
r-devel-linux-x86_64-fedora-gcc | 0.5 | 326.61 | NOTE | |||
r-devel-windows-x86_64 | 0.5 | 12.00 | 187.00 | 199.00 | NOTE | |
r-patched-linux-x86_64 | 0.5 | 9.31 | 173.53 | 182.84 | NOTE | |
r-release-linux-x86_64 | 0.5 | 10.09 | 173.77 | 183.86 | NOTE | |
r-release-macos-arm64 | 0.5 | 84.00 | NOTE | |||
r-release-macos-x86_64 | 0.5 | 157.00 | NOTE | |||
r-release-windows-x86_64 | 0.5 | 14.00 | 187.00 | 201.00 | NOTE | |
r-oldrel-macos-arm64 | 0.5 | 122.00 | NOTE | |||
r-oldrel-macos-x86_64 | 0.5 | 221.00 | OK | |||
r-oldrel-windows-x86_64 | 0.5 | 16.00 | 242.00 | 258.00 | NOTE |
Version: 0.5
Check: R code for possible problems
Result: NOTE
surfaceSimulate : phytransform: no visible global function definition
for ‘rescale’
Undefined global functions or variables:
rescale
Flavors: r-devel-linux-x86_64-debian-clang, r-devel-linux-x86_64-debian-gcc, r-devel-linux-x86_64-fedora-clang, r-devel-linux-x86_64-fedora-gcc, r-devel-windows-x86_64, r-patched-linux-x86_64, r-release-linux-x86_64, r-release-macos-arm64, r-release-macos-x86_64, r-release-windows-x86_64, r-oldrel-macos-arm64, r-oldrel-windows-x86_64