Last updated on 2024-09-20 18:49:46 CEST.
| Flavor | Version | Tinstall | Tcheck | Ttotal | Status | Flags | 
|---|---|---|---|---|---|---|
| r-devel-linux-x86_64-debian-clang | 2.0.13 | 73.33 | 57.16 | 130.49 | OK | |
| r-devel-linux-x86_64-debian-gcc | 2.0.13 | 51.32 | 42.43 | 93.75 | OK | |
| r-devel-linux-x86_64-fedora-clang | 2.0.13 | 207.58 | OK | |||
| r-devel-linux-x86_64-fedora-gcc | 2.0.13 | 228.38 | OK | |||
| r-devel-windows-x86_64 | 2.0.13 | 70.00 | 100.00 | 170.00 | OK | |
| r-patched-linux-x86_64 | 2.0.13 | 72.48 | 54.51 | 126.99 | OK | |
| r-release-linux-x86_64 | 2.0.13 | 71.06 | 54.21 | 125.27 | OK | |
| r-release-macos-arm64 | 2.0.13 | 64.00 | NOTE | |||
| r-release-macos-x86_64 | 2.0.13 | 77.00 | NOTE | |||
| r-release-windows-x86_64 | 2.0.13 | 69.00 | 101.00 | 170.00 | OK | |
| r-oldrel-macos-arm64 | 2.0.13 | 63.00 | NOTE | |||
| r-oldrel-macos-x86_64 | 2.0.13 | 108.00 | NOTE | |||
| r-oldrel-windows-x86_64 | 2.0.13 | 92.00 | 118.00 | 210.00 | OK | 
Version: 2.0.13
Check: installed package size
Result: NOTE
    installed size is  6.9Mb
    sub-directories of 1Mb or more:
      libs   6.7Mb
Flavors: r-release-macos-arm64, r-release-macos-x86_64, r-oldrel-macos-arm64, r-oldrel-macos-x86_64