Last updated on 2024-11-04 16:49:21 CET.
Flavor | Version | Tinstall | Tcheck | Ttotal | Status | Flags |
---|---|---|---|---|---|---|
r-devel-linux-x86_64-debian-clang | 0.1.0 | 8.56 | 106.44 | 115.00 | NOTE | |
r-devel-linux-x86_64-debian-gcc | 0.1.0 | 6.69 | 74.93 | 81.62 | NOTE | |
r-devel-linux-x86_64-fedora-clang | 0.1.0 | 189.58 | NOTE | |||
r-devel-linux-x86_64-fedora-gcc | 0.1.0 | 190.23 | NOTE | |||
r-devel-windows-x86_64 | 0.1.0 | 13.00 | 121.00 | 134.00 | NOTE | |
r-patched-linux-x86_64 | 0.1.0 | 9.74 | 100.62 | 110.36 | NOTE | |
r-release-linux-x86_64 | 0.1.0 | 8.70 | 99.52 | 108.22 | NOTE | |
r-release-macos-arm64 | 0.1.0 | 61.00 | NOTE | |||
r-release-macos-x86_64 | 0.1.0 | 85.00 | NOTE | |||
r-release-windows-x86_64 | 0.1.0 | 11.00 | 123.00 | 134.00 | NOTE | |
r-oldrel-macos-arm64 | 0.1.0 | 63.00 | NOTE | |||
r-oldrel-macos-x86_64 | 0.1.0 | 101.00 | NOTE | |||
r-oldrel-windows-x86_64 | 0.1.0 | 15.00 | 144.00 | 159.00 | NOTE |
Version: 0.1.0
Check: package subdirectories
Result: NOTE
Problems with news in ‘NEWS.md’:
No news entries found.
Flavors: r-devel-linux-x86_64-debian-clang, r-devel-linux-x86_64-debian-gcc, r-devel-linux-x86_64-fedora-clang, r-devel-linux-x86_64-fedora-gcc, r-devel-windows-x86_64, r-patched-linux-x86_64, r-release-linux-x86_64, r-release-macos-arm64, r-release-macos-x86_64, r-release-windows-x86_64, r-oldrel-macos-arm64, r-oldrel-macos-x86_64, r-oldrel-windows-x86_64
Version: 0.1.0
Check: Rd files
Result: NOTE
checkRd: (-1) zipcode.Rd:14: Lost braces; missing escapes or markup?
14 | This is a dataset from the archived/orphaned {zipcode} package.
| ^
Flavors: r-devel-linux-x86_64-debian-clang, r-devel-linux-x86_64-debian-gcc, r-devel-linux-x86_64-fedora-clang, r-devel-linux-x86_64-fedora-gcc, r-devel-windows-x86_64, r-patched-linux-x86_64, r-release-linux-x86_64, r-release-macos-arm64, r-release-macos-x86_64, r-release-windows-x86_64
Version: 0.1.0
Check: dependencies in R code
Result: NOTE
Namespaces in Imports field not imported from:
‘Hmisc’ ‘methods’ ‘readr’ ‘recipes’ ‘sf’ ‘stringr’ ‘utils’
All declared Imports should be used.
Flavors: r-devel-linux-x86_64-fedora-clang, r-devel-linux-x86_64-fedora-gcc