CRAN Package Check Results for Package quickPWCR

Last updated on 2025-01-10 13:50:45 CET.

Flavor Version Tinstall Tcheck Ttotal Status Flags
r-devel-linux-x86_64-debian-clang 1.0 16.13 148.53 164.66 NOTE
r-devel-linux-x86_64-debian-gcc 1.0 10.71 84.40 95.11 NOTE
r-devel-linux-x86_64-fedora-clang 1.0 282.42 NOTE
r-devel-linux-x86_64-fedora-gcc 1.0 278.16 NOTE
r-devel-windows-x86_64 1.0 20.00 168.00 188.00 NOTE
r-patched-linux-x86_64 1.0 15.36 140.65 156.01 OK
r-release-linux-x86_64 1.0 15.89 139.81 155.70 OK
r-release-macos-arm64 1.0 88.00 OK
r-release-macos-x86_64 1.0 131.00 OK
r-release-windows-x86_64 1.0 19.00 159.00 178.00 OK
r-oldrel-macos-arm64 1.0 101.00 OK
r-oldrel-macos-x86_64 1.0 195.00 OK
r-oldrel-windows-x86_64 1.0 23.00 207.00 230.00 OK

Check Details

Version: 1.0
Check: DESCRIPTION meta-information
Result: NOTE Language field contains the following invalid language tags: en_GB Flavors: r-devel-linux-x86_64-debian-clang, r-devel-linux-x86_64-debian-gcc, r-devel-linux-x86_64-fedora-clang, r-devel-linux-x86_64-fedora-gcc, r-devel-windows-x86_64