CRAN Package Check Results for Package zerotradeflow

Last updated on 2025-01-10 13:50:54 CET.

Flavor Version Tinstall Tcheck Ttotal Status Flags
r-devel-linux-x86_64-debian-clang 0.1.0 13.24 34.91 48.15 OK
r-devel-linux-x86_64-debian-gcc 0.1.0 10.35 26.09 36.44 OK
r-devel-linux-x86_64-fedora-clang 0.1.0 77.98 NOTE
r-devel-linux-x86_64-fedora-gcc 0.1.0 74.94 NOTE
r-devel-windows-x86_64 0.1.0 16.00 54.00 70.00 OK
r-patched-linux-x86_64 0.1.0 14.14 32.77 46.91 OK
r-release-linux-x86_64 0.1.0 13.28 32.90 46.18 OK
r-release-macos-arm64 0.1.0 33.00 OK
r-release-macos-x86_64 0.1.0 40.00 OK
r-release-windows-x86_64 0.1.0 16.00 53.00 69.00 OK
r-oldrel-macos-arm64 0.1.0 31.00 OK
r-oldrel-macos-x86_64 0.1.0 48.00 OK
r-oldrel-windows-x86_64 0.1.0 19.00 60.00 79.00 OK

Check Details

Version: 0.1.0
Check: dependencies in R code
Result: NOTE Namespace in Imports field not imported from: ‘tidyverse’ All declared Imports should be used. Flavors: r-devel-linux-x86_64-fedora-clang, r-devel-linux-x86_64-fedora-gcc