Last updated on 2025-01-13 06:50:38 CET.
Flavor | Version | Tinstall | Tcheck | Ttotal | Status | Flags |
---|---|---|---|---|---|---|
r-devel-linux-x86_64-debian-clang | 0.2.1 | 5.25 | 125.94 | 131.19 | OK | |
r-devel-linux-x86_64-debian-gcc | 0.2.1 | 3.99 | 93.20 | 97.19 | OK | |
r-devel-linux-x86_64-fedora-clang | 0.2.1 | 217.45 | OK | |||
r-devel-linux-x86_64-fedora-gcc | 0.2.1 | 238.81 | OK | |||
r-devel-windows-x86_64 | 0.2.1 | 8.00 | 171.00 | 179.00 | OK | |
r-patched-linux-x86_64 | 0.2.1 | 5.35 | 123.04 | 128.39 | OK | |
r-release-linux-x86_64 | 0.2.1 | 5.35 | 121.85 | 127.20 | OK | |
r-release-macos-arm64 | 0.2.1 | 80.00 | OK | |||
r-release-macos-x86_64 | 0.2.1 | 114.00 | OK | |||
r-release-windows-x86_64 | 0.2.1 | 8.00 | 173.00 | 181.00 | OK | |
r-oldrel-macos-arm64 | 0.2.1 | 77.00 | NOTE | |||
r-oldrel-macos-x86_64 | 0.2.1 | 113.00 | NOTE | |||
r-oldrel-windows-x86_64 | 0.2.1 | 10.00 | 177.00 | 187.00 | OK |
Version: 0.2.1
Check: package dependencies
Result: NOTE
Package suggested but not available for checking: ‘MSnbase’
Flavors: r-oldrel-macos-arm64, r-oldrel-macos-x86_64