Last updated on 2025-01-15 07:53:06 CET.
Flavor | Version | Tinstall | Tcheck | Ttotal | Status | Flags |
---|---|---|---|---|---|---|
r-devel-linux-x86_64-debian-clang | 0.9.9 | 55.81 | 220.72 | 276.53 | OK | |
r-devel-linux-x86_64-debian-gcc | 0.9.9 | 38.75 | 163.94 | 202.69 | OK | |
r-devel-linux-x86_64-fedora-clang | 0.9.9 | 458.67 | OK | |||
r-devel-linux-x86_64-fedora-gcc | 0.9.9 | 529.71 | OK | |||
r-devel-windows-x86_64 | 0.9.9 | 53.00 | 263.00 | 316.00 | OK | |
r-patched-linux-x86_64 | 0.9.9 | 59.74 | 213.76 | 273.50 | OK | |
r-release-linux-x86_64 | 0.9.9 | 59.32 | 212.76 | 272.08 | OK | |
r-release-macos-arm64 | 0.9.9 | 154.00 | NOTE | |||
r-release-macos-x86_64 | 0.9.9 | 406.00 | NOTE | |||
r-release-windows-x86_64 | 0.9.9 | 58.00 | 253.00 | 311.00 | NOTE | |
r-oldrel-macos-arm64 | 0.9.9 | 221.00 | NOTE | |||
r-oldrel-macos-x86_64 | 0.9.9 | 434.00 | NOTE | |||
r-oldrel-windows-x86_64 | 0.9.9 | 70.00 | 316.00 | 386.00 | NOTE |
Version: 0.9.9
Check: installed package size
Result: NOTE
installed size is 7.6Mb
sub-directories of 1Mb or more:
data 3.8Mb
libs 3.4Mb
Flavors: r-release-macos-arm64, r-release-macos-x86_64, r-release-windows-x86_64, r-oldrel-macos-arm64, r-oldrel-macos-x86_64, r-oldrel-windows-x86_64