Last updated on 2025-01-24 09:49:13 CET.
Flavor | Version | Tinstall | Tcheck | Ttotal | Status | Flags |
---|---|---|---|---|---|---|
r-devel-linux-x86_64-debian-clang | 0.3.0 | 4.97 | 37.73 | 42.70 | ERROR | |
r-devel-linux-x86_64-debian-gcc | 0.3.0 | 3.42 | 28.50 | 31.92 | ERROR | |
r-devel-linux-x86_64-fedora-clang | 0.3.0 | 72.88 | ERROR | |||
r-devel-linux-x86_64-fedora-gcc | 0.3.0 | 76.42 | ERROR | |||
r-devel-windows-x86_64 | 0.3.0 | 6.00 | 59.00 | 65.00 | ERROR | |
r-patched-linux-x86_64 | 0.3.0 | 4.86 | 35.76 | 40.62 | ERROR | |
r-release-linux-x86_64 | 0.3.0 | 4.38 | 35.32 | 39.70 | ERROR | |
r-release-macos-arm64 | 0.3.0 | 41.00 | OK | |||
r-release-macos-x86_64 | 0.3.0 | 61.00 | OK | |||
r-release-windows-x86_64 | 0.3.0 | 6.00 | 55.00 | 61.00 | ERROR | |
r-oldrel-macos-arm64 | 0.3.0 | 40.00 | OK | |||
r-oldrel-macos-x86_64 | 0.3.0 | 64.00 | OK | |||
r-oldrel-windows-x86_64 | 0.3.0 | 8.00 | 60.00 | 68.00 | ERROR |
Version: 0.3.0
Check: re-building of vignette outputs
Result: ERROR
Error(s) in re-building vignettes:
...
--- re-building ‘dhis2r.Rmd’ using rmarkdown
Quitting from lines 48-50 [unnamed-chunk-3] (dhis2r.Rmd)
Error: processing vignette 'dhis2r.Rmd' failed with diagnostics:
HTTP 404 Not Found.
--- failed re-building ‘dhis2r.Rmd’
SUMMARY: processing the following file failed:
‘dhis2r.Rmd’
Error: Vignette re-building failed.
Execution halted
Flavors: r-devel-linux-x86_64-debian-clang, r-devel-linux-x86_64-debian-gcc, r-patched-linux-x86_64, r-release-linux-x86_64
Version: 0.3.0
Check: re-building of vignette outputs
Result: ERROR
Error(s) in re-building vignettes:
--- re-building ‘dhis2r.Rmd’ using rmarkdown
Quitting from lines 48-50 [unnamed-chunk-3] (dhis2r.Rmd)
Error: processing vignette 'dhis2r.Rmd' failed with diagnostics:
HTTP 404 Not Found.
--- failed re-building ‘dhis2r.Rmd’
SUMMARY: processing the following file failed:
‘dhis2r.Rmd’
Error: Vignette re-building failed.
Execution halted
Flavors: r-devel-linux-x86_64-fedora-clang, r-devel-linux-x86_64-fedora-gcc, r-devel-windows-x86_64, r-release-windows-x86_64, r-oldrel-windows-x86_64