CRAN Package Check Results for Package AssocAFC

Last updated on 2025-01-26 16:48:16 CET.

Flavor Version Tinstall Tcheck Ttotal Status Flags
r-devel-linux-x86_64-debian-clang 1.0.2 2.42 29.33 31.75 NOTE
r-devel-linux-x86_64-debian-gcc 1.0.2 1.90 24.56 26.46 NOTE
r-devel-linux-x86_64-fedora-clang 1.0.2 51.44 OK
r-devel-linux-x86_64-fedora-gcc 1.0.2 51.67 OK
r-devel-windows-x86_64 1.0.2 3.00 54.00 57.00 OK
r-patched-linux-x86_64 1.0.2 2.46 29.37 31.83 NOTE
r-release-linux-x86_64 1.0.2 2.25 29.11 31.36 NOTE
r-release-macos-arm64 1.0.2 21.00 OK
r-release-macos-x86_64 1.0.2 34.00 OK
r-release-windows-x86_64 1.0.2 5.00 52.00 57.00 OK
r-oldrel-macos-arm64 1.0.2 22.00 OK
r-oldrel-macos-x86_64 1.0.2 34.00 OK
r-oldrel-windows-x86_64 1.0.2 6.00 55.00 61.00 OK

Check Details

Version: 1.0.2
Check: Rd contents
Result: NOTE Auto-generated content requiring editing in Rd file 'Wcorrected.Rd': \keyword: ‘~kwd1’ \keyword: ‘~kwd2’ Auto-generated content requiring editing in Rd file 'Wqls.Rd': \keyword: ‘~kwd1’ \keyword: ‘~kwd2’ Flavors: r-devel-linux-x86_64-debian-clang, r-devel-linux-x86_64-debian-gcc, r-patched-linux-x86_64, r-release-linux-x86_64