Last updated on 2025-01-26 16:48:18 CET.
Flavor | Version | Tinstall | Tcheck | Ttotal | Status | Flags |
---|---|---|---|---|---|---|
r-devel-linux-x86_64-debian-clang | 0.1.0 | 1.74 | 24.39 | 26.13 | NOTE | |
r-devel-linux-x86_64-debian-gcc | 0.1.0 | 1.36 | 18.33 | 19.69 | NOTE | |
r-devel-linux-x86_64-fedora-clang | 0.1.0 | 43.85 | OK | |||
r-devel-linux-x86_64-fedora-gcc | 0.1.0 | 39.14 | OK | |||
r-devel-windows-x86_64 | 0.1.0 | 3.00 | 41.00 | 44.00 | OK | |
r-patched-linux-x86_64 | 0.1.0 | 1.64 | 22.21 | 23.85 | NOTE | |
r-release-linux-x86_64 | 0.1.0 | 1.79 | 22.05 | 23.84 | NOTE | |
r-release-macos-arm64 | 0.1.0 | 16.00 | OK | |||
r-release-macos-x86_64 | 0.1.0 | 25.00 | OK | |||
r-release-windows-x86_64 | 0.1.0 | 3.00 | 40.00 | 43.00 | OK | |
r-oldrel-macos-arm64 | 0.1.0 | 16.00 | OK | |||
r-oldrel-macos-x86_64 | 0.1.0 | 24.00 | OK | |||
r-oldrel-windows-x86_64 | 0.1.0 | 6.00 | 44.00 | 50.00 | OK |
Version: 0.1.0
Check: Rd contents
Result: NOTE
Auto-generated content requiring editing in Rd file 'HistorySpace.Rd':
\keyword: ‘~kwd1’
\keyword: ‘~kwd2’
Auto-generated content requiring editing in Rd file 'standarddistance.Rd':
\keyword: ‘~kwd1’
\keyword: ‘~kwd2’
Auto-generated content requiring editing in Rd file 'tsdata.Rd':
\keyword: ‘~kwd1’
\keyword: ‘~kwd2’
Flavors: r-devel-linux-x86_64-debian-clang, r-devel-linux-x86_64-debian-gcc, r-patched-linux-x86_64, r-release-linux-x86_64