CRAN Package Check Results for Package COCONUT

Last updated on 2025-01-26 16:48:18 CET.

Flavor Version Tinstall Tcheck Ttotal Status Flags
r-devel-linux-x86_64-debian-clang 1.0.2 2.26 22.92 25.18 NOTE
r-devel-linux-x86_64-debian-gcc 1.0.2 1.61 17.89 19.50 NOTE
r-devel-linux-x86_64-fedora-clang 1.0.2 42.79 OK
r-devel-linux-x86_64-fedora-gcc 1.0.2 38.18 OK
r-devel-windows-x86_64 1.0.2 3.00 50.00 53.00 OK
r-patched-linux-x86_64 1.0.2 2.20 21.67 23.87 NOTE
r-release-linux-x86_64 1.0.2 1.99 21.94 23.93 NOTE
r-release-macos-arm64 1.0.2 17.00 OK
r-release-macos-x86_64 1.0.2 31.00 OK
r-release-windows-x86_64 1.0.2 3.00 49.00 52.00 OK
r-oldrel-macos-arm64 1.0.2 18.00 OK
r-oldrel-macos-x86_64 1.0.2 22.00 OK
r-oldrel-windows-x86_64 1.0.2 4.00 43.00 47.00 OK

Check Details

Version: 1.0.2
Check: Rd contents
Result: NOTE Auto-generated content requiring editing in Rd file 'COCONUT.Rd': \keyword: ‘~kwd1’ \keyword: ‘~kwd2’ Flavors: r-devel-linux-x86_64-debian-clang, r-devel-linux-x86_64-debian-gcc, r-patched-linux-x86_64, r-release-linux-x86_64