CRAN Package Check Results for Package Dodge

Last updated on 2025-01-26 16:48:20 CET.

Flavor Version Tinstall Tcheck Ttotal Status Flags
r-devel-linux-x86_64-debian-clang 0.9-2 2.16 19.46 21.62 NOTE
r-devel-linux-x86_64-debian-gcc 0.9-2 1.54 15.42 16.96 NOTE
r-devel-linux-x86_64-fedora-clang 0.9-2 34.93 OK
r-devel-linux-x86_64-fedora-gcc 0.9-2 33.00 OK
r-devel-windows-x86_64 0.9-2 3.00 40.00 43.00 OK
r-patched-linux-x86_64 0.9-2 2.06 18.51 20.57 NOTE
r-release-linux-x86_64 0.9-2 2.05 18.33 20.38 NOTE
r-release-macos-arm64 0.9-2 15.00 OK
r-release-macos-x86_64 0.9-2 25.00 OK
r-release-windows-x86_64 0.9-2 4.00 38.00 42.00 OK
r-oldrel-macos-arm64 0.9-2 15.00 OK
r-oldrel-macos-x86_64 0.9-2 23.00 OK
r-oldrel-windows-x86_64 0.9-2 5.00 39.00 44.00 OK

Check Details

Version: 0.9-2
Check: Rd contents
Result: NOTE Auto-generated content requiring editing in Rd file 'LSP.Rd': \keyword: ‘~kwd1’ \keyword: ‘~kwd2’ Auto-generated content requiring editing in Rd file 'VSPDesign.Rd': \keyword: ‘~kwd1’ \keyword: ‘~kwd2’ Auto-generated content requiring editing in Rd file 'VSPKnown.Rd': \keyword: ‘~kwd1’ \keyword: ‘~kwd2’ Flavors: r-devel-linux-x86_64-debian-clang, r-devel-linux-x86_64-debian-gcc, r-patched-linux-x86_64, r-release-linux-x86_64