CRAN Package Check Results for Package LRcontrast

Last updated on 2025-01-26 16:48:25 CET.

Flavor Version Tinstall Tcheck Ttotal Status Flags
r-devel-linux-x86_64-debian-clang 1.0 2.88 25.25 28.13 NOTE
r-devel-linux-x86_64-debian-gcc 1.0 2.32 20.16 22.48 NOTE
r-devel-linux-x86_64-fedora-clang 1.0 46.07 NOTE
r-devel-linux-x86_64-fedora-gcc 1.0 43.12 NOTE
r-devel-windows-x86_64 1.0 6.00 46.00 52.00 OK
r-patched-linux-x86_64 1.0 2.83 23.47 26.30 NOTE
r-release-linux-x86_64 1.0 2.41 24.25 26.66 NOTE
r-release-macos-arm64 1.0 19.00 OK
r-release-macos-x86_64 1.0 28.00 OK
r-release-windows-x86_64 1.0 6.00 45.00 51.00 OK
r-oldrel-macos-arm64 1.0 21.00 OK
r-oldrel-macos-x86_64 1.0 28.00 OK
r-oldrel-windows-x86_64 1.0 6.00 49.00 55.00 OK

Check Details

Version: 1.0
Check: Rd contents
Result: NOTE Auto-generated content requiring editing in Rd file 'pLRcontrast.Rd': \keyword: ‘~kwd1’ \keyword: ‘~kwd2’ Auto-generated content requiring editing in Rd file 'qLRcontrast.Rd': \keyword: ‘~kwd1’ \keyword: ‘~kwd2’ Auto-generated content requiring editing in Rd file 'sLRcontrast.Rd': \keyword: ‘~kwd1’ \keyword: ‘~kwd2’ Flavors: r-devel-linux-x86_64-debian-clang, r-devel-linux-x86_64-debian-gcc, r-patched-linux-x86_64, r-release-linux-x86_64

Version: 1.0
Check: compiled code
Result: NOTE File ‘LRcontrast/libs/LRcontrast.so’: Found no calls to: ‘R_registerRoutines’, ‘R_useDynamicSymbols’ It is good practice to register native routines and to disable symbol search. See ‘Writing portable packages’ in the ‘Writing R Extensions’ manual. Flavors: r-devel-linux-x86_64-fedora-clang, r-devel-linux-x86_64-fedora-gcc