CRAN Package Check Results for Package MultAlloc

Last updated on 2025-01-26 18:49:40 CET.

Flavor Version Tinstall Tcheck Ttotal Status Flags
r-devel-linux-x86_64-debian-clang 1.2 1.80 16.62 18.42 NOTE
r-devel-linux-x86_64-debian-gcc 1.2 1.51 14.15 15.66 NOTE
r-devel-linux-x86_64-fedora-clang 1.2 30.79 OK
r-devel-linux-x86_64-fedora-gcc 1.2 28.09 OK
r-devel-windows-x86_64 1.2 3.00 39.00 42.00 OK
r-patched-linux-x86_64 1.2 1.62 16.24 17.86 NOTE
r-release-linux-x86_64 1.2 1.66 16.05 17.71 NOTE
r-release-macos-arm64 1.2 13.00 NOTE
r-release-macos-x86_64 1.2 21.00 NOTE
r-release-windows-x86_64 1.2 2.00 39.00 41.00 NOTE
r-oldrel-macos-arm64 1.2 14.00 NOTE
r-oldrel-macos-x86_64 1.2 18.00 NOTE
r-oldrel-windows-x86_64 1.2 3.00 39.00 42.00 NOTE

Check Details

Version: 1.2
Check: Rd contents
Result: NOTE Auto-generated content requiring editing in Rd file 'BSSM_FC.Rd': \keyword: ‘~kwd1’ \keyword: ‘~kwd2’ Auto-generated content requiring editing in Rd file 'BSSM_FD.Rd': \keyword: ‘~kwd1’ \keyword: ‘~kwd2’ Flavors: r-devel-linux-x86_64-debian-clang, r-devel-linux-x86_64-debian-gcc, r-patched-linux-x86_64, r-release-linux-x86_64

Version: 1.2
Check: LazyData
Result: NOTE 'LazyData' is specified without a 'data' directory Flavors: r-patched-linux-x86_64, r-release-linux-x86_64, r-release-macos-arm64, r-release-macos-x86_64, r-release-windows-x86_64, r-oldrel-macos-arm64, r-oldrel-macos-x86_64, r-oldrel-windows-x86_64