CRAN Package Check Results for Package NLRoot

Last updated on 2025-01-26 16:48:29 CET.

Flavor Version Tinstall Tcheck Ttotal Status Flags
r-devel-linux-x86_64-debian-clang 1.0 1.62 16.31 17.93 NOTE
r-devel-linux-x86_64-debian-gcc 1.0 1.25 13.01 14.26 NOTE
r-devel-linux-x86_64-fedora-clang 1.0 30.22 OK
r-devel-linux-x86_64-fedora-gcc 1.0 26.99 OK
r-devel-windows-x86_64 1.0 2.00 35.00 37.00 OK
r-patched-linux-x86_64 1.0 1.70 15.51 17.21 NOTE
r-release-linux-x86_64 1.0 1.52 15.74 17.26 NOTE
r-release-macos-arm64 1.0 14.00 OK
r-release-macos-x86_64 1.0 20.00 OK
r-release-windows-x86_64 1.0 2.00 34.00 36.00 OK
r-oldrel-macos-arm64 1.0 15.00 OK
r-oldrel-macos-x86_64 1.0 18.00 OK
r-oldrel-windows-x86_64 1.0 4.00 35.00 39.00 OK

Check Details

Version: 1.0
Check: Rd contents
Result: NOTE Auto-generated content requiring editing in Rd file 'BFfzero.Rd': \keyword: ‘~kwd1’ \keyword: ‘~kwd2’ Auto-generated content requiring editing in Rd file 'NDHfzero.Rd': \keyword: ‘~kwd1’ \keyword: ‘~kwd2’ Auto-generated content requiring editing in Rd file 'NIMfzero.Rd': \keyword: ‘~kwd1’ \keyword: ‘~kwd2’ Auto-generated content requiring editing in Rd file 'SMfzero.Rd': \keyword: ‘~kwd1’ \keyword: ‘~kwd2’ Flavors: r-devel-linux-x86_64-debian-clang, r-devel-linux-x86_64-debian-gcc, r-patched-linux-x86_64, r-release-linux-x86_64