CRAN Package Check Results for Package dhh

Last updated on 2025-01-26 16:48:20 CET.

Flavor Version Tinstall Tcheck Ttotal Status Flags
r-devel-linux-x86_64-debian-clang 0.0.1 1.67 22.36 24.03 NOTE
r-devel-linux-x86_64-debian-gcc 0.0.1 1.29 18.49 19.78 NOTE
r-devel-linux-x86_64-fedora-clang 0.0.1 40.60 OK
r-devel-linux-x86_64-fedora-gcc 0.0.1 51.17 OK
r-devel-windows-x86_64 0.0.1 3.00 52.00 55.00 OK
r-patched-linux-x86_64 0.0.1 1.71 21.67 23.38 NOTE
r-release-linux-x86_64 0.0.1 1.63 21.45 23.08 NOTE
r-release-macos-arm64 0.0.1 23.00 NOTE
r-release-macos-x86_64 0.0.1 36.00 NOTE
r-release-windows-x86_64 0.0.1 3.00 55.00 58.00 NOTE
r-oldrel-macos-arm64 0.0.1 23.00 NOTE
r-oldrel-macos-x86_64 0.0.1 34.00 NOTE
r-oldrel-windows-x86_64 0.0.1 3.00 47.00 50.00 NOTE

Check Details

Version: 0.0.1
Check: Rd contents
Result: NOTE Auto-generated content requiring editing in Rd file 'qhh.Rd': \keyword: ‘~kwd1’ \keyword: ‘~kwd2’ Auto-generated content requiring editing in Rd file 'rhh.Rd': \keyword: ‘~kwd1’ \keyword: ‘~kwd2’ Flavors: r-devel-linux-x86_64-debian-clang, r-devel-linux-x86_64-debian-gcc, r-patched-linux-x86_64, r-release-linux-x86_64

Version: 0.0.1
Check: LazyData
Result: NOTE 'LazyData' is specified without a 'data' directory Flavors: r-patched-linux-x86_64, r-release-linux-x86_64, r-release-macos-arm64, r-release-macos-x86_64, r-release-windows-x86_64, r-oldrel-macos-arm64, r-oldrel-macos-x86_64, r-oldrel-windows-x86_64