Last updated on 2025-01-26 16:48:33 CET.
| Flavor | Version | Tinstall | Tcheck | Ttotal | Status | Flags | 
|---|---|---|---|---|---|---|
| r-devel-linux-x86_64-debian-clang | 0.1 | 1.65 | 17.35 | 19.00 | NOTE | |
| r-devel-linux-x86_64-debian-gcc | 0.1 | 1.37 | 14.08 | 15.45 | NOTE | |
| r-devel-linux-x86_64-fedora-clang | 0.1 | 31.21 | OK | |||
| r-devel-linux-x86_64-fedora-gcc | 0.1 | 29.36 | OK | |||
| r-devel-windows-x86_64 | 0.1 | 3.00 | 38.00 | 41.00 | OK | |
| r-patched-linux-x86_64 | 0.1 | 1.80 | 16.70 | 18.50 | NOTE | |
| r-release-linux-x86_64 | 0.1 | 1.52 | 16.63 | 18.15 | NOTE | |
| r-release-macos-arm64 | 0.1 | 13.00 | OK | |||
| r-release-macos-x86_64 | 0.1 | 25.00 | OK | |||
| r-release-windows-x86_64 | 0.1 | 2.00 | 38.00 | 40.00 | OK | |
| r-oldrel-macos-arm64 | 0.1 | 13.00 | OK | |||
| r-oldrel-macos-x86_64 | 0.1 | 18.00 | OK | |||
| r-oldrel-windows-x86_64 | 0.1 | 3.00 | 37.00 | 40.00 | OK | 
Version: 0.1
Check: Rd contents
Result: NOTE
  Auto-generated content requiring editing in Rd file 'meanridit.Rd':
    \keyword: ‘~kwd1’
    \keyword: ‘~kwd2’
  Auto-generated content requiring editing in Rd file 'meanridits.Rd':
    \keyword: ‘~kwd1’
    \keyword: ‘~kwd2’
  Auto-generated content requiring editing in Rd file 'riditsrefgroup.Rd':
    \keyword: ‘~kwd1’
    \keyword: ‘~kwd2’
  Auto-generated content requiring editing in Rd file 'seridit.Rd':
    \keyword: ‘~kwd1’
    \keyword: ‘~kwd2’
  Auto-generated content requiring editing in Rd file 'seridits.Rd':
    \keyword: ‘~kwd1’
    \keyword: ‘~kwd2’
  Auto-generated content requiring editing in Rd file 'toridit.Rd':
    \keyword: ‘~kwd1’
    \keyword: ‘~kwd2’
Flavors: r-devel-linux-x86_64-debian-clang, r-devel-linux-x86_64-debian-gcc, r-patched-linux-x86_64, r-release-linux-x86_64