Last updated on 2025-02-02 06:50:15 CET.
| Flavor | Version | Tinstall | Tcheck | Ttotal | Status | Flags | 
|---|---|---|---|---|---|---|
| r-devel-linux-x86_64-debian-clang | 1.1.11 | 49.39 | 419.47 | 468.86 | OK | |
| r-devel-linux-x86_64-debian-gcc | 1.1.11 | 42.73 | 308.35 | 351.08 | OK | |
| r-devel-linux-x86_64-fedora-clang | 1.1.11 | 803.09 | NOTE | |||
| r-devel-linux-x86_64-fedora-gcc | 1.1.11 | 868.15 | NOTE | |||
| r-devel-windows-x86_64 | 1.1.11 | 51.00 | 330.00 | 381.00 | OK | |
| r-patched-linux-x86_64 | 1.1.11 | 48.77 | 381.90 | 430.67 | OK | |
| r-release-linux-x86_64 | 1.1.11 | 52.02 | 387.87 | 439.89 | OK | |
| r-release-macos-arm64 | 1.1.11 | 185.00 | OK | |||
| r-release-macos-x86_64 | 1.1.11 | 282.00 | OK | |||
| r-release-windows-x86_64 | 1.1.11 | 49.00 | 328.00 | 377.00 | OK | |
| r-oldrel-macos-arm64 | 1.1.11 | 6.00 | ERROR | |||
| r-oldrel-macos-x86_64 | 1.1.11 | 379.00 | OK | |||
| r-oldrel-windows-x86_64 | 1.1.11 | 67.00 | 454.00 | 521.00 | OK | 
Version: 1.1.11
Check: dependencies in R code
Result: NOTE
  Namespace in Imports field not imported from: ‘robustbase’
    All declared Imports should be used.
Flavors: r-devel-linux-x86_64-fedora-clang, r-devel-linux-x86_64-fedora-gcc
Version: 1.1.11
Check: package dependencies
Result: ERROR
  Package required but not available: ‘VariantAnnotation’
  
  See section ‘The DESCRIPTION file’ in the ‘Writing R Extensions’
  manual.
Flavor: r-oldrel-macos-arm64