CRAN Package Check Results for Package dartR.captive

Last updated on 2025-02-02 06:50:02 CET.

Flavor Version Tinstall Tcheck Ttotal Status Flags
r-devel-linux-x86_64-debian-clang 0.75 17.27 145.21 162.48 NOTE
r-devel-linux-x86_64-debian-gcc 0.75 10.12 100.50 110.62 NOTE
r-devel-linux-x86_64-fedora-clang 0.75 268.19 OK
r-devel-linux-x86_64-fedora-gcc 0.75 237.11 OK
r-devel-windows-x86_64 0.75 20.00 138.00 158.00 NOTE
r-patched-linux-x86_64 0.75 24.22 132.49 156.71 OK
r-release-linux-x86_64 0.75 15.38 131.82 147.20 OK
r-release-macos-arm64 0.75 61.00 OK
r-release-macos-x86_64 0.75 91.00 OK
r-release-windows-x86_64 0.75 19.00 140.00 159.00 OK
r-oldrel-macos-arm64 0.75 70.00 OK
r-oldrel-macos-x86_64 0.75 148.00 OK
r-oldrel-windows-x86_64 0.75 24.00 174.00 198.00 OK

Additional issues

clang-ASAN gcc-ASAN

Check Details

Version: 0.75
Check: Rd cross-references
Result: NOTE Found the following Rd file(s) with Rd \link{} targets missing package anchors: gl.filter.parent.offspring.Rd: gl.report.rdepth, gl.report.reproducibility gl.report.parent.offspring.Rd: gl.report.rdepth, gl.report.reproducibility Please provide package anchors for all Rd \link{} targets not in the package itself and the base packages. Flavors: r-devel-linux-x86_64-debian-clang, r-devel-linux-x86_64-debian-gcc, r-devel-windows-x86_64