Last updated on 2025-02-02 06:50:14 CET.
| Flavor | Version | Tinstall | Tcheck | Ttotal | Status | Flags | 
|---|---|---|---|---|---|---|
| r-devel-linux-x86_64-debian-clang | 1.0.0 | 24.06 | 72.47 | 96.53 | OK | |
| r-devel-linux-x86_64-debian-gcc | 1.0.0 | 17.45 | 49.71 | 67.16 | OK | |
| r-devel-linux-x86_64-fedora-clang | 1.0.0 | 179.52 | OK | |||
| r-devel-linux-x86_64-fedora-gcc | 1.0.0 | 193.64 | OK | |||
| r-devel-windows-x86_64 | 1.0.0 | 31.00 | 133.00 | 164.00 | OK | |
| r-patched-linux-x86_64 | 1.0.0 | 24.93 | 66.68 | 91.61 | NOTE | |
| r-release-linux-x86_64 | 1.0.0 | 23.83 | 66.95 | 90.78 | NOTE | |
| r-release-macos-arm64 | 1.0.0 | 59.00 | NOTE | |||
| r-release-macos-x86_64 | 1.0.0 | 77.00 | NOTE | |||
| r-release-windows-x86_64 | 1.0.0 | 32.00 | 134.00 | 166.00 | NOTE | |
| r-oldrel-macos-arm64 | 1.0.0 | 66.00 | NOTE | |||
| r-oldrel-macos-x86_64 | 1.0.0 | 146.00 | NOTE | |||
| r-oldrel-windows-x86_64 | 1.0.0 | 36.00 | 143.00 | 179.00 | NOTE | 
Version: 1.0.0
Check: LazyData
Result: NOTE
    'LazyData' is specified without a 'data' directory
Flavors: r-patched-linux-x86_64, r-release-linux-x86_64, r-release-macos-arm64, r-release-macos-x86_64, r-release-windows-x86_64, r-oldrel-macos-arm64, r-oldrel-macos-x86_64, r-oldrel-windows-x86_64
Version: 1.0.0
Check: for GNU extensions in Makefiles
Result: NOTE
  GNU make is a SystemRequirements.
Flavors: r-patched-linux-x86_64, r-release-linux-x86_64, r-release-macos-arm64, r-release-macos-x86_64, r-release-windows-x86_64, r-oldrel-macos-arm64, r-oldrel-macos-x86_64, r-oldrel-windows-x86_64
Version: 1.0.0
Check: installed package size
Result: NOTE
    installed size is 17.0Mb
    sub-directories of 1Mb or more:
      libs  15.9Mb
Flavors: r-release-macos-arm64, r-release-macos-x86_64, r-release-windows-x86_64, r-oldrel-macos-arm64, r-oldrel-macos-x86_64, r-oldrel-windows-x86_64