Last updated on 2025-02-09 16:49:16 CET.
Flavor | Version | Tinstall | Tcheck | Ttotal | Status | Flags |
---|---|---|---|---|---|---|
r-devel-linux-x86_64-debian-clang | 1.3.1 | 13.68 | 64.22 | 77.90 | NOTE | |
r-devel-linux-x86_64-debian-gcc | 1.3.1 | 11.60 | 48.09 | 59.69 | NOTE | |
r-devel-linux-x86_64-fedora-clang | 1.3.1 | 125.15 | NOTE | |||
r-devel-linux-x86_64-fedora-gcc | 1.3.1 | 134.56 | NOTE | |||
r-devel-windows-x86_64 | 1.3.1 | 20.00 | 94.00 | 114.00 | NOTE | |
r-patched-linux-x86_64 | 1.3.1 | 13.93 | 60.36 | 74.29 | NOTE | |
r-release-linux-x86_64 | 1.3.1 | 14.11 | 61.56 | 75.67 | NOTE | |
r-release-macos-arm64 | 1.3.1 | 44.00 | NOTE | |||
r-release-macos-x86_64 | 1.3.1 | 68.00 | NOTE | |||
r-release-windows-x86_64 | 1.3.1 | 20.00 | 96.00 | 116.00 | NOTE | |
r-oldrel-macos-arm64 | 1.3.1 | 47.00 | NOTE | |||
r-oldrel-macos-x86_64 | 1.3.1 | 79.00 | NOTE | |||
r-oldrel-windows-x86_64 | 1.3.1 | 20.00 | 104.00 | 124.00 | NOTE |
Version: 1.3.1
Check: C++ specification
Result: NOTE
Specified C++11: please drop specification unless essential
Flavors: r-devel-linux-x86_64-debian-clang, r-devel-linux-x86_64-debian-gcc, r-devel-linux-x86_64-fedora-clang, r-devel-linux-x86_64-fedora-gcc, r-devel-windows-x86_64, r-patched-linux-x86_64, r-release-linux-x86_64, r-release-macos-arm64, r-release-macos-x86_64, r-release-windows-x86_64, r-oldrel-macos-arm64, r-oldrel-macos-x86_64, r-oldrel-windows-x86_64
Version: 1.3.1
Check: contents of ‘data’ directory
Result: NOTE
File 'data/datalist' is out-of-date:
Data objects in 'datalist' not in 'data' directory:
eyedata
Data objects in 'data' directory not in 'datalist':
x y
Please re-create using tools::add_datalist(force = TRUE).
Flavors: r-devel-linux-x86_64-debian-clang, r-devel-linux-x86_64-debian-gcc, r-patched-linux-x86_64, r-release-linux-x86_64
Version: 1.3.1
Check: installed package size
Result: NOTE
installed size is 5.6Mb
sub-directories of 1Mb or more:
libs 4.6Mb
Flavors: r-release-macos-arm64, r-release-macos-x86_64, r-oldrel-macos-arm64, r-oldrel-macos-x86_64