Last updated on 2025-02-12 08:49:08 CET.
Flavor | Version | Tinstall | Tcheck | Ttotal | Status | Flags |
---|---|---|---|---|---|---|
r-devel-linux-x86_64-debian-clang | 2.1.4 | 10.44 | 49.93 | 60.37 | NOTE | |
r-devel-linux-x86_64-debian-gcc | 2.1.4 | 7.14 | 36.41 | 43.55 | NOTE | |
r-devel-linux-x86_64-fedora-clang | 2.1.4 | 99.05 | NOTE | |||
r-devel-linux-x86_64-fedora-gcc | 2.1.4 | 90.15 | NOTE | |||
r-devel-windows-x86_64 | 2.1.4 | 12.00 | 70.00 | 82.00 | OK | |
r-patched-linux-x86_64 | 2.1.4 | 10.30 | 47.00 | 57.30 | NOTE | |
r-release-linux-x86_64 | 2.1.4 | 8.57 | 47.23 | 55.80 | NOTE | |
r-release-macos-arm64 | 2.1.4 | 29.00 | OK | |||
r-release-macos-x86_64 | 2.1.4 | 56.00 | OK | |||
r-release-windows-x86_64 | 2.1.4 | 10.00 | 71.00 | 81.00 | OK | |
r-oldrel-macos-arm64 | 2.1.4 | 33.00 | OK | |||
r-oldrel-macos-x86_64 | 2.1.4 | 50.00 | OK | |||
r-oldrel-windows-x86_64 | 2.1.4 | 13.00 | 84.00 | 97.00 | OK |
Version: 2.1.4
Check: top-level files
Result: NOTE
‘configure’: /bin/bash is not portable
‘cleanup’: /bin/bash is not portable
Flavors: r-devel-linux-x86_64-debian-clang, r-devel-linux-x86_64-debian-gcc, r-devel-linux-x86_64-fedora-clang, r-devel-linux-x86_64-fedora-gcc
Version: 2.1.4
Check: top-level files
Result: NOTE
‘configure’: /bin/bash is not portable
Flavors: r-patched-linux-x86_64, r-release-linux-x86_64