Last updated on 2025-02-17 10:54:53 CET.
| Flavor | Version | Tinstall | Tcheck | Ttotal | Status | Flags | 
|---|---|---|---|---|---|---|
| r-devel-linux-x86_64-debian-clang | 1.1.0 | 2.69 | 17.57 | 20.26 | OK | |
| r-devel-linux-x86_64-debian-gcc | 1.1.0 | 1.96 | 14.42 | 16.38 | OK | |
| r-devel-linux-x86_64-fedora-clang | 1.1.0 | 33.21 | NOTE | |||
| r-devel-linux-x86_64-fedora-gcc | 1.1.0 | 30.47 | NOTE | |||
| r-devel-macos-arm64 | 1.1.0 | 14.00 | OK | |||
| r-devel-macos-x86_64 | 1.1.0 | 25.00 | OK | |||
| r-devel-windows-x86_64 | 1.1.0 | 7.00 | 44.00 | 51.00 | OK | |
| r-patched-linux-x86_64 | 1.1.0 | 2.57 | 16.88 | 19.45 | OK | |
| r-release-linux-x86_64 | 1.1.0 | 2.50 | 16.73 | 19.23 | OK | |
| r-release-macos-arm64 | 1.1.0 | 14.00 | NOTE | |||
| r-release-macos-x86_64 | 1.1.0 | 21.00 | NOTE | |||
| r-release-windows-x86_64 | 1.1.0 | 6.00 | 45.00 | 51.00 | NOTE | |
| r-oldrel-macos-arm64 | 1.1.0 | 17.00 | NOTE | |||
| r-oldrel-macos-x86_64 | 1.1.0 | 20.00 | NOTE | |||
| r-oldrel-windows-x86_64 | 1.1.0 | 7.00 | 41.00 | 48.00 | NOTE | 
Version: 1.1.0
Check: dependencies in R code
Result: NOTE
  Namespaces in Imports field not imported from:
    ‘DDoutlier’ ‘car’ ‘corrplot’ ‘data.table’ ‘energy’ ‘ggplot2’
    ‘gridExtra’ ‘kableExtra’ ‘knitr’ ‘readr’ ‘reshape2’ ‘rmarkdown’
    ‘shinydisconnect’
    All declared Imports should be used.
Flavors: r-devel-linux-x86_64-fedora-clang, r-devel-linux-x86_64-fedora-gcc
Version: 1.1.0
Check: package dependencies
Result: NOTE
  Package suggested but not available for checking: ‘imputeMissings’
Flavors: r-release-macos-arm64, r-release-macos-x86_64
Version: 1.1.0
Check: installed package size
Result: NOTE
    installed size is  6.2Mb
    sub-directories of 1Mb or more:
      shiny-apps   6.2Mb
Flavors: r-release-macos-arm64, r-release-macos-x86_64, r-release-windows-x86_64, r-oldrel-macos-arm64, r-oldrel-macos-x86_64, r-oldrel-windows-x86_64
Version: 1.1.0
Check: package dependencies
Result: NOTE
  Packages suggested but not available for checking:
    'semPlot', 'FactoMineR', 'FactoInvestigate', 'factoextra'
Flavor: r-oldrel-macos-x86_64