Last updated on 2025-02-18 09:50:37 CET.
Flavor | Version | Tinstall | Tcheck | Ttotal | Status | Flags |
---|---|---|---|---|---|---|
r-devel-linux-x86_64-debian-clang | 1.0.0 | 174.39 | 27.23 | 201.62 | OK | |
r-devel-linux-x86_64-debian-gcc | 1.0.0 | 131.17 | 28.56 | 159.73 | OK | |
r-devel-linux-x86_64-fedora-clang | 1.0.0 | 354.44 | OK | |||
r-devel-linux-x86_64-fedora-gcc | 1.0.0 | 402.62 | OK | |||
r-devel-macos-arm64 | 1.0.0 | 69.00 | OK | |||
r-devel-macos-x86_64 | 1.0.0 | 134.00 | OK | |||
r-devel-windows-x86_64 | 1.0.0 | 158.00 | 82.00 | 240.00 | OK | |
r-patched-linux-x86_64 | 1.0.0 | 178.98 | 35.21 | 214.19 | OK | |
r-release-linux-x86_64 | 1.0.0 | 175.65 | 35.73 | 211.38 | OK | |
r-release-macos-arm64 | 1.0.0 | 74.00 | NOTE | |||
r-release-macos-x86_64 | 1.0.0 | 125.00 | NOTE | |||
r-release-windows-x86_64 | 1.0.0 | 163.00 | 82.00 | 245.00 | OK | |
r-oldrel-macos-x86_64 | 1.0.0 | 89.00 | NOTE | |||
r-oldrel-windows-x86_64 | 1.0.0 | 205.00 | 89.00 | 294.00 | OK |
Version: 1.0.0
Check: installed package size
Result: NOTE
installed size is 35.2Mb
sub-directories of 1Mb or more:
libs 35.1Mb
Flavors: r-release-macos-arm64, r-release-macos-x86_64, r-oldrel-macos-x86_64