Last updated on 2025-02-20 15:50:47 CET.
| Flavor | Version | Tinstall | Tcheck | Ttotal | Status | Flags | 
|---|---|---|---|---|---|---|
| r-devel-linux-x86_64-debian-clang | 1.0.0 | 3.21 | 26.83 | 30.04 | NOTE | |
| r-devel-linux-x86_64-debian-gcc | 1.0.0 | 2.35 | 21.15 | 23.50 | NOTE | |
| r-devel-linux-x86_64-fedora-clang | 1.0.0 | 50.49 | NOTE | |||
| r-devel-linux-x86_64-fedora-gcc | 1.0.0 | 45.33 | NOTE | |||
| r-devel-macos-arm64 | 1.0.0 | 20.00 | OK | |||
| r-devel-macos-x86_64 | 1.0.0 | 37.00 | NOTE | |||
| r-devel-windows-x86_64 | 1.0.0 | 5.00 | 48.00 | 53.00 | NOTE | |
| r-patched-linux-x86_64 | 1.0.0 | 2.98 | 25.61 | 28.59 | OK | |
| r-release-linux-x86_64 | 1.0.0 | 2.61 | 25.36 | 27.97 | OK | |
| r-release-macos-arm64 | 1.0.0 | 19.00 | OK | |||
| r-release-macos-x86_64 | 1.0.0 | 29.00 | OK | |||
| r-release-windows-x86_64 | 1.0.0 | 5.00 | 3.00 | 8.00 | FAIL | |
| r-oldrel-macos-arm64 | 1.0.0 | 23.00 | OK | |||
| r-oldrel-macos-x86_64 | 1.0.0 | 32.00 | OK | |||
| r-oldrel-windows-x86_64 | 1.0.0 | 6.00 | 54.00 | 60.00 | OK | 
Version: 1.0.0
Check: DESCRIPTION meta-information
Result: NOTE
    Missing dependency on R >= 4.1.0 because package code uses the pipe
    |> or function shorthand \(...) syntax added in R 4.1.0.
    File(s) using such syntax:
      ‘typing.R’
Flavors: r-devel-linux-x86_64-debian-clang, r-devel-linux-x86_64-debian-gcc, r-devel-linux-x86_64-fedora-clang, r-devel-linux-x86_64-fedora-gcc, r-devel-macos-x86_64, r-devel-windows-x86_64
Version: 1.0.0
Check: package dependencies
Result: FAIL
Flavor: r-release-windows-x86_64