Last updated on 2025-03-21 18:52:12 CET.
| Flavor | Version | Tinstall | Tcheck | Ttotal | Status | Flags | 
|---|---|---|---|---|---|---|
| r-devel-linux-x86_64-debian-clang | 0.2.0 | 3.74 | 33.17 | 36.91 | ERROR | |
| r-devel-linux-x86_64-debian-gcc | 0.2.0 | 2.88 | 25.02 | 27.90 | ERROR | |
| r-devel-linux-x86_64-fedora-clang | 0.2.0 | 65.52 | ERROR | |||
| r-devel-linux-x86_64-fedora-gcc | 0.2.0 | 59.39 | ERROR | |||
| r-devel-macos-arm64 | 0.2.0 | 22.00 | NOTE | |||
| r-devel-macos-x86_64 | 0.2.0 | 35.00 | NOTE | |||
| r-devel-windows-x86_64 | 0.2.0 | 5.00 | 53.00 | 58.00 | ERROR | |
| r-patched-linux-x86_64 | 0.2.0 | 4.12 | 32.46 | 36.58 | ERROR | |
| r-release-linux-x86_64 | 0.2.0 | 3.44 | 31.56 | 35.00 | ERROR | |
| r-release-macos-arm64 | 0.2.0 | 21.00 | NOTE | |||
| r-release-macos-x86_64 | 0.2.0 | 30.00 | NOTE | |||
| r-release-windows-x86_64 | 0.2.0 | 8.00 | 54.00 | 62.00 | ERROR | |
| r-oldrel-macos-arm64 | 0.2.0 | OK | ||||
| r-oldrel-macos-x86_64 | 0.2.0 | 31.00 | OK | |||
| r-oldrel-windows-x86_64 | 0.2.0 | 6.00 | 61.00 | 67.00 | ERROR | 
Version: 0.2.0
Check: Rd files
Result: NOTE
  checkRd: (-1) display.Rd:17: Lost braces; missing escapes or markup?
      17 | div which wraps your message to display it in the {position} corner of your shiny app.
         |                                                   ^
  checkRd: (-1) info_value.Rd:15: Lost braces; missing escapes or markup?
      15 | div which wraps rendered value to display it in the {position} corner of your shiny app.
         |                                                     ^
Flavors: r-devel-linux-x86_64-debian-clang, r-devel-linux-x86_64-debian-gcc, r-devel-linux-x86_64-fedora-clang, r-devel-linux-x86_64-fedora-gcc, r-devel-macos-arm64, r-devel-macos-x86_64, r-devel-windows-x86_64, r-patched-linux-x86_64, r-release-linux-x86_64, r-release-macos-arm64, r-release-macos-x86_64, r-release-windows-x86_64
Version: 0.2.0
Check: tests
Result: ERROR
    Running ‘testthat.R’ [2s/3s]
  Running the tests in ‘tests/testthat.R’ failed.
  Complete output:
    > library(testthat)
    > library(shiny.info)
    > 
    > test_check("shiny.info")
    [ FAIL 1 | WARN 0 | SKIP 0 | PASS 24 ]
    
    ══ Failed tests ════════════════════════════════════════════════════════════════
    ── Error ('test-lintr.R:1:1'): (code run outside of `test_that()`) ─────────────
    Error: Function with_defaults was deprecated in lintr version 3.0.0. Use linters_with_defaults or modify_defaults instead.
    Backtrace:
        ▆
     1. └─lintr::with_defaults(...) at test-lintr.R:1:1
     2.   └─lintr:::lintr_deprecated(...)
    
    [ FAIL 1 | WARN 0 | SKIP 0 | PASS 24 ]
    Error: Test failures
    Execution halted
Flavors: r-devel-linux-x86_64-debian-clang, r-patched-linux-x86_64, r-release-linux-x86_64
Version: 0.2.0
Check: tests
Result: ERROR
    Running ‘testthat.R’ [1s/1s]
  Running the tests in ‘tests/testthat.R’ failed.
  Complete output:
    > library(testthat)
    > library(shiny.info)
    > 
    > test_check("shiny.info")
    [ FAIL 1 | WARN 0 | SKIP 0 | PASS 24 ]
    
    ══ Failed tests ════════════════════════════════════════════════════════════════
    ── Error ('test-lintr.R:1:1'): (code run outside of `test_that()`) ─────────────
    Error: Function with_defaults was deprecated in lintr version 3.0.0. Use linters_with_defaults or modify_defaults instead.
    Backtrace:
        ▆
     1. └─lintr::with_defaults(...) at test-lintr.R:1:1
     2.   └─lintr:::lintr_deprecated(...)
    
    [ FAIL 1 | WARN 0 | SKIP 0 | PASS 24 ]
    Error: Test failures
    Execution halted
Flavor: r-devel-linux-x86_64-debian-gcc
Version: 0.2.0
Check: tests
Result: ERROR
    Running ‘testthat.R’
  Running the tests in ‘tests/testthat.R’ failed.
  Complete output:
    > library(testthat)
    > library(shiny.info)
    > 
    > test_check("shiny.info")
    [ FAIL 1 | WARN 0 | SKIP 0 | PASS 24 ]
    
    ══ Failed tests ════════════════════════════════════════════════════════════════
    ── Error ('test-lintr.R:1:1'): (code run outside of `test_that()`) ─────────────
    Error: Function with_defaults was deprecated in lintr version 3.0.0. Use linters_with_defaults or modify_defaults instead.
    Backtrace:
        ▆
     1. └─lintr::with_defaults(...) at test-lintr.R:1:1
     2.   └─lintr:::lintr_deprecated(...)
    
    [ FAIL 1 | WARN 0 | SKIP 0 | PASS 24 ]
    Error: Test failures
    Execution halted
Flavors: r-devel-linux-x86_64-fedora-clang, r-devel-linux-x86_64-fedora-gcc
Version: 0.2.0
Check: tests
Result: ERROR
    Running 'testthat.R' [2s]
  Running the tests in 'tests/testthat.R' failed.
  Complete output:
    > library(testthat)
    > library(shiny.info)
    > 
    > test_check("shiny.info")
    [ FAIL 1 | WARN 0 | SKIP 0 | PASS 24 ]
    
    ══ Failed tests ════════════════════════════════════════════════════════════════
    ── Error ('test-lintr.R:1:1'): (code run outside of `test_that()`) ─────────────
    Error: Function with_defaults was deprecated in lintr version 3.0.0. Use linters_with_defaults or modify_defaults instead.
    Backtrace:
        ▆
     1. └─lintr::with_defaults(...) at test-lintr.R:1:1
     2.   └─lintr:::lintr_deprecated(...)
    
    [ FAIL 1 | WARN 0 | SKIP 0 | PASS 24 ]
    Error: Test failures
    Execution halted
Flavors: r-devel-windows-x86_64, r-oldrel-windows-x86_64
Version: 0.2.0
Check: tests
Result: ERROR
    Running 'testthat.R' [1s]
  Running the tests in 'tests/testthat.R' failed.
  Complete output:
    > library(testthat)
    > library(shiny.info)
    > 
    > test_check("shiny.info")
    [ FAIL 1 | WARN 0 | SKIP 0 | PASS 24 ]
    
    ══ Failed tests ════════════════════════════════════════════════════════════════
    ── Error ('test-lintr.R:1:1'): (code run outside of `test_that()`) ─────────────
    Error: Function with_defaults was deprecated in lintr version 3.0.0. Use linters_with_defaults or modify_defaults instead.
    Backtrace:
        ▆
     1. └─lintr::with_defaults(...) at test-lintr.R:1:1
     2.   └─lintr:::lintr_deprecated(...)
    
    [ FAIL 1 | WARN 0 | SKIP 0 | PASS 24 ]
    Error: Test failures
    Execution halted
Flavor: r-release-windows-x86_64