Last updated on 2025-03-24 16:51:44 CET.
| Flavor | Version | Tinstall | Tcheck | Ttotal | Status | Flags | 
|---|---|---|---|---|---|---|
| r-devel-linux-x86_64-debian-clang | 1.3.3 | 1.78 | 24.84 | 26.62 | NOTE | |
| r-devel-linux-x86_64-debian-gcc | 1.3.3 | 1.25 | 19.81 | 21.06 | NOTE | |
| r-devel-linux-x86_64-fedora-clang | 1.3.3 | 44.48 | OK | |||
| r-devel-linux-x86_64-fedora-gcc | 1.3.3 | 55.67 | OK | |||
| r-devel-macos-arm64 | 1.3.3 | 26.00 | OK | |||
| r-devel-macos-x86_64 | 1.3.3 | 48.00 | OK | |||
| r-devel-windows-x86_64 | 1.3.3 | 3.00 | 57.00 | 60.00 | NOTE | |
| r-patched-linux-x86_64 | 1.3.3 | 2.02 | 24.31 | 26.33 | WARN | |
| r-release-linux-x86_64 | 1.3.3 | 2.00 | 23.96 | 25.96 | NOTE | |
| r-release-macos-arm64 | 1.3.3 | 25.00 | NOTE | |||
| r-release-macos-x86_64 | 1.3.3 | 36.00 | NOTE | |||
| r-release-windows-x86_64 | 1.3.3 | 4.00 | 56.00 | 60.00 | NOTE | |
| r-oldrel-macos-arm64 | 1.3.3 | NOTE | ||||
| r-oldrel-macos-x86_64 | 1.3.3 | 31.00 | NOTE | |||
| r-oldrel-windows-x86_64 | 1.3.3 | 4.00 | 56.00 | 60.00 | NOTE | 
Version: 1.3.3
Check: Rd cross-references
Result: NOTE
  Found the following Rd file(s) with Rd \link{} targets missing package
  anchors:
    iact.Rd: multiESS
    mcmcdiag.Rd: multiESS
    metropdir.Rd: multiESS
    metropdir.adapt.Rd: multiESS
    msjd.Rd: multiESS
  Please provide package anchors for all Rd \link{} targets not in the
  package itself and the base packages.
Flavors: r-devel-linux-x86_64-debian-clang, r-devel-linux-x86_64-debian-gcc, r-devel-windows-x86_64, r-patched-linux-x86_64
Version: 1.3.3
Check: whether package can be installed
Result: WARN
  Found the following significant warnings:
    Rd warning: iact.Rd:46: missing link ‘multiESS’
    Rd warning: mcmcdiag.Rd:52: missing link ‘multiESS’
    Rd warning: metropdir.Rd:81: missing link ‘multiESS’
    Rd warning: metropdir.adapt.Rd:75: missing link ‘multiESS’
    Rd warning: msjd.Rd:46: missing link ‘multiESS’
Flavor: r-patched-linux-x86_64
Version: 1.3.3
Check: LazyData
Result: NOTE
    'LazyData' is specified without a 'data' directory
Flavors: r-release-linux-x86_64, r-release-macos-arm64, r-release-macos-x86_64, r-release-windows-x86_64, r-oldrel-macos-arm64, r-oldrel-macos-x86_64, r-oldrel-windows-x86_64
Version: 1.3.3
Check: re-building of vignette outputs
Result: NOTE
  Error(s) in re-building vignettes:
    ...
  --- re-building ‘dirmcmc_vignette.Rnw’ using Sweave
  Error: processing vignette 'dirmcmc_vignette.Rnw' failed with diagnostics:
  Running 'texi2dvi' on 'dirmcmc_vignette.tex' failed.
  LaTeX errors:
  ! LaTeX Error: File `todonotes.sty' not found.
  
  Type X to quit or <RETURN> to proceed,
  or enter new name. (Default extension: sty)
  
  ! Emergency stop.
  <read *> 
           
  l.14 \usepackage
                  {Sweave}^^M
  !  ==> Fatal error occurred, no output PDF file produced!
  --- failed re-building ‘dirmcmc_vignette.Rnw’
  
  SUMMARY: processing the following file failed:
    ‘dirmcmc_vignette.Rnw’
  
  Error: Vignette re-building failed.
  Execution halted
Flavor: r-oldrel-macos-x86_64