Last updated on 2025-03-24 16:51:48 CET.
| Flavor | Version | Tinstall | Tcheck | Ttotal | Status | Flags | 
|---|---|---|---|---|---|---|
| r-devel-linux-x86_64-debian-clang | 0.1.2 | 7.88 | 65.18 | 73.06 | NOTE | |
| r-devel-linux-x86_64-debian-gcc | 0.1.2 | 6.20 | 48.76 | 54.96 | NOTE | |
| r-devel-linux-x86_64-fedora-clang | 0.1.2 | 113.92 | OK | |||
| r-devel-linux-x86_64-fedora-gcc | 0.1.2 | 107.92 | OK | |||
| r-devel-macos-arm64 | 0.1.2 | 37.00 | OK | |||
| r-devel-macos-x86_64 | 0.1.2 | 67.00 | OK | |||
| r-devel-windows-x86_64 | 0.1.2 | 9.00 | 80.00 | 89.00 | NOTE | |
| r-patched-linux-x86_64 | 0.1.2 | 7.65 | 63.66 | 71.31 | WARN | |
| r-release-linux-x86_64 | 0.1.2 | 7.43 | 63.52 | 70.95 | OK | |
| r-release-macos-arm64 | 0.1.2 | 35.00 | OK | |||
| r-release-macos-x86_64 | 0.1.2 | 62.00 | OK | |||
| r-release-windows-x86_64 | 0.1.2 | 8.00 | 82.00 | 90.00 | OK | |
| r-oldrel-macos-arm64 | 0.1.2 | OK | ||||
| r-oldrel-macos-x86_64 | 0.1.2 | 59.00 | OK | |||
| r-oldrel-windows-x86_64 | 0.1.2 | 11.00 | 98.00 | 109.00 | OK | 
Version: 0.1.2
Check: Rd cross-references
Result: NOTE
  Found the following Rd file(s) with Rd \link{} targets missing package
  anchors:
    gstudy.Rd: lmer
  Please provide package anchors for all Rd \link{} targets not in the
  package itself and the base packages.
Flavors: r-devel-linux-x86_64-debian-clang, r-devel-linux-x86_64-debian-gcc, r-devel-windows-x86_64, r-patched-linux-x86_64
Version: 0.1.2
Check: whether package can be installed
Result: WARN
  Found the following significant warnings:
    Rd warning: gstudy.Rd:24: missing link ‘lmer’
    Rd warning: gstudy.Rd:26: missing link ‘lmer’
    Rd warning: gstudy.Rd:32: missing link ‘lmer’
Flavor: r-patched-linux-x86_64