Last updated on 2025-04-19 07:49:16 CEST.
| Flavor | Version | Tinstall | Tcheck | Ttotal | Status | Flags | 
|---|---|---|---|---|---|---|
| r-devel-linux-x86_64-debian-clang | 0.1.2 | 3.51 | 57.49 | 61.00 | ERROR | |
| r-devel-linux-x86_64-debian-gcc | 0.1.2 | 2.86 | 44.99 | 47.85 | ERROR | |
| r-devel-linux-x86_64-fedora-clang | 0.1.2 | 102.01 | ERROR | |||
| r-devel-linux-x86_64-fedora-gcc | 0.1.2 | 115.49 | ERROR | |||
| r-devel-windows-x86_64 | 0.1.2 | 6.00 | 89.00 | 95.00 | ERROR | |
| r-patched-linux-x86_64 | 0.1.2 | 4.27 | 57.06 | 61.33 | ERROR | |
| r-release-linux-x86_64 | 0.1.2 | 3.48 | 55.83 | 59.31 | ERROR | |
| r-release-macos-arm64 | 0.1.2 | 47.00 | ERROR | |||
| r-release-macos-x86_64 | 0.1.2 | 103.00 | OK | |||
| r-release-windows-x86_64 | 0.1.2 | 6.00 | 86.00 | 92.00 | ERROR | |
| r-oldrel-macos-arm64 | 0.1.2 | 46.00 | OK | |||
| r-oldrel-macos-x86_64 | 0.1.2 | 89.00 | OK | |||
| r-oldrel-windows-x86_64 | 0.1.2 | 7.00 | 103.00 | 110.00 | ERROR | 
Version: 0.1.2
Check: re-building of vignette outputs
Result: ERROR
  Error(s) in re-building vignettes:
    ...
  --- re-building ‘hacksig.Rmd’ using rmarkdown
  
  Quitting from hacksig.Rmd:215-225 [unnamed-chunk-19]
  ~~~~~~~~~~~~~~~~~~~~~~~~~~~~~~~~~~~~~~~~~~~~~~~~~~~~~~~~~~~~~~~~~~~~~~~~~~~~~~~~
  <error/rlang_error>
  Error in `msigdbr()`:
  ! Unknown subcollection.
  ---
  Backtrace:
      ▆
   1. ├─... %>% deframe()
   2. ├─tibble::deframe(.)
   3. ├─dplyr::mutate(., genes = map(genes, compose(as_vector, unname)))
   4. ├─tidyr::nest(., genes = c(gene_symbol))
   5. ├─dplyr::distinct(., gs_name, gene_symbol)
   6. └─msigdbr::msigdbr(species = "Homo sapiens", subcategory = "KEGG")
  ~~~~~~~~~~~~~~~~~~~~~~~~~~~~~~~~~~~~~~~~~~~~~~~~~~~~~~~~~~~~~~~~~~~~~~~~~~~~~~~~
  
  Error: processing vignette 'hacksig.Rmd' failed with diagnostics:
  Unknown subcollection.
  --- failed re-building ‘hacksig.Rmd’
  
  SUMMARY: processing the following file failed:
    ‘hacksig.Rmd’
  
  Error: Vignette re-building failed.
  Execution halted
Flavors: r-devel-linux-x86_64-debian-clang, r-devel-linux-x86_64-debian-gcc, r-patched-linux-x86_64, r-release-linux-x86_64
Version: 0.1.2
Check: re-building of vignette outputs
Result: ERROR
  Error(s) in re-building vignettes:
  --- re-building ‘hacksig.Rmd’ using rmarkdown
  
  Quitting from hacksig.Rmd:215-225 [unnamed-chunk-19]
  ~~~~~~~~~~~~~~~~~~~~~~~~~~~~~~~~~~~~~~~~~~~~~~~~~~~~~~~~~~~~~~~~~~~~~~~~~~~~~~~~
  <error/rlang_error>
  Error in `msigdbr()`:
  ! Unknown subcollection.
  ---
  Backtrace:
      ▆
   1. ├─... %>% deframe()
   2. ├─tibble::deframe(.)
   3. ├─dplyr::mutate(., genes = map(genes, compose(as_vector, unname)))
   4. ├─tidyr::nest(., genes = c(gene_symbol))
   5. ├─dplyr::distinct(., gs_name, gene_symbol)
   6. └─msigdbr::msigdbr(species = "Homo sapiens", subcategory = "KEGG")
  ~~~~~~~~~~~~~~~~~~~~~~~~~~~~~~~~~~~~~~~~~~~~~~~~~~~~~~~~~~~~~~~~~~~~~~~~~~~~~~~~
  
  Error: processing vignette 'hacksig.Rmd' failed with diagnostics:
  Unknown subcollection.
  --- failed re-building ‘hacksig.Rmd’
  
  SUMMARY: processing the following file failed:
    ‘hacksig.Rmd’
  
  Error: Vignette re-building failed.
  Execution halted
Flavors: r-devel-linux-x86_64-fedora-clang, r-devel-linux-x86_64-fedora-gcc, r-devel-windows-x86_64, r-release-macos-arm64, r-release-windows-x86_64, r-oldrel-windows-x86_64