Last updated on 2025-04-28 07:50:05 CEST.
| Flavor | Version | Tinstall | Tcheck | Ttotal | Status | Flags | 
|---|---|---|---|---|---|---|
| r-devel-linux-x86_64-debian-clang | 1.1.4 | 7.18 | 58.03 | 65.21 | ERROR | |
| r-devel-linux-x86_64-debian-gcc | 1.1.4 | 5.24 | 42.33 | 47.57 | ERROR | |
| r-devel-linux-x86_64-fedora-clang | 1.1.4 | 107.31 | ERROR | |||
| r-devel-linux-x86_64-fedora-gcc | 1.1.4 | 105.77 | ERROR | |||
| r-devel-windows-x86_64 | 1.1.4 | 10.00 | 86.00 | 96.00 | ERROR | |
| r-patched-linux-x86_64 | 1.1.4 | 6.92 | 53.89 | 60.81 | ERROR | |
| r-release-linux-x86_64 | 1.1.4 | 7.13 | 53.81 | 60.94 | ERROR | |
| r-release-macos-arm64 | 1.1.4 | 101.00 | OK | |||
| r-release-macos-x86_64 | 1.1.4 | 103.00 | OK | |||
| r-release-windows-x86_64 | 1.1.4 | 12.00 | 76.00 | 88.00 | ERROR | |
| r-oldrel-macos-arm64 | 1.1.4 | 97.00 | OK | |||
| r-oldrel-macos-x86_64 | 1.1.4 | 121.00 | OK | |||
| r-oldrel-windows-x86_64 | 1.1.4 | 12.00 | 100.00 | 112.00 | ERROR | 
Version: 1.1.4
Check: examples
Result: ERROR
  Running examples in ‘rusquant-Ex.R’ failed
  The error most likely occurred in:
  
  > base::assign(".ptime", proc.time(), pos = "CheckExEnv")
  > ### Name: getSymbols.Moex
  > ### Title: Get financial data from MOEX Exchange
  > ### Aliases: getSymbols.Moex
  > 
  > ### ** Examples
  > 
  > data <- getSymbols.Moex('GAZP', from='2022-01-01', to='2022-01-10', period='day', auto.assign=FALSE)
  Error in if (engine == "stock" & market != "bonds") market <- "shares" : 
    missing value where TRUE/FALSE needed
  Calls: getSymbols.Moex
  Execution halted
  Examples with CPU (user + system) or elapsed time > 5s
                       user system elapsed
  getSymbols.Gigapack 0.097  0.004   5.489
Flavor: r-devel-linux-x86_64-debian-clang
Version: 1.1.4
Check: examples
Result: ERROR
  Running examples in ‘rusquant-Ex.R’ failed
  The error most likely occurred in:
  
  > base::assign(".ptime", proc.time(), pos = "CheckExEnv")
  > ### Name: getSymbols.Moex
  > ### Title: Get financial data from MOEX Exchange
  > ### Aliases: getSymbols.Moex
  > 
  > ### ** Examples
  > 
  > data <- getSymbols.Moex('GAZP', from='2022-01-01', to='2022-01-10', period='day', auto.assign=FALSE)
  Error in if (engine == "stock" & market != "bonds") market <- "shares" : 
    missing value where TRUE/FALSE needed
  Calls: getSymbols.Moex
  Execution halted
  Examples with CPU (user + system) or elapsed time > 5s
                       user system elapsed
  getSymbols.Gigapack 0.025  0.001   5.162
Flavor: r-devel-linux-x86_64-debian-gcc
Version: 1.1.4
Check: examples
Result: ERROR
  Running examples in ‘rusquant-Ex.R’ failed
  The error most likely occurred in:
  
  > ### Name: getSymbols.Moex
  > ### Title: Get financial data from MOEX Exchange
  > ### Aliases: getSymbols.Moex
  > 
  > ### ** Examples
  > 
  > data <- getSymbols.Moex('GAZP', from='2022-01-01', to='2022-01-10', period='day', auto.assign=FALSE)
  Error in if (engine == "stock" & market != "bonds") market <- "shares" : 
    missing value where TRUE/FALSE needed
  Calls: getSymbols.Moex
  Execution halted
Flavors: r-devel-linux-x86_64-fedora-clang, r-devel-linux-x86_64-fedora-gcc, r-devel-windows-x86_64, r-oldrel-windows-x86_64
Version: 1.1.4
Check: examples
Result: ERROR
  Running examples in ‘rusquant-Ex.R’ failed
  The error most likely occurred in:
  
  > base::assign(".ptime", proc.time(), pos = "CheckExEnv")
  > ### Name: getIPO
  > ### Title: Get IPO calendar data from Investing.com
  > ### Aliases: getIPO
  > 
  > ### ** Examples
  > 
  > getIPO(from=Sys.Date(),to=Sys.Date()+3)
  Error in getIPO(from = Sys.Date(), to = Sys.Date() + 3) : 
    object 'Records' not found
  Execution halted
Flavors: r-patched-linux-x86_64, r-release-linux-x86_64
Version: 1.1.4
Check: examples
Result: ERROR
  Running examples in 'rusquant-Ex.R' failed
  The error most likely occurred in:
  
  > ### Name: getIPO
  > ### Title: Get IPO calendar data from Investing.com
  > ### Aliases: getIPO
  > 
  > ### ** Examples
  > 
  > getIPO(from=Sys.Date(),to=Sys.Date()+3)
  Error in getIPO(from = Sys.Date(), to = Sys.Date() + 3) : 
    object 'Records' not found
  Execution halted
Flavor: r-release-windows-x86_64