Last updated on 2025-04-29 17:51:42 CEST.
| Flavor | Version | Tinstall | Tcheck | Ttotal | Status | Flags | 
|---|---|---|---|---|---|---|
| r-devel-linux-x86_64-debian-clang | 1.5 | 10.23 | 96.78 | 107.01 | NOTE | |
| r-devel-linux-x86_64-debian-gcc | 1.5 | 6.86 | 67.29 | 74.15 | NOTE | |
| r-devel-linux-x86_64-fedora-clang | 1.5 | 167.24 | NOTE | |||
| r-devel-linux-x86_64-fedora-gcc | 1.5 | 165.33 | NOTE | |||
| r-devel-windows-x86_64 | 1.5 | 14.00 | 133.00 | 147.00 | NOTE | |
| r-patched-linux-x86_64 | 1.5 | 10.43 | 94.40 | 104.83 | NOTE | |
| r-release-linux-x86_64 | 1.5 | 10.26 | 92.10 | 102.36 | NOTE | |
| r-release-macos-arm64 | 1.5 | 57.00 | NOTE | |||
| r-release-macos-x86_64 | 1.5 | 97.00 | NOTE | |||
| r-release-windows-x86_64 | 1.5 | 13.00 | 138.00 | 151.00 | NOTE | |
| r-oldrel-macos-arm64 | 1.5 | 52.00 | OK | |||
| r-oldrel-macos-x86_64 | 1.5 | 76.00 | OK | |||
| r-oldrel-windows-x86_64 | 1.5 | 15.00 | 161.00 | 176.00 | OK | 
Version: 1.5
Check: differences from ‘PRSim-Ex.Rout’ to ‘PRSim-Ex.Rout.save’
Result: NOTE
  47c47
  < This is mgcv 1.9-3. For overview type 'help("mgcv-package")'.
  ---
  > This is mgcv 1.9-1. For overview type 'help("mgcv-package")'.
Flavors: r-devel-linux-x86_64-debian-clang, r-devel-linux-x86_64-debian-gcc, r-devel-linux-x86_64-fedora-clang, r-devel-linux-x86_64-fedora-gcc, r-devel-windows-x86_64, r-patched-linux-x86_64, r-release-linux-x86_64, r-release-windows-x86_64
Version: 1.5
Check: tests
Result: NOTE
    Running ‘basic.R’ [31s/41s]
    Comparing ‘basic.Rout’ to ‘basic.Rout.save’ ...34c34
  < This is mgcv 1.9-3. For overview type 'help("mgcv-package")'.
  ---
  > This is mgcv 1.9-1. For overview type 'help("mgcv-package")'.
  294,307c294,307
  <       YYYY         MM          DD      timestamp           Qobs   deseaonalized
  <  Min.   :0   Min.   :0   Min.   :0   Min.   :0 secs   Min.   :0   Min.   :0    
  <  1st Qu.:0   1st Qu.:0   1st Qu.:0   1st Qu.:0 secs   1st Qu.:0   1st Qu.:0    
  <  Median :0   Median :0   Median :0   Median :0 secs   Median :0   Median :0    
  <  Mean   :0   Mean   :0   Mean   :0   Mean   :0 secs   Mean   :0   Mean   :0    
  <  3rd Qu.:0   3rd Qu.:0   3rd Qu.:0   3rd Qu.:0 secs   3rd Qu.:0   3rd Qu.:0    
  <  Max.   :0   Max.   :0   Max.   :0   Max.   :0 secs   Max.   :0   Max.   :0    
  <        r1   
  <  Min.   :0  
  <  1st Qu.:0  
  <  Median :0  
  <  Mean   :0  
  <  3rd Qu.:0  
  <  Max.   :0  
  ---
  >       YYYY         MM          DD     timestamp             Qobs  
  >  Min.   :0   Min.   :0   Min.   :0   Length:1825       Min.   :0  
  >  1st Qu.:0   1st Qu.:0   1st Qu.:0   Class :difftime   1st Qu.:0  
  >  Median :0   Median :0   Median :0   Mode  :numeric    Median :0  
  >  Mean   :0   Mean   :0   Mean   :0                     Mean   :0  
  >  3rd Qu.:0   3rd Qu.:0   3rd Qu.:0                     3rd Qu.:0  
  >  Max.   :0   Max.   :0   Max.   :0                     Max.   :0  
  >  deseaonalized       r1   
  >  Min.   :0     Min.   :0  
  >  1st Qu.:0     1st Qu.:0  
  >  Median :0     Median :0  
  >  Mean   :0     Mean   :0  
  >  3rd Qu.:0     3rd Qu.:0  
  >  Max.   :0     Max.   :0
Flavor: r-devel-linux-x86_64-debian-clang
Version: 1.5
Check: tests
Result: NOTE
    Running ‘basic.R’ [21s/23s]
    Comparing ‘basic.Rout’ to ‘basic.Rout.save’ ...34c34
  < This is mgcv 1.9-3. For overview type 'help("mgcv-package")'.
  ---
  > This is mgcv 1.9-1. For overview type 'help("mgcv-package")'.
  294,307c294,307
  <       YYYY         MM          DD      timestamp           Qobs   deseaonalized
  <  Min.   :0   Min.   :0   Min.   :0   Min.   :0 secs   Min.   :0   Min.   :0    
  <  1st Qu.:0   1st Qu.:0   1st Qu.:0   1st Qu.:0 secs   1st Qu.:0   1st Qu.:0    
  <  Median :0   Median :0   Median :0   Median :0 secs   Median :0   Median :0    
  <  Mean   :0   Mean   :0   Mean   :0   Mean   :0 secs   Mean   :0   Mean   :0    
  <  3rd Qu.:0   3rd Qu.:0   3rd Qu.:0   3rd Qu.:0 secs   3rd Qu.:0   3rd Qu.:0    
  <  Max.   :0   Max.   :0   Max.   :0   Max.   :0 secs   Max.   :0   Max.   :0    
  <        r1   
  <  Min.   :0  
  <  1st Qu.:0  
  <  Median :0  
  <  Mean   :0  
  <  3rd Qu.:0  
  <  Max.   :0  
  ---
  >       YYYY         MM          DD     timestamp             Qobs  
  >  Min.   :0   Min.   :0   Min.   :0   Length:1825       Min.   :0  
  >  1st Qu.:0   1st Qu.:0   1st Qu.:0   Class :difftime   1st Qu.:0  
  >  Median :0   Median :0   Median :0   Mode  :numeric    Median :0  
  >  Mean   :0   Mean   :0   Mean   :0                     Mean   :0  
  >  3rd Qu.:0   3rd Qu.:0   3rd Qu.:0                     3rd Qu.:0  
  >  Max.   :0   Max.   :0   Max.   :0                     Max.   :0  
  >  deseaonalized       r1   
  >  Min.   :0     Min.   :0  
  >  1st Qu.:0     1st Qu.:0  
  >  Median :0     Median :0  
  >  Mean   :0     Mean   :0  
  >  3rd Qu.:0     3rd Qu.:0  
  >  Max.   :0     Max.   :0
Flavor: r-devel-linux-x86_64-debian-gcc
Version: 1.5
Check: tests
Result: NOTE
    Running ‘basic.R’ [49s/61s]
    Comparing ‘basic.Rout’ to ‘basic.Rout.save’ ...34c34
  < This is mgcv 1.9-3. For overview type 'help("mgcv-package")'.
  ---
  > This is mgcv 1.9-1. For overview type 'help("mgcv-package")'.
  294,307c294,307
  <       YYYY         MM          DD      timestamp           Qobs   deseaonalized
  <  Min.   :0   Min.   :0   Min.   :0   Min.   :0 secs   Min.   :0   Min.   :0    
  <  1st Qu.:0   1st Qu.:0   1st Qu.:0   1st Qu.:0 secs   1st Qu.:0   1st Qu.:0    
  <  Median :0   Median :0   Median :0   Median :0 secs   Median :0   Median :0    
  <  Mean   :0   Mean   :0   Mean   :0   Mean   :0 secs   Mean   :0   Mean   :0    
  <  3rd Qu.:0   3rd Qu.:0   3rd Qu.:0   3rd Qu.:0 secs   3rd Qu.:0   3rd Qu.:0    
  <  Max.   :0   Max.   :0   Max.   :0   Max.   :0 secs   Max.   :0   Max.   :0    
  <        r1   
  <  Min.   :0  
  <  1st Qu.:0  
  <  Median :0  
  <  Mean   :0  
  <  3rd Qu.:0  
  <  Max.   :0  
  ---
  >       YYYY         MM          DD     timestamp             Qobs  
  >  Min.   :0   Min.   :0   Min.   :0   Length:1825       Min.   :0  
  >  1st Qu.:0   1st Qu.:0   1st Qu.:0   Class :difftime   1st Qu.:0  
  >  Median :0   Median :0   Median :0   Mode  :numeric    Median :0  
  >  Mean   :0   Mean   :0   Mean   :0                     Mean   :0  
  >  3rd Qu.:0   3rd Qu.:0   3rd Qu.:0                     3rd Qu.:0  
  >  Max.   :0   Max.   :0   Max.   :0                     Max.   :0  
  >  deseaonalized       r1   
  >  Min.   :0     Min.   :0  
  >  1st Qu.:0     1st Qu.:0  
  >  Median :0     Median :0  
  >  Mean   :0     Mean   :0  
  >  3rd Qu.:0     3rd Qu.:0  
  >  Max.   :0     Max.   :0
Flavor: r-devel-linux-x86_64-fedora-clang
Version: 1.5
Check: tests
Result: NOTE
    Running ‘basic.R’ [52s/73s]
    Comparing ‘basic.Rout’ to ‘basic.Rout.save’ ...34c34
  < This is mgcv 1.9-3. For overview type 'help("mgcv-package")'.
  ---
  > This is mgcv 1.9-1. For overview type 'help("mgcv-package")'.
  294,307c294,307
  <       YYYY         MM          DD      timestamp           Qobs   deseaonalized
  <  Min.   :0   Min.   :0   Min.   :0   Min.   :0 secs   Min.   :0   Min.   :0    
  <  1st Qu.:0   1st Qu.:0   1st Qu.:0   1st Qu.:0 secs   1st Qu.:0   1st Qu.:0    
  <  Median :0   Median :0   Median :0   Median :0 secs   Median :0   Median :0    
  <  Mean   :0   Mean   :0   Mean   :0   Mean   :0 secs   Mean   :0   Mean   :0    
  <  3rd Qu.:0   3rd Qu.:0   3rd Qu.:0   3rd Qu.:0 secs   3rd Qu.:0   3rd Qu.:0    
  <  Max.   :0   Max.   :0   Max.   :0   Max.   :0 secs   Max.   :0   Max.   :0    
  <        r1   
  <  Min.   :0  
  <  1st Qu.:0  
  <  Median :0  
  <  Mean   :0  
  <  3rd Qu.:0  
  <  Max.   :0  
  ---
  >       YYYY         MM          DD     timestamp             Qobs  
  >  Min.   :0   Min.   :0   Min.   :0   Length:1825       Min.   :0  
  >  1st Qu.:0   1st Qu.:0   1st Qu.:0   Class :difftime   1st Qu.:0  
  >  Median :0   Median :0   Median :0   Mode  :numeric    Median :0  
  >  Mean   :0   Mean   :0   Mean   :0                     Mean   :0  
  >  3rd Qu.:0   3rd Qu.:0   3rd Qu.:0                     3rd Qu.:0  
  >  Max.   :0   Max.   :0   Max.   :0                     Max.   :0  
  >  deseaonalized       r1   
  >  Min.   :0     Min.   :0  
  >  1st Qu.:0     1st Qu.:0  
  >  Median :0     Median :0  
  >  Mean   :0     Mean   :0  
  >  3rd Qu.:0     3rd Qu.:0  
  >  Max.   :0     Max.   :0
Flavor: r-devel-linux-x86_64-fedora-gcc
Version: 1.5
Check: tests
Result: NOTE
    Running 'basic.R' [50s]
    Comparing 'basic.Rout' to 'basic.Rout.save' ...34c34
  < This is mgcv 1.9-3. For overview type 'help("mgcv-package")'.
  ---
  > This is mgcv 1.9-1. For overview type 'help("mgcv-package")'.
  294,307c294,307
  <       YYYY         MM          DD      timestamp           Qobs   deseaonalized
  <  Min.   :0   Min.   :0   Min.   :0   Min.   :0 secs   Min.   :0   Min.   :0    
  <  1st Qu.:0   1st Qu.:0   1st Qu.:0   1st Qu.:0 secs   1st Qu.:0   1st Qu.:0    
  <  Median :0   Median :0   Median :0   Median :0 secs   Median :0   Median :0    
  <  Mean   :0   Mean   :0   Mean   :0   Mean   :0 secs   Mean   :0   Mean   :0    
  <  3rd Qu.:0   3rd Qu.:0   3rd Qu.:0   3rd Qu.:0 secs   3rd Qu.:0   3rd Qu.:0    
  <  Max.   :0   Max.   :0   Max.   :0   Max.   :0 secs   Max.   :0   Max.   :0    
  <        r1   
  <  Min.   :0  
  <  1st Qu.:0  
  <  Median :0  
  <  Mean   :0  
  <  3rd Qu.:0  
  <  Max.   :0  
  ---
  >       YYYY         MM          DD     timestamp             Qobs  
  >  Min.   :0   Min.   :0   Min.   :0   Length:1825       Min.   :0  
  >  1st Qu.:0   1st Qu.:0   1st Qu.:0   Class :difftime   1st Qu.:0  
  >  Median :0   Median :0   Median :0   Mode  :numeric    Median :0  
  >  Mean   :0   Mean   :0   Mean   :0                     Mean   :0  
  >  3rd Qu.:0   3rd Qu.:0   3rd Qu.:0                     3rd Qu.:0  
  >  Max.   :0   Max.   :0   Max.   :0                     Max.   :0  
  >  deseaonalized       r1   
  >  Min.   :0     Min.   :0  
  >  1st Qu.:0     1st Qu.:0  
  >  Median :0     Median :0  
  >  Mean   :0     Mean   :0  
  >  3rd Qu.:0     3rd Qu.:0  
  >  Max.   :0     Max.   :0
Flavor: r-devel-windows-x86_64
Version: 1.5
Check: tests
Result: NOTE
    Running ‘basic.R’ [32s/39s]
    Comparing ‘basic.Rout’ to ‘basic.Rout.save’ ...34c34
  < This is mgcv 1.9-3. For overview type 'help("mgcv-package")'.
  ---
  > This is mgcv 1.9-1. For overview type 'help("mgcv-package")'.
  294,307c294,307
  <       YYYY         MM          DD      timestamp           Qobs   deseaonalized
  <  Min.   :0   Min.   :0   Min.   :0   Min.   :0 secs   Min.   :0   Min.   :0    
  <  1st Qu.:0   1st Qu.:0   1st Qu.:0   1st Qu.:0 secs   1st Qu.:0   1st Qu.:0    
  <  Median :0   Median :0   Median :0   Median :0 secs   Median :0   Median :0    
  <  Mean   :0   Mean   :0   Mean   :0   Mean   :0 secs   Mean   :0   Mean   :0    
  <  3rd Qu.:0   3rd Qu.:0   3rd Qu.:0   3rd Qu.:0 secs   3rd Qu.:0   3rd Qu.:0    
  <  Max.   :0   Max.   :0   Max.   :0   Max.   :0 secs   Max.   :0   Max.   :0    
  <        r1   
  <  Min.   :0  
  <  1st Qu.:0  
  <  Median :0  
  <  Mean   :0  
  <  3rd Qu.:0  
  <  Max.   :0  
  ---
  >       YYYY         MM          DD     timestamp             Qobs  
  >  Min.   :0   Min.   :0   Min.   :0   Length:1825       Min.   :0  
  >  1st Qu.:0   1st Qu.:0   1st Qu.:0   Class :difftime   1st Qu.:0  
  >  Median :0   Median :0   Median :0   Mode  :numeric    Median :0  
  >  Mean   :0   Mean   :0   Mean   :0                     Mean   :0  
  >  3rd Qu.:0   3rd Qu.:0   3rd Qu.:0                     3rd Qu.:0  
  >  Max.   :0   Max.   :0   Max.   :0                     Max.   :0  
  >  deseaonalized       r1   
  >  Min.   :0     Min.   :0  
  >  1st Qu.:0     1st Qu.:0  
  >  Median :0     Median :0  
  >  Mean   :0     Mean   :0  
  >  3rd Qu.:0     3rd Qu.:0  
  >  Max.   :0     Max.   :0
Flavor: r-patched-linux-x86_64
Version: 1.5
Check: tests
Result: NOTE
    Running ‘basic.R’ [30s/37s]
    Comparing ‘basic.Rout’ to ‘basic.Rout.save’ ...34c34
  < This is mgcv 1.9-3. For overview type 'help("mgcv-package")'.
  ---
  > This is mgcv 1.9-1. For overview type 'help("mgcv-package")'.
  294,307c294,307
  <       YYYY         MM          DD      timestamp           Qobs   deseaonalized
  <  Min.   :0   Min.   :0   Min.   :0   Min.   :0 secs   Min.   :0   Min.   :0    
  <  1st Qu.:0   1st Qu.:0   1st Qu.:0   1st Qu.:0 secs   1st Qu.:0   1st Qu.:0    
  <  Median :0   Median :0   Median :0   Median :0 secs   Median :0   Median :0    
  <  Mean   :0   Mean   :0   Mean   :0   Mean   :0 secs   Mean   :0   Mean   :0    
  <  3rd Qu.:0   3rd Qu.:0   3rd Qu.:0   3rd Qu.:0 secs   3rd Qu.:0   3rd Qu.:0    
  <  Max.   :0   Max.   :0   Max.   :0   Max.   :0 secs   Max.   :0   Max.   :0    
  <        r1   
  <  Min.   :0  
  <  1st Qu.:0  
  <  Median :0  
  <  Mean   :0  
  <  3rd Qu.:0  
  <  Max.   :0  
  ---
  >       YYYY         MM          DD     timestamp             Qobs  
  >  Min.   :0   Min.   :0   Min.   :0   Length:1825       Min.   :0  
  >  1st Qu.:0   1st Qu.:0   1st Qu.:0   Class :difftime   1st Qu.:0  
  >  Median :0   Median :0   Median :0   Mode  :numeric    Median :0  
  >  Mean   :0   Mean   :0   Mean   :0                     Mean   :0  
  >  3rd Qu.:0   3rd Qu.:0   3rd Qu.:0                     3rd Qu.:0  
  >  Max.   :0   Max.   :0   Max.   :0                     Max.   :0  
  >  deseaonalized       r1   
  >  Min.   :0     Min.   :0  
  >  1st Qu.:0     1st Qu.:0  
  >  Median :0     Median :0  
  >  Mean   :0     Mean   :0  
  >  3rd Qu.:0     3rd Qu.:0  
  >  Max.   :0     Max.   :0
Flavor: r-release-linux-x86_64
Version: 1.5
Check: tests
Result: NOTE
    Running ‘basic.R’ [14s/17s]
    Comparing ‘basic.Rout’ to ‘basic.Rout.save’ ...294,307c294,307
  <       YYYY         MM          DD      timestamp           Qobs   deseaonalized
  <  Min.   :0   Min.   :0   Min.   :0   Min.   :0 secs   Min.   :0   Min.   :0    
  <  1st Qu.:0   1st Qu.:0   1st Qu.:0   1st Qu.:0 secs   1st Qu.:0   1st Qu.:0    
  <  Median :0   Median :0   Median :0   Median :0 secs   Median :0   Median :0    
  <  Mean   :0   Mean   :0   Mean   :0   Mean   :0 secs   Mean   :0   Mean   :0    
  <  3rd Qu.:0   3rd Qu.:0   3rd Qu.:0   3rd Qu.:0 secs   3rd Qu.:0   3rd Qu.:0    
  <  Max.   :0   Max.   :0   Max.   :0   Max.   :0 secs   Max.   :0   Max.   :0    
  <        r1   
  <  Min.   :0  
  <  1st Qu.:0  
  <  Median :0  
  <  Mean   :0  
  <  3rd Qu.:0  
  <  Max.   :0  
  ---
  >       YYYY         MM          DD     timestamp             Qobs  
  >  Min.   :0   Min.   :0   Min.   :0   Length:1825       Min.   :0  
  >  1st Qu.:0   1st Qu.:0   1st Qu.:0   Class :difftime   1st Qu.:0  
  >  Median :0   Median :0   Median :0   Mode  :numeric    Median :0  
  >  Mean   :0   Mean   :0   Mean   :0                     Mean   :0  
  >  3rd Qu.:0   3rd Qu.:0   3rd Qu.:0                     3rd Qu.:0  
  >  Max.   :0   Max.   :0   Max.   :0                     Max.   :0  
  >  deseaonalized       r1   
  >  Min.   :0     Min.   :0  
  >  1st Qu.:0     1st Qu.:0  
  >  Median :0     Median :0  
  >  Mean   :0     Mean   :0  
  >  3rd Qu.:0     3rd Qu.:0  
  >  Max.   :0     Max.   :0
Flavor: r-release-macos-arm64
Version: 1.5
Check: tests
Result: NOTE
    Running ‘basic.R’ [22s/32s]
    Comparing ‘basic.Rout’ to ‘basic.Rout.save’ ...294,307c294,307
  <       YYYY         MM          DD      timestamp           Qobs   deseaonalized
  <  Min.   :0   Min.   :0   Min.   :0   Min.   :0 secs   Min.   :0   Min.   :0    
  <  1st Qu.:0   1st Qu.:0   1st Qu.:0   1st Qu.:0 secs   1st Qu.:0   1st Qu.:0    
  <  Median :0   Median :0   Median :0   Median :0 secs   Median :0   Median :0    
  <  Mean   :0   Mean   :0   Mean   :0   Mean   :0 secs   Mean   :0   Mean   :0    
  <  3rd Qu.:0   3rd Qu.:0   3rd Qu.:0   3rd Qu.:0 secs   3rd Qu.:0   3rd Qu.:0    
  <  Max.   :0   Max.   :0   Max.   :0   Max.   :0 secs   Max.   :0   Max.   :0    
  <        r1   
  <  Min.   :0  
  <  1st Qu.:0  
  <  Median :0  
  <  Mean   :0  
  <  3rd Qu.:0  
  <  Max.   :0  
  ---
  >       YYYY         MM          DD     timestamp             Qobs  
  >  Min.   :0   Min.   :0   Min.   :0   Length:1825       Min.   :0  
  >  1st Qu.:0   1st Qu.:0   1st Qu.:0   Class :difftime   1st Qu.:0  
  >  Median :0   Median :0   Median :0   Mode  :numeric    Median :0  
  >  Mean   :0   Mean   :0   Mean   :0                     Mean   :0  
  >  3rd Qu.:0   3rd Qu.:0   3rd Qu.:0                     3rd Qu.:0  
  >  Max.   :0   Max.   :0   Max.   :0                     Max.   :0  
  >  deseaonalized       r1   
  >  Min.   :0     Min.   :0  
  >  1st Qu.:0     1st Qu.:0  
  >  Median :0     Median :0  
  >  Mean   :0     Mean   :0  
  >  3rd Qu.:0     3rd Qu.:0  
  >  Max.   :0     Max.   :0
Flavor: r-release-macos-x86_64
Version: 1.5
Check: tests
Result: NOTE
    Running 'basic.R' [51s]
    Comparing 'basic.Rout' to 'basic.Rout.save' ...34c34
  < This is mgcv 1.9-3. For overview type 'help("mgcv-package")'.
  ---
  > This is mgcv 1.9-1. For overview type 'help("mgcv-package")'.
  294,307c294,307
  <       YYYY         MM          DD      timestamp           Qobs   deseaonalized
  <  Min.   :0   Min.   :0   Min.   :0   Min.   :0 secs   Min.   :0   Min.   :0    
  <  1st Qu.:0   1st Qu.:0   1st Qu.:0   1st Qu.:0 secs   1st Qu.:0   1st Qu.:0    
  <  Median :0   Median :0   Median :0   Median :0 secs   Median :0   Median :0    
  <  Mean   :0   Mean   :0   Mean   :0   Mean   :0 secs   Mean   :0   Mean   :0    
  <  3rd Qu.:0   3rd Qu.:0   3rd Qu.:0   3rd Qu.:0 secs   3rd Qu.:0   3rd Qu.:0    
  <  Max.   :0   Max.   :0   Max.   :0   Max.   :0 secs   Max.   :0   Max.   :0    
  <        r1   
  <  Min.   :0  
  <  1st Qu.:0  
  <  Median :0  
  <  Mean   :0  
  <  3rd Qu.:0  
  <  Max.   :0  
  ---
  >       YYYY         MM          DD     timestamp             Qobs  
  >  Min.   :0   Min.   :0   Min.   :0   Length:1825       Min.   :0  
  >  1st Qu.:0   1st Qu.:0   1st Qu.:0   Class :difftime   1st Qu.:0  
  >  Median :0   Median :0   Median :0   Mode  :numeric    Median :0  
  >  Mean   :0   Mean   :0   Mean   :0                     Mean   :0  
  >  3rd Qu.:0   3rd Qu.:0   3rd Qu.:0                     3rd Qu.:0  
  >  Max.   :0   Max.   :0   Max.   :0                     Max.   :0  
  >  deseaonalized       r1   
  >  Min.   :0     Min.   :0  
  >  1st Qu.:0     1st Qu.:0  
  >  Median :0     Median :0  
  >  Mean   :0     Mean   :0  
  >  3rd Qu.:0     3rd Qu.:0  
  >  Max.   :0     Max.   :0
Flavor: r-release-windows-x86_64