Last updated on 2025-04-30 14:51:48 CEST.
| Flavor | Version | Tinstall | Tcheck | Ttotal | Status | Flags | 
|---|---|---|---|---|---|---|
| r-devel-linux-x86_64-debian-clang | 3.0.0 | 3.02 | 34.10 | 37.12 | NOTE | |
| r-devel-linux-x86_64-debian-gcc | 3.0.0 | 1.97 | 25.11 | 27.08 | NOTE | |
| r-devel-linux-x86_64-fedora-clang | 3.0.0 | 58.17 | NOTE | |||
| r-devel-linux-x86_64-fedora-gcc | 3.0.0 | 56.52 | NOTE | |||
| r-devel-windows-x86_64 | 3.0.0 | 4.00 | 63.00 | 67.00 | NOTE | |
| r-patched-linux-x86_64 | 3.0.0 | 2.53 | 33.30 | 35.83 | NOTE | |
| r-release-linux-x86_64 | 3.0.0 | 2.72 | 32.74 | 35.46 | NOTE | |
| r-release-macos-arm64 | 3.0.0 | 24.00 | NOTE | |||
| r-release-macos-x86_64 | 3.0.0 | 43.00 | NOTE | |||
| r-release-windows-x86_64 | 3.0.0 | 4.00 | 61.00 | 65.00 | NOTE | |
| r-oldrel-macos-arm64 | 3.0.0 | 22.00 | NOTE | |||
| r-oldrel-macos-x86_64 | 3.0.0 | 31.00 | NOTE | |||
| r-oldrel-windows-x86_64 | 3.0.0 | 5.00 | 67.00 | 72.00 | NOTE | 
Version: 3.0.0
Check: CRAN incoming feasibility
Result: NOTE
  Maintainer: ‘Hamed Haselimashhadi <hamedhm@ebi.ac.uk>’
  
  No Authors@R field in DESCRIPTION.
  Please add one, modifying
    Authors@R: person(given = "Hamed",
                      family = "Haselimashhadi",
                      role = c("aut", "cre"),
                      email = "hamedhm@ebi.ac.uk")
  as necessary.
  
  The Description field contains
    <https://www.biorxiv.org/content/10.1101/656678v1>).
  Please use permanent DOI markup for linking to publications as in <doi:prefix/suffix>.
Flavors: r-devel-linux-x86_64-debian-clang, r-devel-linux-x86_64-debian-gcc
Version: 3.0.0
Check: dependencies in R code
Result: NOTE
  There are ::: calls to the package's namespace in its code. A package
    almost never needs to use ::: for its own objects:
    ‘lseq’
Flavors: r-devel-linux-x86_64-debian-clang, r-devel-linux-x86_64-debian-gcc, r-devel-windows-x86_64, r-patched-linux-x86_64, r-release-linux-x86_64, r-release-macos-arm64, r-release-macos-x86_64, r-release-windows-x86_64, r-oldrel-macos-arm64, r-oldrel-macos-x86_64, r-oldrel-windows-x86_64
Version: 3.0.0
Check: dependencies in R code
Result: NOTE
  Namespace in Imports field not imported from: ‘nlme’
    All declared Imports should be used.
  There are ::: calls to the package's namespace in its code. A package
    almost never needs to use ::: for its own objects:
    ‘lseq’
Flavors: r-devel-linux-x86_64-fedora-clang, r-devel-linux-x86_64-fedora-gcc