Last updated on 2025-06-02 10:49:03 CEST.
Flavor | Version | Tinstall | Tcheck | Ttotal | Status | Flags |
---|---|---|---|---|---|---|
r-devel-linux-x86_64-debian-clang | 1.0.1 | 12.67 | 143.35 | 156.02 | NOTE | |
r-devel-linux-x86_64-debian-gcc | 1.0.1 | 7.85 | 100.99 | 108.84 | NOTE | |
r-devel-linux-x86_64-fedora-clang | 1.0.1 | 246.92 | OK | |||
r-devel-linux-x86_64-fedora-gcc | 1.0.1 | 246.27 | OK | |||
r-devel-windows-x86_64 | 1.0.1 | 12.00 | 138.00 | 150.00 | NOTE | |
r-patched-linux-x86_64 | 1.0.1 | 12.04 | 135.38 | 147.42 | NOTE | |
r-release-linux-x86_64 | 1.0.1 | 11.94 | 134.18 | 146.12 | NOTE | |
r-release-macos-arm64 | 1.0.1 | 60.00 | OK | |||
r-release-macos-x86_64 | 1.0.1 | 126.00 | OK | |||
r-release-windows-x86_64 | 1.0.1 | 14.00 | 136.00 | 150.00 | NOTE | |
r-oldrel-macos-arm64 | 1.0.1 | 64.00 | OK | |||
r-oldrel-macos-x86_64 | 1.0.1 | 104.00 | OK | |||
r-oldrel-windows-x86_64 | 1.0.1 | 18.00 | 197.00 | 215.00 | OK |
Version: 1.0.1
Check: Rd cross-references
Result: NOTE
Found the following Rd file(s) with Rd \link{} targets missing package
anchors:
boot.cgaim.Rd: doParallel
Please provide package anchors for all Rd \link{} targets not in the
package itself and the base packages.
Flavors: r-devel-linux-x86_64-debian-clang, r-devel-linux-x86_64-debian-gcc, r-devel-windows-x86_64, r-patched-linux-x86_64, r-release-linux-x86_64, r-release-windows-x86_64