Last updated on 2025-06-02 10:49:23 CEST.
| Flavor | Version | Tinstall | Tcheck | Ttotal | Status | Flags | 
|---|---|---|---|---|---|---|
| r-devel-linux-x86_64-debian-clang | 0.2.0 | 7.45 | 55.12 | 62.57 | NOTE | |
| r-devel-linux-x86_64-debian-gcc | 0.2.0 | 4.50 | 38.38 | 42.88 | NOTE | |
| r-devel-linux-x86_64-fedora-clang | 0.2.0 | 94.06 | NOTE | |||
| r-devel-linux-x86_64-fedora-gcc | 0.2.0 | 89.63 | NOTE | |||
| r-devel-windows-x86_64 | 0.2.0 | 9.00 | 86.00 | 95.00 | OK | |
| r-patched-linux-x86_64 | 0.2.0 | 7.63 | 51.05 | 58.68 | OK | |
| r-release-linux-x86_64 | 0.2.0 | 7.14 | 51.34 | 58.48 | OK | |
| r-release-macos-arm64 | 0.2.0 | 29.00 | OK | |||
| r-release-macos-x86_64 | 0.2.0 | 60.00 | OK | |||
| r-release-windows-x86_64 | 0.2.0 | 10.00 | 74.00 | 84.00 | OK | |
| r-oldrel-macos-arm64 | 0.2.0 | 30.00 | NOTE | |||
| r-oldrel-macos-x86_64 | 0.2.0 | 42.00 | NOTE | |||
| r-oldrel-windows-x86_64 | 0.2.0 | 11.00 | 90.00 | 101.00 | NOTE | 
Version: 0.2.0
Check: CRAN incoming feasibility
Result: NOTE
  Maintainer: ‘Serena Berretta <serena.berretta@ge.imati.cnr.it>’
  
  No Authors@R field in DESCRIPTION.
  Please add one, modifying
    Authors@R: c(person(given = "Serena",
                        family = "Berretta",
                        role = c("aut", "cre"),
                        email = "serena.berretta@ge.imati.cnr.it"),
                 person(given = "Giorgio",
                        family = "Luciano",
                        role = c("aut", "cre")),
                 person(given = c("Kristian", "Hovde"),
                        family = "Liland",
                        role = "ctb"))
  as necessary.
Flavors: r-devel-linux-x86_64-debian-clang, r-devel-linux-x86_64-debian-gcc
Version: 0.2.0
Check: dependencies in R code
Result: NOTE
  Namespaces in Imports field not imported from:
    ‘MASS’ ‘devEMF’ ‘segmented’ ‘smoother’ ‘tools’
    All declared Imports should be used.
Flavors: r-devel-linux-x86_64-fedora-clang, r-devel-linux-x86_64-fedora-gcc
Version: 0.2.0
Check: LazyData
Result: NOTE
    'LazyData' is specified without a 'data' directory
Flavors: r-oldrel-macos-arm64, r-oldrel-macos-x86_64, r-oldrel-windows-x86_64