Last updated on 2025-06-12 08:50:03 CEST.
Flavor | Version | Tinstall | Tcheck | Ttotal | Status | Flags |
---|---|---|---|---|---|---|
r-devel-linux-x86_64-debian-clang | 3.2.4 | 75.99 | 45.34 | 121.33 | NOTE | |
r-devel-linux-x86_64-debian-gcc | 3.2.4 | 53.00 | 35.37 | 88.37 | NOTE | |
r-devel-linux-x86_64-fedora-clang | 3.2.4 | 230.43 | NOTE | |||
r-devel-linux-x86_64-fedora-gcc | 3.2.4 | 229.73 | NOTE | |||
r-devel-windows-x86_64 | 3.2.4 | 89.00 | 91.00 | 180.00 | NOTE | |
r-patched-linux-x86_64 | 3.2.4 | 70.44 | 43.66 | 114.10 | NOTE | |
r-release-linux-x86_64 | 3.2.4 | 72.12 | 43.31 | 115.43 | NOTE | |
r-release-macos-arm64 | 3.2.4 | 66.00 | NOTE | |||
r-release-macos-x86_64 | 3.2.4 | 91.00 | NOTE | |||
r-release-windows-x86_64 | 3.2.4 | 89.00 | 97.00 | 186.00 | NOTE | |
r-oldrel-macos-arm64 | 3.2.4 | 66.00 | NOTE | |||
r-oldrel-macos-x86_64 | 3.2.4 | 85.00 | NOTE | |||
r-oldrel-windows-x86_64 | 3.2.4 | 103.00 | 111.00 | 214.00 | NOTE |
Version: 3.2.4
Check: C++ specification
Result: NOTE
Specified C++11: please drop specification unless essential
Flavors: r-devel-linux-x86_64-debian-clang, r-devel-linux-x86_64-debian-gcc, r-devel-linux-x86_64-fedora-clang, r-devel-linux-x86_64-fedora-gcc, r-devel-windows-x86_64, r-patched-linux-x86_64, r-release-linux-x86_64, r-release-macos-arm64, r-release-macos-x86_64, r-release-windows-x86_64, r-oldrel-macos-arm64, r-oldrel-macos-x86_64, r-oldrel-windows-x86_64
Version: 3.2.4
Check: top-level files
Result: NOTE
possible bashism in configure.ac line 36 (should be 'b = a'):
if test x"${RSysinfoName}" == x"Darwin"; then
possible bashism in configure.ac line 47 (should be 'b = a'):
if test x"${hasOpenMP}" == x""; then
Flavors: r-devel-linux-x86_64-debian-clang, r-devel-linux-x86_64-debian-gcc, r-devel-linux-x86_64-fedora-clang, r-devel-linux-x86_64-fedora-gcc, r-patched-linux-x86_64, r-release-linux-x86_64